{"id":98,"date":"2014-10-21T12:09:09","date_gmt":"2014-10-21T10:09:09","guid":{"rendered":"http:\/\/blogs2.abo.fi\/lumia\/?page_id=98"},"modified":"2017-08-18T13:38:38","modified_gmt":"2017-08-18T13:38:38","slug":"steg9","status":"publish","type":"page","link":"https:\/\/blogs2.abo.fi\/xperia\/steg9\/","title":{"rendered":"Steg 9: Byt Spr\u00e5k"},"content":{"rendered":"<p>Leta reda p\u00e5 applikationen <strong>Settings <a href=\"http:\/\/blogs2.abo.fi\/xperia\/wp-content\/uploads\/sites\/49\/2014\/10\/start-icon-settings_InvariantCulture_Default.png\"><img loading=\"lazy\" decoding=\"async\" class=\"alignnone size-full wp-image-73\" src=\"http:\/\/blogs2.abo.fi\/xperia\/wp-content\/uploads\/sites\/49\/2014\/10\/start-icon-settings_InvariantCulture_Default.png\" alt=\"start-icon-settings_InvariantCulture_Default\" width=\"28\" height=\"28\" \/><\/a><\/strong><\/p>\n<p><a href=\"http:\/\/blogs2.abo.fi\/xperia\/steg9\/screenshot_20170818-162709\/\" rel=\"attachment wp-att-471\"><img loading=\"lazy\" decoding=\"async\" class=\"alignnone wp-image-831 size-medium\" src=\"http:\/\/blogs2.abo.fi\/xperia\/wp-content\/uploads\/sites\/49\/2014\/10\/Screenshot_20170818-162709-169x300.png\" alt=\"\" width=\"169\" height=\"300\" srcset=\"https:\/\/blogs2.abo.fi\/xperia\/wp-content\/uploads\/sites\/49\/2014\/10\/Screenshot_20170818-162709-169x300.png 169w, https:\/\/blogs2.abo.fi\/xperia\/wp-content\/uploads\/sites\/49\/2014\/10\/Screenshot_20170818-162709-768x1365.png 768w, https:\/\/blogs2.abo.fi\/xperia\/wp-content\/uploads\/sites\/49\/2014\/10\/Screenshot_20170818-162709-576x1024.png 576w, https:\/\/blogs2.abo.fi\/xperia\/wp-content\/uploads\/sites\/49\/2014\/10\/Screenshot_20170818-162709.png 1080w\" sizes=\"auto, (max-width: 169px) 100vw, 169px\" \/><\/a><\/p>\n<p>Tryck p\u00e5 <strong>Languages &amp; Input<\/strong><\/p>\n<p>Tryck p\u00e5 ordet <strong>Languages<\/strong> (bild saknas)<\/p>\n<p>Tryck p\u00e5\u00a0 <strong>+ Add a language<\/strong> (bild saknas)<strong><strong><br \/>\n<\/strong><\/strong>Du kan v\u00e4lja flera spr\u00e5k t.ex. <strong>Svenska<\/strong> och <strong>Suomi. <\/strong>Detta kan vara bra eftersom du d\u00e5 f\u00e5r tillg\u00e5ng till stavningskontroll p\u00e5 dessa spr\u00e5k.<strong><br \/>\n<\/strong><\/p>\n<hr \/>\n<p><a title=\"Steg 10: Kom i g\u00e5ng med Windows Phone\" href=\"http:\/\/blogs2.abo.fi\/w10p\/steg10\/\">G\u00e5 vidare till steg 10<\/a><\/p>\n","protected":false},"excerpt":{"rendered":"<p>Leta reda p\u00e5 applikationen Settings Tryck p\u00e5 Languages &amp; Input Tryck p\u00e5 ordet Languages (bild saknas) Tryck p\u00e5\u00a0 + Add a language (bild saknas) Du kan v\u00e4lja flera spr\u00e5k t.ex. Svenska och Suomi. Detta kan vara bra eftersom du d\u00e5 f\u00e5r tillg\u00e5ng till stavningskontroll p\u00e5 dessa spr\u00e5k. G\u00e5 vidare till steg 10<\/p>\n","protected":false},"author":8,"featured_media":0,"parent":0,"menu_order":0,"comment_status":"closed","ping_status":"open","template":"","meta":{"footnotes":""},"class_list":["post-98","page","type-page","status-publish","hentry"],"_links":{"self":[{"href":"https:\/\/blogs2.abo.fi\/xperia\/wp-json\/wp\/v2\/pages\/98","targetHints":{"allow":["GET"]}}],"collection":[{"href":"https:\/\/blogs2.abo.fi\/xperia\/wp-json\/wp\/v2\/pages"}],"about":[{"href":"https:\/\/blogs2.abo.fi\/xperia\/wp-json\/wp\/v2\/types\/page"}],"author":[{"embeddable":true,"href":"https:\/\/blogs2.abo.fi\/xperia\/wp-json\/wp\/v2\/users\/8"}],"replies":[{"embeddable":true,"href":"https:\/\/blogs2.abo.fi\/xperia\/wp-json\/wp\/v2\/comments?post=98"}],"version-history":[{"count":5,"href":"https:\/\/blogs2.abo.fi\/xperia\/wp-json\/wp\/v2\/pages\/98\/revisions"}],"predecessor-version":[{"id":835,"href":"https:\/\/blogs2.abo.fi\/xperia\/wp-json\/wp\/v2\/pages\/98\/revisions\/835"}],"wp:attachment":[{"href":"https:\/\/blogs2.abo.fi\/xperia\/wp-json\/wp\/v2\/media?parent=98"}],"curies":[{"name":"wp","href":"https:\/\/api.w.org\/{rel}","templated":true}]}}