{"id":96,"date":"2014-10-21T12:08:47","date_gmt":"2014-10-21T10:08:47","guid":{"rendered":"http:\/\/blogs2.abo.fi\/lumia\/?page_id=96"},"modified":"2016-11-11T13:49:44","modified_gmt":"2016-11-11T13:49:44","slug":"steg5","status":"publish","type":"page","link":"https:\/\/blogs2.abo.fi\/xperia\/steg5\/","title":{"rendered":"Steg 5: Byt SIM PIN-kod"},"content":{"rendered":"<pre>Du f\u00e5r inte beh\u00e5lla den f\u00f6rvalda koden 1234\r\n\r\nIfall du bara byter telefon men beh\u00e5ller ditt gamla SIM-kort kan du genast g\u00e5\u00a0 <a title=\"Steg 6: Sk\u00e4rml\u00e5s\" href=\"http:\/\/blogs2.abo.fi\/xperia\/steg6\/\">G\u00e5 vidare till steg\u00a06<\/a>\r\n\r\nT\u00e4nk p\u00e5 att om du gl\u00f6mmer din SIM PIN-kod (efter 3 f\u00f6rs\u00f6k) beh\u00f6ver du en <a href=\"http:\/\/sv.wikipedia.org\/wiki\/PUK-kod\" target=\"_blank\">PUK-kod<\/a> f\u00f6r att l\u00e5sa upp PIN-koden.\u00a0PUK-kod f\u00e5r du via Helpdesk: Notera att Helpdesk inte har PUK-koder utan de kontaktar i sin tur ansvariga som ger koden.\r\n\r\nRing Helpdesk 02\u2013215 4777\u00a0eller skicka e-post till telefoni@abo.fi<\/pre>\n<pre style=\"text-align: justify\"><strong>Leta reda p\u00e5 appen\u00a0Settings\u00a0<a href=\"http:\/\/blogs2.abo.fi\/xperia\/wp-content\/uploads\/sites\/49\/2014\/10\/start-icon-settings_InvariantCulture_Default.png\"><img loading=\"lazy\" decoding=\"async\" class=\"size-full wp-image-73 alignnone\" src=\"http:\/\/blogs2.abo.fi\/xperia\/wp-content\/uploads\/sites\/49\/2014\/10\/start-icon-settings_InvariantCulture_Default.png\" alt=\"start-icon-settings_InvariantCulture_Default\" width=\"28\" height=\"28\" \/><\/a><\/strong><\/pre>\n<pre style=\"text-align: justify\"><strong>Settings -<\/strong>\r\n\r\n<a href=\"http:\/\/blogs2.abo.fi\/xperia\/steg5\/screenshot_20161111-145611\/\" rel=\"attachment wp-att-268\"><img loading=\"lazy\" decoding=\"async\" class=\"alignnone wp-image-645 size-medium\" src=\"http:\/\/blogs2.abo.fi\/xperia\/wp-content\/uploads\/sites\/49\/2014\/10\/Screenshot_20161111-145611-169x300.png\" width=\"169\" height=\"300\" srcset=\"https:\/\/blogs2.abo.fi\/xperia\/wp-content\/uploads\/sites\/49\/2014\/10\/Screenshot_20161111-145611-169x300.png 169w, https:\/\/blogs2.abo.fi\/xperia\/wp-content\/uploads\/sites\/49\/2014\/10\/Screenshot_20161111-145611-768x1365.png 768w, https:\/\/blogs2.abo.fi\/xperia\/wp-content\/uploads\/sites\/49\/2014\/10\/Screenshot_20161111-145611-576x1024.png 576w, https:\/\/blogs2.abo.fi\/xperia\/wp-content\/uploads\/sites\/49\/2014\/10\/Screenshot_20161111-145611.png 1080w\" sizes=\"auto, (max-width: 169px) 100vw, 169px\" \/><\/a>\r\nTryck p\u00e5\u00a0<strong>Lock screen &amp; security<\/strong><\/pre>\n<pre><strong>SIM card lock -<\/strong>\r\n\r\n<a href=\"http:\/\/blogs2.abo.fi\/xperia\/steg5\/screenshot_20161111-150046\/\" rel=\"attachment wp-att-472\"><img loading=\"lazy\" decoding=\"async\" class=\"alignnone wp-image-648 size-medium\" src=\"http:\/\/blogs2.abo.fi\/xperia\/wp-content\/uploads\/sites\/49\/2014\/10\/Screenshot_20161111-150046-169x300.png\" width=\"169\" height=\"300\" srcset=\"https:\/\/blogs2.abo.fi\/xperia\/wp-content\/uploads\/sites\/49\/2014\/10\/Screenshot_20161111-150046-169x300.png 169w, https:\/\/blogs2.abo.fi\/xperia\/wp-content\/uploads\/sites\/49\/2014\/10\/Screenshot_20161111-150046-768x1365.png 768w, https:\/\/blogs2.abo.fi\/xperia\/wp-content\/uploads\/sites\/49\/2014\/10\/Screenshot_20161111-150046-576x1024.png 576w, https:\/\/blogs2.abo.fi\/xperia\/wp-content\/uploads\/sites\/49\/2014\/10\/Screenshot_20161111-150046.png 1080w\" sizes=\"auto, (max-width: 169px) 100vw, 169px\" \/><\/a>\r\nTryck p\u00e5 <strong>Set up SIM card lock<\/strong><\/pre>\n<pre>\u00a0<strong>Old SIM Pin -<\/strong>\r\n\r\n<a href=\"http:\/\/blogs2.abo.fi\/xperia\/steg5\/screenshot_20161111-150826\/\" rel=\"attachment wp-att-473\"><img loading=\"lazy\" decoding=\"async\" class=\"alignnone wp-image-650 size-medium\" src=\"http:\/\/blogs2.abo.fi\/xperia\/wp-content\/uploads\/sites\/49\/2014\/10\/Screenshot_20161111-150826-169x300.png\" width=\"169\" height=\"300\" srcset=\"https:\/\/blogs2.abo.fi\/xperia\/wp-content\/uploads\/sites\/49\/2014\/10\/Screenshot_20161111-150826-169x300.png 169w, https:\/\/blogs2.abo.fi\/xperia\/wp-content\/uploads\/sites\/49\/2014\/10\/Screenshot_20161111-150826-768x1365.png 768w, https:\/\/blogs2.abo.fi\/xperia\/wp-content\/uploads\/sites\/49\/2014\/10\/Screenshot_20161111-150826-576x1024.png 576w, https:\/\/blogs2.abo.fi\/xperia\/wp-content\/uploads\/sites\/49\/2014\/10\/Screenshot_20161111-150826.png 1080w\" sizes=\"auto, (max-width: 169px) 100vw, 169px\" \/><\/a>\r\nskriv <strong>1234 <\/strong>(ifall du f\u00e5tt ett nytt SIM-kort)\r\nTryck p\u00e5 <strong>OK<\/strong><\/pre>\n<pre><strong>New SIM Pin -<\/strong>\r\n\r\n<a href=\"http:\/\/blogs2.abo.fi\/xperia\/steg5\/screenshot_20161111-151925\/\" rel=\"attachment wp-att-474\"><img loading=\"lazy\" decoding=\"async\" class=\"alignnone wp-image-655 size-medium\" src=\"http:\/\/blogs2.abo.fi\/xperia\/wp-content\/uploads\/sites\/49\/2014\/10\/Screenshot_20161111-151925-169x300.png\" width=\"169\" height=\"300\" srcset=\"https:\/\/blogs2.abo.fi\/xperia\/wp-content\/uploads\/sites\/49\/2014\/10\/Screenshot_20161111-151925-169x300.png 169w, https:\/\/blogs2.abo.fi\/xperia\/wp-content\/uploads\/sites\/49\/2014\/10\/Screenshot_20161111-151925-768x1365.png 768w, https:\/\/blogs2.abo.fi\/xperia\/wp-content\/uploads\/sites\/49\/2014\/10\/Screenshot_20161111-151925-576x1024.png 576w, https:\/\/blogs2.abo.fi\/xperia\/wp-content\/uploads\/sites\/49\/2014\/10\/Screenshot_20161111-151925.png 1080w\" sizes=\"auto, (max-width: 169px) 100vw, 169px\" \/><\/a>\r\nHitta p\u00e5 ett nytt, xxxx\r\nTryck p\u00e5 <strong>OK<\/strong><\/pre>\n<pre><strong>Retype new Pin -<\/strong>\r\n\r\n<a href=\"http:\/\/blogs2.abo.fi\/xperia\/steg5\/screenshot_20161111-151939\/\" rel=\"attachment wp-att-656\"><img loading=\"lazy\" decoding=\"async\" class=\"alignnone size-medium wp-image-656\" src=\"http:\/\/blogs2.abo.fi\/xperia\/wp-content\/uploads\/sites\/49\/2014\/10\/Screenshot_20161111-151939-169x300.png\" alt=\"Screenshot_20161111-151939\" width=\"169\" height=\"300\" srcset=\"https:\/\/blogs2.abo.fi\/xperia\/wp-content\/uploads\/sites\/49\/2014\/10\/Screenshot_20161111-151939-169x300.png 169w, https:\/\/blogs2.abo.fi\/xperia\/wp-content\/uploads\/sites\/49\/2014\/10\/Screenshot_20161111-151939-768x1365.png 768w, https:\/\/blogs2.abo.fi\/xperia\/wp-content\/uploads\/sites\/49\/2014\/10\/Screenshot_20161111-151939-576x1024.png 576w, https:\/\/blogs2.abo.fi\/xperia\/wp-content\/uploads\/sites\/49\/2014\/10\/Screenshot_20161111-151939.png 1080w\" sizes=\"auto, (max-width: 169px) 100vw, 169px\" \/><\/a>\r\nSkriv samma p\u00e5 nytt\u00a0xxxx \r\nTryck p\u00e5 <strong>OK<\/strong><\/pre>\n<hr \/>\n<p><a title=\"Steg 6: Sk\u00e4rml\u00e5s\" href=\"http:\/\/blogs2.abo.fi\/xperia\/steg6\/\">G\u00e5 vidare till steg\u00a06<\/a><\/p>\n","protected":false},"excerpt":{"rendered":"<p>Du f\u00e5r inte beh\u00e5lla den f\u00f6rvalda koden 1234 Ifall du bara byter telefon men beh\u00e5ller ditt gamla SIM-kort kan du genast g\u00e5\u00a0 G\u00e5 vidare till steg\u00a06 T\u00e4nk p\u00e5 att om du gl\u00f6mmer din SIM PIN-kod (efter 3 f\u00f6rs\u00f6k) beh\u00f6ver du en PUK-kod f\u00f6r att l\u00e5sa upp PIN-koden.\u00a0PUK-kod f\u00e5r du via Helpdesk: Notera att Helpdesk inte &hellip; <a href=\"https:\/\/blogs2.abo.fi\/xperia\/steg5\/\" class=\"more-link\">Forts\u00e4tt l\u00e4sa <span class=\"screen-reader-text\">Steg 5: Byt SIM PIN-kod<\/span><\/a><\/p>\n","protected":false},"author":8,"featured_media":0,"parent":0,"menu_order":0,"comment_status":"closed","ping_status":"open","template":"","meta":{"footnotes":""},"class_list":["post-96","page","type-page","status-publish","hentry"],"_links":{"self":[{"href":"https:\/\/blogs2.abo.fi\/xperia\/wp-json\/wp\/v2\/pages\/96","targetHints":{"allow":["GET"]}}],"collection":[{"href":"https:\/\/blogs2.abo.fi\/xperia\/wp-json\/wp\/v2\/pages"}],"about":[{"href":"https:\/\/blogs2.abo.fi\/xperia\/wp-json\/wp\/v2\/types\/page"}],"author":[{"embeddable":true,"href":"https:\/\/blogs2.abo.fi\/xperia\/wp-json\/wp\/v2\/users\/8"}],"replies":[{"embeddable":true,"href":"https:\/\/blogs2.abo.fi\/xperia\/wp-json\/wp\/v2\/comments?post=96"}],"version-history":[{"count":15,"href":"https:\/\/blogs2.abo.fi\/xperia\/wp-json\/wp\/v2\/pages\/96\/revisions"}],"predecessor-version":[{"id":660,"href":"https:\/\/blogs2.abo.fi\/xperia\/wp-json\/wp\/v2\/pages\/96\/revisions\/660"}],"wp:attachment":[{"href":"https:\/\/blogs2.abo.fi\/xperia\/wp-json\/wp\/v2\/media?parent=96"}],"curies":[{"name":"wp","href":"https:\/\/api.w.org\/{rel}","templated":true}]}}