{"id":90,"date":"2014-10-21T12:06:53","date_gmt":"2014-10-21T10:06:53","guid":{"rendered":"http:\/\/blogs2.abo.fi\/lumia\/?page_id=90"},"modified":"2017-03-21T15:24:57","modified_gmt":"2017-03-21T15:24:57","slug":"steg7","status":"publish","type":"page","link":"https:\/\/blogs2.abo.fi\/xperia\/steg7\/","title":{"rendered":"Steg 7: Kontakter och kalender"},"content":{"rendered":"<h4>Koppla upp telefonen mot \u00c5A:s Exchange-server<\/h4>\n<pre>Telefonen synkroniserar kontakter och kalender med ditt konto p\u00e5 \u00c5A:s Exchange-server. Du kan ocks\u00e5 editera dina kontakter och kalender i Microsoft Outlook. Denna inst\u00e4llning beh\u00f6vs \u00e4ven f\u00f6r att du ska kunna radera all data p\u00e5 din telefon om den blir stulen\/borttappad.<\/pre>\n<pre>Leta reda p\u00e5 applikationen <strong>Settings<a href=\"http:\/\/blogs2.abo.fi\/xperia\/wp-content\/uploads\/sites\/49\/2014\/10\/start-icon-settings_InvariantCulture_Default.png\"><img loading=\"lazy\" decoding=\"async\" class=\"alignnone wp-image-73 size-full\" src=\"http:\/\/blogs2.abo.fi\/xperia\/wp-content\/uploads\/sites\/49\/2014\/10\/start-icon-settings_InvariantCulture_Default.png\" alt=\"start-icon-settings_InvariantCulture_Default\" width=\"28\" height=\"28\" \/>\r\n<\/a><\/strong><\/pre>\n<pre><strong>Settings -\r\n<\/strong>\r\n<a href=\"http:\/\/blogs2.abo.fi\/xperia\/steg6\/screenshot_20170218-143040\/\" rel=\"attachment wp-att-289\"><img loading=\"lazy\" decoding=\"async\" class=\"alignnone wp-image-690 size-medium\" src=\"http:\/\/blogs2.abo.fi\/xperia\/wp-content\/uploads\/sites\/49\/2014\/10\/Screenshot_20170218-143040-169x300.png\" width=\"169\" height=\"300\" srcset=\"https:\/\/blogs2.abo.fi\/xperia\/wp-content\/uploads\/sites\/49\/2014\/10\/Screenshot_20170218-143040-169x300.png 169w, https:\/\/blogs2.abo.fi\/xperia\/wp-content\/uploads\/sites\/49\/2014\/10\/Screenshot_20170218-143040-768x1365.png 768w, https:\/\/blogs2.abo.fi\/xperia\/wp-content\/uploads\/sites\/49\/2014\/10\/Screenshot_20170218-143040-576x1024.png 576w, https:\/\/blogs2.abo.fi\/xperia\/wp-content\/uploads\/sites\/49\/2014\/10\/Screenshot_20170218-143040.png 1080w\" sizes=\"auto, (max-width: 169px) 100vw, 169px\" \/><\/a>\r\nTryck p\u00e5 <strong>Accounts &amp; sync\r\n<\/strong><\/pre>\n<pre><strong>Accounts &amp; sync -<\/strong>\r\n\r\n<a href=\"http:\/\/blogs2.abo.fi\/xperia\/steg6\/screenshot_20170218-143050\/\" rel=\"attachment wp-att-288\"><img loading=\"lazy\" decoding=\"async\" class=\"alignnone wp-image-691 size-medium\" src=\"http:\/\/blogs2.abo.fi\/xperia\/wp-content\/uploads\/sites\/49\/2014\/10\/Screenshot_20170218-143050-169x300.png\" width=\"169\" height=\"300\" srcset=\"https:\/\/blogs2.abo.fi\/xperia\/wp-content\/uploads\/sites\/49\/2014\/10\/Screenshot_20170218-143050-169x300.png 169w, https:\/\/blogs2.abo.fi\/xperia\/wp-content\/uploads\/sites\/49\/2014\/10\/Screenshot_20170218-143050-768x1365.png 768w, https:\/\/blogs2.abo.fi\/xperia\/wp-content\/uploads\/sites\/49\/2014\/10\/Screenshot_20170218-143050-576x1024.png 576w, https:\/\/blogs2.abo.fi\/xperia\/wp-content\/uploads\/sites\/49\/2014\/10\/Screenshot_20170218-143050.png 1080w\" sizes=\"auto, (max-width: 169px) 100vw, 169px\" \/><\/a>\r\nTryck p\u00e5 <strong>Add account <\/strong><\/pre>\n<pre><strong>Add account -<\/strong>\r\n<a href=\"http:\/\/blogs2.abo.fi\/xperia\/steg6\/screenshot_20170218-143059\/\" rel=\"attachment wp-att-287\"><img loading=\"lazy\" decoding=\"async\" class=\"alignnone wp-image-692 size-medium\" src=\"http:\/\/blogs2.abo.fi\/xperia\/wp-content\/uploads\/sites\/49\/2014\/10\/Screenshot_20170218-143059-169x300.png\" width=\"169\" height=\"300\" srcset=\"https:\/\/blogs2.abo.fi\/xperia\/wp-content\/uploads\/sites\/49\/2014\/10\/Screenshot_20170218-143059-169x300.png 169w, https:\/\/blogs2.abo.fi\/xperia\/wp-content\/uploads\/sites\/49\/2014\/10\/Screenshot_20170218-143059-768x1365.png 768w, https:\/\/blogs2.abo.fi\/xperia\/wp-content\/uploads\/sites\/49\/2014\/10\/Screenshot_20170218-143059-576x1024.png 576w, https:\/\/blogs2.abo.fi\/xperia\/wp-content\/uploads\/sites\/49\/2014\/10\/Screenshot_20170218-143059.png 1080w\" sizes=\"auto, (max-width: 169px) 100vw, 169px\" \/><\/a>\r\nTryck p\u00e5 <strong>Exchange ActiveSync <\/strong><\/pre>\n<pre><strong>Email account -<\/strong>\r\n\r\n<a href=\"http:\/\/blogs2.abo.fi\/xperia\/steg6\/screenshot_20170218-143142\/\" rel=\"attachment wp-att-286\"><img loading=\"lazy\" decoding=\"async\" class=\"alignnone wp-image-693 size-medium\" src=\"http:\/\/blogs2.abo.fi\/xperia\/wp-content\/uploads\/sites\/49\/2014\/10\/Screenshot_20170218-143142-169x300.png\" width=\"169\" height=\"300\" srcset=\"https:\/\/blogs2.abo.fi\/xperia\/wp-content\/uploads\/sites\/49\/2014\/10\/Screenshot_20170218-143142-169x300.png 169w, https:\/\/blogs2.abo.fi\/xperia\/wp-content\/uploads\/sites\/49\/2014\/10\/Screenshot_20170218-143142-768x1365.png 768w, https:\/\/blogs2.abo.fi\/xperia\/wp-content\/uploads\/sites\/49\/2014\/10\/Screenshot_20170218-143142-576x1024.png 576w, https:\/\/blogs2.abo.fi\/xperia\/wp-content\/uploads\/sites\/49\/2014\/10\/Screenshot_20170218-143142.png 1080w\" sizes=\"auto, (max-width: 169px) 100vw, 169px\" \/><\/a>\r\n<strong>Email account <\/strong>Skriv din e-postadress som<strong> fornamn.efternamn@abo.fi<\/strong>\r\nTryck p\u00e5 <strong>Next<\/strong><\/pre>\n<pre><strong>Sign in -<\/strong>\r\n\r\n<a href=\"http:\/\/blogs2.abo.fi\/xperia\/steg6\/screenshot_20170218-143204\/\" rel=\"attachment wp-att-285\"><img loading=\"lazy\" decoding=\"async\" class=\"alignnone wp-image-694 size-medium\" src=\"http:\/\/blogs2.abo.fi\/xperia\/wp-content\/uploads\/sites\/49\/2014\/10\/Screenshot_20170218-143204-169x300.png\" width=\"169\" height=\"300\" srcset=\"https:\/\/blogs2.abo.fi\/xperia\/wp-content\/uploads\/sites\/49\/2014\/10\/Screenshot_20170218-143204-169x300.png 169w, https:\/\/blogs2.abo.fi\/xperia\/wp-content\/uploads\/sites\/49\/2014\/10\/Screenshot_20170218-143204-768x1365.png 768w, https:\/\/blogs2.abo.fi\/xperia\/wp-content\/uploads\/sites\/49\/2014\/10\/Screenshot_20170218-143204-576x1024.png 576w, https:\/\/blogs2.abo.fi\/xperia\/wp-content\/uploads\/sites\/49\/2014\/10\/Screenshot_20170218-143204.png 1080w\" sizes=\"auto, (max-width: 169px) 100vw, 169px\" \/><\/a>\r\nFyll i enligt f\u00f6ljande\r\n\r\n<strong>Password<\/strong> Skriv in ditt <strong>akademil\u00f6senord<\/strong> ***************\r\nV\u00e4lj <strong>Show password <\/strong>en g\u00e5ng s\u00e5 att det blev r\u00e4tt\r\nOBS! Tryck p\u00e5 <strong>MANUAL SETUP (<\/strong>inte<strong> NEXT)<\/strong><\/pre>\n<p>&nbsp;<\/p>\n<ol>\n<li><strong>Username:<\/strong> Skriv <strong>anv\u00e4ndarnamnet<\/strong> i formatet <strong>username <\/strong>(kortnamn)<strong><br \/>\n<\/strong><\/li>\n<li><strong>Domain:<\/strong>\u00a0 <strong>abo.fi<\/strong><\/li>\n<li><strong>Server:<\/strong> exchange.abo.fi<\/li>\n<li><strong>Account name:<\/strong> Abo Exchange<\/li>\n<li>(Beh\u00e5ll kruxet f\u00f6r Server requires encrypted SSL connection)<\/li>\n<li>Tryck p\u00e5 <strong>Sign-in<\/strong><\/li>\n<\/ol>\n<p><strong>Syncing&#8230; <\/strong>(detta kan ta tid)<\/p>\n<hr \/>\n<p><a title=\"Steg 8: St\u00e4ll in e-post p\u00e5 din telefon\" href=\"http:\/\/blogs2.abo.fi\/xperia\/steg8\/\">G\u00e5 vidare till steg\u00a08<\/a><\/p>\n","protected":false},"excerpt":{"rendered":"<p>Koppla upp telefonen mot \u00c5A:s Exchange-server Telefonen synkroniserar kontakter och kalender med ditt konto p\u00e5 \u00c5A:s Exchange-server. Du kan ocks\u00e5 editera dina kontakter och kalender i Microsoft Outlook. Denna inst\u00e4llning beh\u00f6vs \u00e4ven f\u00f6r att du ska kunna radera all data p\u00e5 din telefon om den blir stulen\/borttappad. Leta reda p\u00e5 applikationen Settings Settings &#8211; Tryck &hellip; <a href=\"https:\/\/blogs2.abo.fi\/xperia\/steg7\/\" class=\"more-link\">Forts\u00e4tt l\u00e4sa <span class=\"screen-reader-text\">Steg 7: Kontakter och kalender<\/span><\/a><\/p>\n","protected":false},"author":8,"featured_media":0,"parent":0,"menu_order":0,"comment_status":"closed","ping_status":"closed","template":"","meta":{"footnotes":""},"class_list":["post-90","page","type-page","status-publish","hentry"],"_links":{"self":[{"href":"https:\/\/blogs2.abo.fi\/xperia\/wp-json\/wp\/v2\/pages\/90","targetHints":{"allow":["GET"]}}],"collection":[{"href":"https:\/\/blogs2.abo.fi\/xperia\/wp-json\/wp\/v2\/pages"}],"about":[{"href":"https:\/\/blogs2.abo.fi\/xperia\/wp-json\/wp\/v2\/types\/page"}],"author":[{"embeddable":true,"href":"https:\/\/blogs2.abo.fi\/xperia\/wp-json\/wp\/v2\/users\/8"}],"replies":[{"embeddable":true,"href":"https:\/\/blogs2.abo.fi\/xperia\/wp-json\/wp\/v2\/comments?post=90"}],"version-history":[{"count":20,"href":"https:\/\/blogs2.abo.fi\/xperia\/wp-json\/wp\/v2\/pages\/90\/revisions"}],"predecessor-version":[{"id":782,"href":"https:\/\/blogs2.abo.fi\/xperia\/wp-json\/wp\/v2\/pages\/90\/revisions\/782"}],"wp:attachment":[{"href":"https:\/\/blogs2.abo.fi\/xperia\/wp-json\/wp\/v2\/media?parent=90"}],"curies":[{"name":"wp","href":"https:\/\/api.w.org\/{rel}","templated":true}]}}