{"id":53,"date":"2014-10-21T10:40:35","date_gmt":"2014-10-21T08:40:35","guid":{"rendered":"http:\/\/blogs2.abo.fi\/testest\/?page_id=53"},"modified":"2019-03-08T13:57:56","modified_gmt":"2019-03-08T13:57:56","slug":"steg8","status":"publish","type":"page","link":"https:\/\/blogs2.abo.fi\/xperia\/steg8\/","title":{"rendered":"Steg 8: St\u00e4ll in e-post p\u00e5 din telefon IMAP"},"content":{"rendered":"<div class=\"summary\">\n<p>OBS! Anv\u00e4ndningen av <strong>Outlook<\/strong>-mobilapplikationen \u00e4r blockerad av s\u00e4kerhetssk\u00e4l. I det h\u00e4r exemplet anv\u00e4nds Appen <strong>Email<\/strong>. Du kan sj\u00e4lv ladda ner andra e-post appar fr\u00e5n Play Store.<\/p>\n<p>Den h\u00e4r instruktionen g\u00e4ller dig som tar emot e-post p\u00e5 IMAP-servern.<\/p>\n<p>Om du \u00e4r os\u00e4ker: Logga in p\u00e5 <a href=\"http:\/\/selfservice.abo.fi\"><strong>Selfservice<\/strong><\/a> &gt; <strong>Information om Kontot<\/strong> &gt; <strong>Personuppgifter<\/strong><\/p>\n<table class=\"searchresult\">\n<tbody>\n<tr>\n<td id=\"srkey_mailtransport\" class=\"searchresult searchresultkey\">E-posten lagras p\u00e5:<\/td>\n<td class=\"searchresult searchresultvalue\">imap.abo.fi<\/td>\n<\/tr>\n<\/tbody>\n<\/table>\n<p>Leta reda p\u00e5 applikationen <strong>Settings <a href=\"http:\/\/blogs2.abo.fi\/xperia\/wp-content\/uploads\/sites\/49\/2014\/10\/start-icon-settings_InvariantCulture_Default.png\"><img loading=\"lazy\" decoding=\"async\" class=\"alignnone size-full wp-image-73\" src=\"http:\/\/blogs2.abo.fi\/xperia\/wp-content\/uploads\/sites\/49\/2014\/10\/start-icon-settings_InvariantCulture_Default.png\" alt=\"start-icon-settings_InvariantCulture_Default\" width=\"28\" height=\"28\" \/><\/a><\/strong><\/p>\n<p><a href=\"http:\/\/blogs2.abo.fi\/xperia\/steg6\/screenshot_20170218-143040\/\" rel=\"attachment wp-att-289\"><img loading=\"lazy\" decoding=\"async\" class=\"alignnone wp-image-690 size-medium\" src=\"http:\/\/blogs2.abo.fi\/xperia\/wp-content\/uploads\/sites\/49\/2014\/10\/Screenshot_20170218-143040-169x300.png\" width=\"169\" height=\"300\" srcset=\"https:\/\/blogs2.abo.fi\/xperia\/wp-content\/uploads\/sites\/49\/2014\/10\/Screenshot_20170218-143040-169x300.png 169w, https:\/\/blogs2.abo.fi\/xperia\/wp-content\/uploads\/sites\/49\/2014\/10\/Screenshot_20170218-143040-768x1365.png 768w, https:\/\/blogs2.abo.fi\/xperia\/wp-content\/uploads\/sites\/49\/2014\/10\/Screenshot_20170218-143040-576x1024.png 576w, https:\/\/blogs2.abo.fi\/xperia\/wp-content\/uploads\/sites\/49\/2014\/10\/Screenshot_20170218-143040.png 1080w\" sizes=\"auto, (max-width: 169px) 100vw, 169px\" \/><\/a><\/p>\n<ul>\n<li>Tryck p\u00e5<strong> Accounts &amp; sync<br \/>\n<\/strong><\/li>\n<\/ul>\n<p><a href=\"http:\/\/blogs2.abo.fi\/xperia\/steg6\/screenshot_20170218-143050\/\" rel=\"attachment wp-att-288\"><img loading=\"lazy\" decoding=\"async\" class=\"alignnone wp-image-691 size-medium\" src=\"http:\/\/blogs2.abo.fi\/xperia\/wp-content\/uploads\/sites\/49\/2014\/10\/Screenshot_20170218-143050-169x300.png\" width=\"169\" height=\"300\" srcset=\"https:\/\/blogs2.abo.fi\/xperia\/wp-content\/uploads\/sites\/49\/2014\/10\/Screenshot_20170218-143050-169x300.png 169w, https:\/\/blogs2.abo.fi\/xperia\/wp-content\/uploads\/sites\/49\/2014\/10\/Screenshot_20170218-143050-768x1365.png 768w, https:\/\/blogs2.abo.fi\/xperia\/wp-content\/uploads\/sites\/49\/2014\/10\/Screenshot_20170218-143050-576x1024.png 576w, https:\/\/blogs2.abo.fi\/xperia\/wp-content\/uploads\/sites\/49\/2014\/10\/Screenshot_20170218-143050.png 1080w\" sizes=\"auto, (max-width: 169px) 100vw, 169px\" \/><\/a><\/p>\n<ul>\n<li>Tryck p\u00e5 <strong>Add account<\/strong><\/li>\n<\/ul>\n<p><a href=\"http:\/\/blogs2.abo.fi\/xperia\/steg6\/screenshot_20170218-143059\/\" rel=\"attachment wp-att-287\"><img loading=\"lazy\" decoding=\"async\" class=\"alignnone wp-image-692 size-medium\" src=\"http:\/\/blogs2.abo.fi\/xperia\/wp-content\/uploads\/sites\/49\/2014\/10\/Screenshot_20170218-143059-169x300.png\" width=\"169\" height=\"300\" srcset=\"https:\/\/blogs2.abo.fi\/xperia\/wp-content\/uploads\/sites\/49\/2014\/10\/Screenshot_20170218-143059-169x300.png 169w, https:\/\/blogs2.abo.fi\/xperia\/wp-content\/uploads\/sites\/49\/2014\/10\/Screenshot_20170218-143059-768x1365.png 768w, https:\/\/blogs2.abo.fi\/xperia\/wp-content\/uploads\/sites\/49\/2014\/10\/Screenshot_20170218-143059-576x1024.png 576w, https:\/\/blogs2.abo.fi\/xperia\/wp-content\/uploads\/sites\/49\/2014\/10\/Screenshot_20170218-143059.png 1080w\" sizes=\"auto, (max-width: 169px) 100vw, 169px\" \/><\/a><\/p>\n<ul>\n<li>Tryck p\u00e5 <strong>Email<\/strong><\/li>\n<\/ul>\n<p><a href=\"http:\/\/blogs2.abo.fi\/xperia\/steg6\/screenshot_20170218-143142\/\" rel=\"attachment wp-att-286\"><img loading=\"lazy\" decoding=\"async\" class=\"alignnone wp-image-693 size-medium\" src=\"http:\/\/blogs2.abo.fi\/xperia\/wp-content\/uploads\/sites\/49\/2014\/10\/Screenshot_20170218-143142-169x300.png\" width=\"169\" height=\"300\" srcset=\"https:\/\/blogs2.abo.fi\/xperia\/wp-content\/uploads\/sites\/49\/2014\/10\/Screenshot_20170218-143142-169x300.png 169w, https:\/\/blogs2.abo.fi\/xperia\/wp-content\/uploads\/sites\/49\/2014\/10\/Screenshot_20170218-143142-768x1365.png 768w, https:\/\/blogs2.abo.fi\/xperia\/wp-content\/uploads\/sites\/49\/2014\/10\/Screenshot_20170218-143142-576x1024.png 576w, https:\/\/blogs2.abo.fi\/xperia\/wp-content\/uploads\/sites\/49\/2014\/10\/Screenshot_20170218-143142.png 1080w\" sizes=\"auto, (max-width: 169px) 100vw, 169px\" \/><\/a><\/p>\n<p>Skriv din adress s\u00e5 som du vill att det skall synas f\u00f6r mottagaren. <strong>fornamn.efternamn@abo.fi<\/strong><\/p>\n<ul>\n<li>Tryck p\u00e5 <strong>NEXT<\/strong><\/li>\n<\/ul>\n<p><a href=\"http:\/\/blogs2.abo.fi\/xperia\/steg6\/screenshot_20170218-143204\/\"><img loading=\"lazy\" decoding=\"async\" class=\"alignnone wp-image-694 size-medium\" src=\"http:\/\/blogs2.abo.fi\/xperia\/wp-content\/uploads\/sites\/49\/2014\/10\/Screenshot_20170218-143204-169x300.png\" width=\"169\" height=\"300\" srcset=\"https:\/\/blogs2.abo.fi\/xperia\/wp-content\/uploads\/sites\/49\/2014\/10\/Screenshot_20170218-143204-169x300.png 169w, https:\/\/blogs2.abo.fi\/xperia\/wp-content\/uploads\/sites\/49\/2014\/10\/Screenshot_20170218-143204-768x1365.png 768w, https:\/\/blogs2.abo.fi\/xperia\/wp-content\/uploads\/sites\/49\/2014\/10\/Screenshot_20170218-143204-576x1024.png 576w, https:\/\/blogs2.abo.fi\/xperia\/wp-content\/uploads\/sites\/49\/2014\/10\/Screenshot_20170218-143204.png 1080w\" sizes=\"auto, (max-width: 169px) 100vw, 169px\" \/><\/a><\/p>\n<p>Skriv ditt l\u00f6senord, kruxa f\u00f6r Show password en g\u00e5ng s\u00e5 att du seer att det blev r\u00e4tt.<\/p>\n<ul>\n<li>OBS! <strong>Tryck<\/strong> p\u00e5 <strong>MANUAL SETUP<\/strong> (du b\u00f6r inte trycka p\u00e5 NEXT)<\/li>\n<\/ul>\n<p><a href=\"http:\/\/blogs2.abo.fi\/xperia\/steg8\/screenshot_20161031-104901\/\"><img loading=\"lazy\" decoding=\"async\" class=\"alignnone wp-image-790 size-medium\" src=\"http:\/\/blogs2.abo.fi\/xperia\/wp-content\/uploads\/sites\/49\/2014\/10\/Screenshot_20161031-104901-169x300.png\" width=\"169\" height=\"300\" srcset=\"https:\/\/blogs2.abo.fi\/xperia\/wp-content\/uploads\/sites\/49\/2014\/10\/Screenshot_20161031-104901-169x300.png 169w, https:\/\/blogs2.abo.fi\/xperia\/wp-content\/uploads\/sites\/49\/2014\/10\/Screenshot_20161031-104901-768x1365.png 768w, https:\/\/blogs2.abo.fi\/xperia\/wp-content\/uploads\/sites\/49\/2014\/10\/Screenshot_20161031-104901-576x1024.png 576w, https:\/\/blogs2.abo.fi\/xperia\/wp-content\/uploads\/sites\/49\/2014\/10\/Screenshot_20161031-104901.png 1080w\" sizes=\"auto, (max-width: 169px) 100vw, 169px\" \/><\/a><\/p>\n<ul>\n<li>Tryck p\u00e5 IMAP<\/li>\n<\/ul>\n<p><a href=\"http:\/\/blogs2.abo.fi\/xperia\/steg8\/screenshot_20161031-105037\/\"><img loading=\"lazy\" decoding=\"async\" class=\"alignnone wp-image-793 size-medium\" src=\"http:\/\/blogs2.abo.fi\/xperia\/wp-content\/uploads\/sites\/49\/2014\/10\/Screenshot_20161031-105037-169x300.png\" width=\"169\" height=\"300\" srcset=\"https:\/\/blogs2.abo.fi\/xperia\/wp-content\/uploads\/sites\/49\/2014\/10\/Screenshot_20161031-105037-169x300.png 169w, https:\/\/blogs2.abo.fi\/xperia\/wp-content\/uploads\/sites\/49\/2014\/10\/Screenshot_20161031-105037-768x1365.png 768w, https:\/\/blogs2.abo.fi\/xperia\/wp-content\/uploads\/sites\/49\/2014\/10\/Screenshot_20161031-105037-576x1024.png 576w, https:\/\/blogs2.abo.fi\/xperia\/wp-content\/uploads\/sites\/49\/2014\/10\/Screenshot_20161031-105037.png 1080w\" sizes=\"auto, (max-width: 169px) 100vw, 169px\" \/><\/a><\/p>\n<ol>\n<li><strong>Username<\/strong> Skriv\/\u00e4ndra anv\u00e4ndarnamnet till ditt \u00c5A anv\u00e4ndarnamn <strong>username<\/strong><br \/>\n(INTE username@abo.fi)<\/li>\n<li>Password Skriv in ditt akademil\u00f6senord ***************<\/li>\n<li>Tryck p\u00e5 <strong>NEXT<\/strong><\/li>\n<\/ol>\n<p>&nbsp;<\/p>\n<p>Kruxa f\u00f6r:<\/p>\n<ol>\n<li>Outgoing server requires authentication<\/li>\n<li>Use the same username and password for sending email<\/li>\n<li>Require SSL for incomming email<\/li>\n<li>Require SSL outgoing email<\/li>\n<\/ol>\n<p><strong>Tryck p\u00e5 Sign in<\/strong><\/p>\n<p><strong>Syncing&#8230;<\/strong>\u00a0 (detta kan ta tid)<\/p>\n<hr \/>\n<p><a title=\"Steg 9: Byt Spr\u00e5k\" href=\"http:\/\/blogs2.abo.fi\/w10p\/steg9\/\">G\u00e5 vidare till steg\u00a09<\/a><\/p>\n<\/div>\n","protected":false},"excerpt":{"rendered":"<p>OBS! Anv\u00e4ndningen av Outlook-mobilapplikationen \u00e4r blockerad av s\u00e4kerhetssk\u00e4l. I det h\u00e4r exemplet anv\u00e4nds Appen Email. Du kan sj\u00e4lv ladda ner andra e-post appar fr\u00e5n Play Store. Den h\u00e4r instruktionen g\u00e4ller dig som tar emot e-post p\u00e5 IMAP-servern. Om du \u00e4r os\u00e4ker: Logga in p\u00e5 Selfservice &gt; Information om Kontot &gt; Personuppgifter E-posten lagras p\u00e5: imap.abo.fi &hellip; <a href=\"https:\/\/blogs2.abo.fi\/xperia\/steg8\/\" class=\"more-link\">Forts\u00e4tt l\u00e4sa <span class=\"screen-reader-text\">Steg 8: St\u00e4ll in e-post p\u00e5 din telefon IMAP<\/span><\/a><\/p>\n","protected":false},"author":8,"featured_media":0,"parent":0,"menu_order":0,"comment_status":"closed","ping_status":"closed","template":"","meta":{"footnotes":""},"class_list":["post-53","page","type-page","status-publish","hentry"],"_links":{"self":[{"href":"https:\/\/blogs2.abo.fi\/xperia\/wp-json\/wp\/v2\/pages\/53","targetHints":{"allow":["GET"]}}],"collection":[{"href":"https:\/\/blogs2.abo.fi\/xperia\/wp-json\/wp\/v2\/pages"}],"about":[{"href":"https:\/\/blogs2.abo.fi\/xperia\/wp-json\/wp\/v2\/types\/page"}],"author":[{"embeddable":true,"href":"https:\/\/blogs2.abo.fi\/xperia\/wp-json\/wp\/v2\/users\/8"}],"replies":[{"embeddable":true,"href":"https:\/\/blogs2.abo.fi\/xperia\/wp-json\/wp\/v2\/comments?post=53"}],"version-history":[{"count":13,"href":"https:\/\/blogs2.abo.fi\/xperia\/wp-json\/wp\/v2\/pages\/53\/revisions"}],"predecessor-version":[{"id":858,"href":"https:\/\/blogs2.abo.fi\/xperia\/wp-json\/wp\/v2\/pages\/53\/revisions\/858"}],"wp:attachment":[{"href":"https:\/\/blogs2.abo.fi\/xperia\/wp-json\/wp\/v2\/media?parent=53"}],"curies":[{"name":"wp","href":"https:\/\/api.w.org\/{rel}","templated":true}]}}