{"id":98,"date":"2014-10-21T12:09:09","date_gmt":"2014-10-21T10:09:09","guid":{"rendered":"http:\/\/blogs2.abo.fi\/lumia\/?page_id=98"},"modified":"2016-04-14T15:59:51","modified_gmt":"2016-04-14T13:59:51","slug":"steg9","status":"publish","type":"page","link":"https:\/\/blogs2.abo.fi\/w10p\/steg9\/","title":{"rendered":"Steg 9: Byt Spr\u00e5k"},"content":{"rendered":"<p><strong>Tryck p\u00e5 Start\u00a0 <a href=\"http:\/\/blogs2.abo.fi\/w10p\/wp-content\/uploads\/sites\/45\/2014\/10\/hardware-icon-start-button_InvariantCulture_Default.png\"><img loading=\"lazy\" decoding=\"async\" class=\"alignnone size-full wp-image-63\" src=\"http:\/\/blogs2.abo.fi\/w10p\/wp-content\/uploads\/sites\/45\/2014\/10\/hardware-icon-start-button_InvariantCulture_Default.png\" alt=\"hardware-icon-start-button_InvariantCulture_Default\" width=\"28\" height=\"28\" \/><\/a><\/strong><\/p>\n<p><strong>Svep sk\u00e4rmen (\u00e5t v\u00e4nster) s\u00e5 att <a href=\"http:\/\/www.windowsphone.com\/sv-se\/how-to\/wp8\/settings-and-personalization\/wheres-the-app-list\" target=\"_blank\">Applistan blir synlig<\/a><\/strong><\/p>\n<p>Leta reda p\u00e5 applikationen <strong>Settings <a href=\"http:\/\/blogs2.abo.fi\/w10p\/wp-content\/uploads\/sites\/45\/2014\/10\/start-icon-settings_InvariantCulture_Default.png\"><img loading=\"lazy\" decoding=\"async\" class=\"alignnone size-full wp-image-73\" src=\"http:\/\/blogs2.abo.fi\/w10p\/wp-content\/uploads\/sites\/45\/2014\/10\/start-icon-settings_InvariantCulture_Default.png\" alt=\"start-icon-settings_InvariantCulture_Default\" width=\"28\" height=\"28\" \/><\/a><\/strong><\/p>\n<p><a href=\"http:\/\/blogs2.abo.fi\/w10p\/steg5\/wp10simpin1\/\" rel=\"attachment wp-att-471\"><img loading=\"lazy\" decoding=\"async\" class=\"alignnone size-medium wp-image-471\" src=\"http:\/\/blogs2.abo.fi\/w10p\/wp-content\/uploads\/sites\/45\/2014\/10\/wp10simpin1-160x300.png\" alt=\"wp10simpin1\" width=\"160\" height=\"300\" srcset=\"https:\/\/blogs2.abo.fi\/w10p\/wp-content\/uploads\/sites\/45\/2014\/10\/wp10simpin1-160x300.png 160w, https:\/\/blogs2.abo.fi\/w10p\/wp-content\/uploads\/sites\/45\/2014\/10\/wp10simpin1-548x1024.png 548w, https:\/\/blogs2.abo.fi\/w10p\/wp-content\/uploads\/sites\/45\/2014\/10\/wp10simpin1.png 554w\" sizes=\"auto, (max-width: 160px) 100vw, 160px\" \/><\/a><\/p>\n<p>Tryck p\u00e5\u00a0<strong>Time &amp; language<\/strong><\/p>\n<p>Tryck p\u00e5<strong> Language<\/strong> (bild saknas)<strong><br \/>\n<\/strong><\/p>\n<p>Tryck p\u00e5 <strong>Add languages <\/strong> (bild saknas)<strong><strong><br \/>\n<\/strong><\/strong>Du kan v\u00e4lja flera spr\u00e5k samtidigt t.ex. <strong>svenska<\/strong> och <strong>suomi. <\/strong>Detta kan vara bra eftersom du d\u00e5 f\u00e5r tillg\u00e5ng till stavningskontroll p\u00e5 dessa spr\u00e5k.<strong><br \/>\n<\/strong><\/p>\n<hr \/>\n<p><a title=\"Steg 10: Kom i g\u00e5ng med Windows Phone\" href=\"http:\/\/blogs2.abo.fi\/w10p\/steg10\/\">G\u00e5 vidare till steg 10<\/a><\/p>\n","protected":false},"excerpt":{"rendered":"<p>Tryck p\u00e5 Start\u00a0 Svep sk\u00e4rmen (\u00e5t v\u00e4nster) s\u00e5 att Applistan blir synlig Leta reda p\u00e5 applikationen Settings Tryck p\u00e5\u00a0Time &amp; language Tryck p\u00e5 Language (bild saknas) Tryck p\u00e5 Add languages (bild saknas) Du kan v\u00e4lja flera spr\u00e5k samtidigt t.ex. svenska och suomi. Detta kan vara bra eftersom du d\u00e5 f\u00e5r tillg\u00e5ng till stavningskontroll p\u00e5 dessa &hellip; <a href=\"https:\/\/blogs2.abo.fi\/w10p\/steg9\/\" class=\"more-link\">Forts\u00e4tt l\u00e4sa <span class=\"screen-reader-text\">Steg 9: Byt Spr\u00e5k<\/span><\/a><\/p>\n","protected":false},"author":116,"featured_media":0,"parent":0,"menu_order":0,"comment_status":"closed","ping_status":"open","template":"","meta":{"footnotes":""},"class_list":["post-98","page","type-page","status-publish","hentry"],"_links":{"self":[{"href":"https:\/\/blogs2.abo.fi\/w10p\/wp-json\/wp\/v2\/pages\/98","targetHints":{"allow":["GET"]}}],"collection":[{"href":"https:\/\/blogs2.abo.fi\/w10p\/wp-json\/wp\/v2\/pages"}],"about":[{"href":"https:\/\/blogs2.abo.fi\/w10p\/wp-json\/wp\/v2\/types\/page"}],"author":[{"embeddable":true,"href":"https:\/\/blogs2.abo.fi\/w10p\/wp-json\/wp\/v2\/users\/116"}],"replies":[{"embeddable":true,"href":"https:\/\/blogs2.abo.fi\/w10p\/wp-json\/wp\/v2\/comments?post=98"}],"version-history":[{"count":3,"href":"https:\/\/blogs2.abo.fi\/w10p\/wp-json\/wp\/v2\/pages\/98\/revisions"}],"predecessor-version":[{"id":514,"href":"https:\/\/blogs2.abo.fi\/w10p\/wp-json\/wp\/v2\/pages\/98\/revisions\/514"}],"wp:attachment":[{"href":"https:\/\/blogs2.abo.fi\/w10p\/wp-json\/wp\/v2\/media?parent=98"}],"curies":[{"name":"wp","href":"https:\/\/api.w.org\/{rel}","templated":true}]}}