{"id":96,"date":"2014-10-21T12:08:47","date_gmt":"2014-10-21T10:08:47","guid":{"rendered":"http:\/\/blogs2.abo.fi\/lumia\/?page_id=96"},"modified":"2016-04-14T16:02:44","modified_gmt":"2016-04-14T14:02:44","slug":"steg5","status":"publish","type":"page","link":"https:\/\/blogs2.abo.fi\/w10p\/steg5\/","title":{"rendered":"Steg 5: Byt SIM PIN-kod"},"content":{"rendered":"<p>Du f\u00e5r inte beh\u00e5lla den f\u00f6rvalda koden 1234<\/p>\n<p>Ifall bu bara byter telefon men beh\u00e5ller ditt gamla SIM-kort kan du genast g\u00e5\u00a0 <a title=\"Steg 6: Sk\u00e4rml\u00e5s\" href=\"http:\/\/blogs2.abo.fi\/w10p\/steg6\/\">G\u00e5 vidare till steg\u00a06<\/a><\/p>\n<p>T\u00e4nk p\u00e5 att om du gl\u00f6mmer din SIM PIN-kod (efter 3 f\u00f6rs\u00f6k) beh\u00f6ver du en <a href=\"http:\/\/sv.wikipedia.org\/wiki\/PUK-kod\" target=\"_blank\">PUK-kod<\/a> f\u00f6r att l\u00e5sa upp PIN-koden.\u00a0PUK-kod f\u00e5r du fr\u00e5n <strong>V\u00c4XELN <\/strong>under kontorstid: Ring v\u00e4xeln p\u00e5 numret 02 \u2013 215 31 eller internt med numret 888<\/p>\n<p style=\"text-align: justify\"><strong>Tryck p\u00e5 <a href=\"http:\/\/www.windowsphone.com\/sv-SE\/how-to\/wp8\/phones-and-hardware\/the-three-buttons-back-start-and-search\" target=\"_blank\">Start<\/a>\u00a0<a href=\"http:\/\/blogs2.abo.fi\/w10p\/wp-content\/uploads\/sites\/45\/2014\/10\/hardware-icon-start-button_InvariantCulture_Default.png\"><img loading=\"lazy\" decoding=\"async\" class=\"size-full wp-image-63 alignnone\" src=\"http:\/\/blogs2.abo.fi\/w10p\/wp-content\/uploads\/sites\/45\/2014\/10\/hardware-icon-start-button_InvariantCulture_Default.png\" alt=\"hardware-icon-start-button_InvariantCulture_Default\" width=\"28\" height=\"28\" \/><\/a><\/strong><\/p>\n<p><strong><a href=\"http:\/\/www.windowsphone.com\/sv-SE\/how-to\/wp8\/basics\/gestures-swipe-pan-and-stretch\" target=\"_blank\">Svep<\/a> sk\u00e4rmen (\u00e5t v\u00e4nster) s\u00e5 att <a href=\"http:\/\/www.windowsphone.com\/sv-se\/how-to\/wp8\/settings-and-personalization\/wheres-the-app-list\" target=\"_blank\">Applistan blir synlig<\/a><\/strong><\/p>\n<p>Leta reda p\u00e5 applikationen <strong>Settings<a href=\"http:\/\/blogs2.abo.fi\/w10p\/wp-content\/uploads\/sites\/45\/2014\/10\/start-icon-settings_InvariantCulture_Default.png\"><img loading=\"lazy\" decoding=\"async\" class=\"size-full wp-image-73 alignnone\" src=\"http:\/\/blogs2.abo.fi\/w10p\/wp-content\/uploads\/sites\/45\/2014\/10\/start-icon-settings_InvariantCulture_Default.png\" alt=\"start-icon-settings_InvariantCulture_Default\" width=\"28\" height=\"28\" \/><\/a><\/strong><\/p>\n<p><strong>Settings &#8211;<\/strong><\/p>\n<ul>\n<li>Tryck p\u00e5 <strong>Network &amp; wireless<br \/>\n<\/strong><\/li>\n<\/ul>\n<p><a href=\"http:\/\/blogs2.abo.fi\/w10p\/steg5\/wp10simpin1\/\" rel=\"attachment wp-att-268\"><img loading=\"lazy\" decoding=\"async\" class=\"alignnone wp-image-471 \" src=\"http:\/\/blogs2.abo.fi\/w10p\/wp-content\/uploads\/sites\/45\/2014\/10\/wp10simpin1-160x300.png\" alt=\"\" width=\"160\" height=\"300\" srcset=\"https:\/\/blogs2.abo.fi\/w10p\/wp-content\/uploads\/sites\/45\/2014\/10\/wp10simpin1-160x300.png 160w, https:\/\/blogs2.abo.fi\/w10p\/wp-content\/uploads\/sites\/45\/2014\/10\/wp10simpin1-548x1024.png 548w, https:\/\/blogs2.abo.fi\/w10p\/wp-content\/uploads\/sites\/45\/2014\/10\/wp10simpin1.png 554w\" sizes=\"auto, (max-width: 160px) 100vw, 160px\" \/><\/a><\/p>\n<ul>\n<li>Tryck p\u00e5 <strong>Mobile &amp; SIM<\/strong><\/li>\n<\/ul>\n<p><a href=\"http:\/\/blogs2.abo.fi\/w10p\/steg5\/wp10simpin2\/\" rel=\"attachment wp-att-472\"><img loading=\"lazy\" decoding=\"async\" class=\"alignnone wp-image-472\" src=\"http:\/\/blogs2.abo.fi\/w10p\/wp-content\/uploads\/sites\/45\/2014\/10\/wp10simpin2-160x300.png\" alt=\"wp10simpin2\" width=\"161\" height=\"302\" srcset=\"https:\/\/blogs2.abo.fi\/w10p\/wp-content\/uploads\/sites\/45\/2014\/10\/wp10simpin2-160x300.png 160w, https:\/\/blogs2.abo.fi\/w10p\/wp-content\/uploads\/sites\/45\/2014\/10\/wp10simpin2-547x1024.png 547w, https:\/\/blogs2.abo.fi\/w10p\/wp-content\/uploads\/sites\/45\/2014\/10\/wp10simpin2.png 554w\" sizes=\"auto, (max-width: 161px) 100vw, 161px\" \/><\/a><\/p>\n<ul>\n<li>\u00a0Skrolla ner och tryck p\u00e5 <strong>SIM settings<\/strong><\/li>\n<\/ul>\n<p><a href=\"http:\/\/blogs2.abo.fi\/w10p\/steg5\/wp10simpin3\/\" rel=\"attachment wp-att-473\"><img loading=\"lazy\" decoding=\"async\" class=\"alignnone size-medium wp-image-473\" src=\"http:\/\/blogs2.abo.fi\/w10p\/wp-content\/uploads\/sites\/45\/2014\/10\/wp10simpin3-160x300.png\" alt=\"wp10simpin3\" width=\"160\" height=\"300\" srcset=\"https:\/\/blogs2.abo.fi\/w10p\/wp-content\/uploads\/sites\/45\/2014\/10\/wp10simpin3-160x300.png 160w, https:\/\/blogs2.abo.fi\/w10p\/wp-content\/uploads\/sites\/45\/2014\/10\/wp10simpin3-546x1024.png 546w, https:\/\/blogs2.abo.fi\/w10p\/wp-content\/uploads\/sites\/45\/2014\/10\/wp10simpin3.png 554w\" sizes=\"auto, (max-width: 160px) 100vw, 160px\" \/><\/a><\/p>\n<ul>\n<li>Skrolla ner och tryck p\u00e5 <strong>Change SIM PIN<\/strong><\/li>\n<\/ul>\n<p><a href=\"http:\/\/blogs2.abo.fi\/w10p\/steg5\/wp10simpin4\/\" rel=\"attachment wp-att-474\"><img loading=\"lazy\" decoding=\"async\" class=\"alignnone size-medium wp-image-474\" src=\"http:\/\/blogs2.abo.fi\/w10p\/wp-content\/uploads\/sites\/45\/2014\/10\/wp10simpin4-160x300.png\" alt=\"wp10simpin4\" width=\"160\" height=\"300\" srcset=\"https:\/\/blogs2.abo.fi\/w10p\/wp-content\/uploads\/sites\/45\/2014\/10\/wp10simpin4-160x300.png 160w, https:\/\/blogs2.abo.fi\/w10p\/wp-content\/uploads\/sites\/45\/2014\/10\/wp10simpin4-548x1024.png 548w, https:\/\/blogs2.abo.fi\/w10p\/wp-content\/uploads\/sites\/45\/2014\/10\/wp10simpin4.png 555w\" sizes=\"auto, (max-width: 160px) 100vw, 160px\" \/><\/a><\/p>\n<ul>\n<li><strong>SIM PIN<\/strong> skriv <strong>1234 <\/strong>(ifall du f\u00e5tt ett nytt SIM-kort)<strong><br \/>\n<\/strong><\/li>\n<li><strong>New SIM PIN<\/strong> hitta p\u00e5 ett nytt, xxxx<\/li>\n<li><strong>Confirm new SIM PIN<\/strong> xxxx tryck p\u00e5 <strong>OK<\/strong><\/li>\n<\/ul>\n<hr \/>\n<p><a title=\"Steg 6: Sk\u00e4rml\u00e5s\" href=\"http:\/\/blogs2.abo.fi\/w10p\/steg6\/\">G\u00e5 vidare till steg\u00a06<\/a><\/p>\n","protected":false},"excerpt":{"rendered":"<p>Du f\u00e5r inte beh\u00e5lla den f\u00f6rvalda koden 1234 Ifall bu bara byter telefon men beh\u00e5ller ditt gamla SIM-kort kan du genast g\u00e5\u00a0 G\u00e5 vidare till steg\u00a06 T\u00e4nk p\u00e5 att om du gl\u00f6mmer din SIM PIN-kod (efter 3 f\u00f6rs\u00f6k) beh\u00f6ver du en PUK-kod f\u00f6r att l\u00e5sa upp PIN-koden.\u00a0PUK-kod f\u00e5r du fr\u00e5n V\u00c4XELN under kontorstid: Ring v\u00e4xeln &hellip; <a href=\"https:\/\/blogs2.abo.fi\/w10p\/steg5\/\" class=\"more-link\">Forts\u00e4tt l\u00e4sa <span class=\"screen-reader-text\">Steg 5: Byt SIM PIN-kod<\/span><\/a><\/p>\n","protected":false},"author":116,"featured_media":0,"parent":0,"menu_order":0,"comment_status":"closed","ping_status":"open","template":"","meta":{"footnotes":""},"class_list":["post-96","page","type-page","status-publish","hentry"],"_links":{"self":[{"href":"https:\/\/blogs2.abo.fi\/w10p\/wp-json\/wp\/v2\/pages\/96","targetHints":{"allow":["GET"]}}],"collection":[{"href":"https:\/\/blogs2.abo.fi\/w10p\/wp-json\/wp\/v2\/pages"}],"about":[{"href":"https:\/\/blogs2.abo.fi\/w10p\/wp-json\/wp\/v2\/types\/page"}],"author":[{"embeddable":true,"href":"https:\/\/blogs2.abo.fi\/w10p\/wp-json\/wp\/v2\/users\/116"}],"replies":[{"embeddable":true,"href":"https:\/\/blogs2.abo.fi\/w10p\/wp-json\/wp\/v2\/comments?post=96"}],"version-history":[{"count":14,"href":"https:\/\/blogs2.abo.fi\/w10p\/wp-json\/wp\/v2\/pages\/96\/revisions"}],"predecessor-version":[{"id":516,"href":"https:\/\/blogs2.abo.fi\/w10p\/wp-json\/wp\/v2\/pages\/96\/revisions\/516"}],"wp:attachment":[{"href":"https:\/\/blogs2.abo.fi\/w10p\/wp-json\/wp\/v2\/media?parent=96"}],"curies":[{"name":"wp","href":"https:\/\/api.w.org\/{rel}","templated":true}]}}