{"id":90,"date":"2014-10-21T12:06:53","date_gmt":"2014-10-21T10:06:53","guid":{"rendered":"http:\/\/blogs2.abo.fi\/lumia\/?page_id=90"},"modified":"2016-04-01T14:13:34","modified_gmt":"2016-04-01T12:13:34","slug":"steg7","status":"publish","type":"page","link":"https:\/\/blogs2.abo.fi\/w10p\/steg7\/","title":{"rendered":"Steg 7: Kontakter och kalender"},"content":{"rendered":"<h4>Koppla upp telefonen mot \u00c5A:s Exchange-server<\/h4>\n<p>Telefonen synkroniserar kontakter och kalender med ditt konto p\u00e5 \u00c5A:s Exchange-server. Du kan ocks\u00e5 editera dina kontakter och kalender i Microsoft Outlook. Denna inst\u00e4llning beh\u00f6vs \u00e4ven f\u00f6r att du ska kunna radera all data p\u00e5 din telefon om den blir stulen\/borttappad.<\/p>\n<p><strong>Tryck p\u00e5 Start\u00a0 <a href=\"http:\/\/blogs2.abo.fi\/w10p\/wp-content\/uploads\/sites\/45\/2014\/10\/hardware-icon-start-button_InvariantCulture_Default.png\"><img loading=\"lazy\" decoding=\"async\" class=\"alignnone size-full wp-image-63\" src=\"http:\/\/blogs2.abo.fi\/w10p\/wp-content\/uploads\/sites\/45\/2014\/10\/hardware-icon-start-button_InvariantCulture_Default.png\" alt=\"hardware-icon-start-button_InvariantCulture_Default\" width=\"28\" height=\"28\" \/><\/a><\/strong><\/p>\n<p><strong>Svep sk\u00e4rmen (\u00e5t v\u00e4nster) s\u00e5 att <a href=\"http:\/\/www.windowsphone.com\/sv-se\/how-to\/wp8\/settings-and-personalization\/wheres-the-app-list\" target=\"_blank\">Applistan blir synlig<\/a><\/strong><\/p>\n<p>Leta reda p\u00e5 applikationen <strong>Settings <a href=\"http:\/\/blogs2.abo.fi\/w10p\/wp-content\/uploads\/sites\/45\/2014\/10\/start-icon-settings_InvariantCulture_Default.png\"><img loading=\"lazy\" decoding=\"async\" class=\"alignnone size-full wp-image-73\" src=\"http:\/\/blogs2.abo.fi\/w10p\/wp-content\/uploads\/sites\/45\/2014\/10\/start-icon-settings_InvariantCulture_Default.png\" alt=\"start-icon-settings_InvariantCulture_Default\" width=\"28\" height=\"28\" \/><\/a><\/strong><\/p>\n<p><a href=\"http:\/\/blogs2.abo.fi\/w10p\/steg5\/wp10simpin1\/\" rel=\"attachment wp-att-289\"><img loading=\"lazy\" decoding=\"async\" class=\"alignnone wp-image-471 size-medium\" src=\"http:\/\/blogs2.abo.fi\/w10p\/wp-content\/uploads\/sites\/45\/2014\/10\/wp10simpin1-160x300.png\" alt=\"\" width=\"160\" height=\"300\" srcset=\"https:\/\/blogs2.abo.fi\/w10p\/wp-content\/uploads\/sites\/45\/2014\/10\/wp10simpin1-160x300.png 160w, https:\/\/blogs2.abo.fi\/w10p\/wp-content\/uploads\/sites\/45\/2014\/10\/wp10simpin1-548x1024.png 548w, https:\/\/blogs2.abo.fi\/w10p\/wp-content\/uploads\/sites\/45\/2014\/10\/wp10simpin1.png 554w\" sizes=\"auto, (max-width: 160px) 100vw, 160px\" \/><\/a><\/p>\n<ul>\n<li>Tryck p\u00e5 <strong>Accounts <\/strong><\/li>\n<\/ul>\n<p><a href=\"http:\/\/blogs2.abo.fi\/w10p\/steg7\/wp10accounts1\/\" rel=\"attachment wp-att-288\"><img loading=\"lazy\" decoding=\"async\" class=\"alignnone wp-image-492 size-medium\" src=\"http:\/\/blogs2.abo.fi\/w10p\/wp-content\/uploads\/sites\/45\/2014\/10\/wp10accounts1-161x300.png\" alt=\"\" width=\"161\" height=\"300\" srcset=\"https:\/\/blogs2.abo.fi\/w10p\/wp-content\/uploads\/sites\/45\/2014\/10\/wp10accounts1-161x300.png 161w, https:\/\/blogs2.abo.fi\/w10p\/wp-content\/uploads\/sites\/45\/2014\/10\/wp10accounts1-551x1024.png 551w, https:\/\/blogs2.abo.fi\/w10p\/wp-content\/uploads\/sites\/45\/2014\/10\/wp10accounts1.png 559w\" sizes=\"auto, (max-width: 161px) 100vw, 161px\" \/><\/a><\/p>\n<ul>\n<li>Tryck p\u00e5 <strong>Your email and accounts <\/strong><\/li>\n<\/ul>\n<p><a href=\"http:\/\/blogs2.abo.fi\/w10p\/steg7\/wp10accounts2\/\" rel=\"attachment wp-att-287\"><img loading=\"lazy\" decoding=\"async\" class=\"alignnone wp-image-493 size-medium\" src=\"http:\/\/blogs2.abo.fi\/w10p\/wp-content\/uploads\/sites\/45\/2014\/10\/wp10accounts2-162x300.png\" alt=\"\" width=\"162\" height=\"300\" srcset=\"https:\/\/blogs2.abo.fi\/w10p\/wp-content\/uploads\/sites\/45\/2014\/10\/wp10accounts2-162x300.png 162w, https:\/\/blogs2.abo.fi\/w10p\/wp-content\/uploads\/sites\/45\/2014\/10\/wp10accounts2-552x1024.png 552w, https:\/\/blogs2.abo.fi\/w10p\/wp-content\/uploads\/sites\/45\/2014\/10\/wp10accounts2.png 560w\" sizes=\"auto, (max-width: 162px) 100vw, 162px\" \/><\/a><\/p>\n<ul>\n<li>Tryck p\u00e5 <strong>Add an account <\/strong><\/li>\n<\/ul>\n<p><a href=\"http:\/\/blogs2.abo.fi\/w10p\/steg7\/wp10accounts3\/\" rel=\"attachment wp-att-286\"><img loading=\"lazy\" decoding=\"async\" class=\"alignnone wp-image-494 size-medium\" src=\"http:\/\/blogs2.abo.fi\/w10p\/wp-content\/uploads\/sites\/45\/2014\/10\/wp10accounts3-162x300.png\" alt=\"\" width=\"162\" height=\"300\" srcset=\"https:\/\/blogs2.abo.fi\/w10p\/wp-content\/uploads\/sites\/45\/2014\/10\/wp10accounts3-162x300.png 162w, https:\/\/blogs2.abo.fi\/w10p\/wp-content\/uploads\/sites\/45\/2014\/10\/wp10accounts3-553x1024.png 553w, https:\/\/blogs2.abo.fi\/w10p\/wp-content\/uploads\/sites\/45\/2014\/10\/wp10accounts3.png 560w\" sizes=\"auto, (max-width: 162px) 100vw, 162px\" \/><\/a><\/p>\n<ol>\n<li>Tryck p\u00e5 <strong>Advanced set-up<\/strong><\/li>\n<li>Tryck p\u00e5 <strong>Exchange ActiveSync<\/strong><\/li>\n<\/ol>\n<p><a href=\"http:\/\/blogs2.abo.fi\/w10p\/steg7\/wp10accounts4\/\" rel=\"attachment wp-att-285\"><img loading=\"lazy\" decoding=\"async\" class=\"alignnone wp-image-496 size-medium\" src=\"http:\/\/blogs2.abo.fi\/w10p\/wp-content\/uploads\/sites\/45\/2014\/10\/wp10accounts4-159x300.png\" alt=\"\" width=\"159\" height=\"300\" srcset=\"https:\/\/blogs2.abo.fi\/w10p\/wp-content\/uploads\/sites\/45\/2014\/10\/wp10accounts4-159x300.png 159w, https:\/\/blogs2.abo.fi\/w10p\/wp-content\/uploads\/sites\/45\/2014\/10\/wp10accounts4-544x1024.png 544w, https:\/\/blogs2.abo.fi\/w10p\/wp-content\/uploads\/sites\/45\/2014\/10\/wp10accounts4.png 552w\" sizes=\"auto, (max-width: 159px) 100vw, 159px\" \/><\/a><\/p>\n<p>Fyll i enligt f\u00f6ljande<\/p>\n<ol>\n<li><strong>Email address <\/strong>Skriv din e-postadress som<strong> F<a href=\"mailto:fornamn.efternamn@abo.fi\">ornamn.Efternamn@abo.fi<\/a><\/strong><\/li>\n<li><strong>Password<\/strong> Skriv in ditt <strong>akademil\u00f6senord<\/strong> ***************<\/li>\n<li><strong>Username:<\/strong> Skriv <strong>anv\u00e4ndarnamnet<\/strong> i formatet <strong>username <\/strong>(kortnamn)<strong><br \/>\n<\/strong><\/li>\n<li><strong>Domain:<\/strong>\u00a0 <strong>abo.fi<\/strong><\/li>\n<li><strong>Server:<\/strong> exchange.abo.fi<\/li>\n<li><strong>Account name:<\/strong> Abo Exchange<\/li>\n<li>(Beh\u00e5ll kruxet f\u00f6r Server requires encrypted SSL connection)<\/li>\n<li>Tryck p\u00e5 <strong>Sign-in<\/strong><\/li>\n<\/ol>\n<p><strong>Syncing&#8230; <\/strong>(detta kan ta tid)<\/p>\n<hr \/>\n<p><a title=\"Steg 8: St\u00e4ll in e-post p\u00e5 din telefon\" href=\"http:\/\/blogs2.abo.fi\/w10p\/steg8\/\">G\u00e5 vidare till steg\u00a08<\/a><\/p>\n","protected":false},"excerpt":{"rendered":"<p>Koppla upp telefonen mot \u00c5A:s Exchange-server Telefonen synkroniserar kontakter och kalender med ditt konto p\u00e5 \u00c5A:s Exchange-server. Du kan ocks\u00e5 editera dina kontakter och kalender i Microsoft Outlook. Denna inst\u00e4llning beh\u00f6vs \u00e4ven f\u00f6r att du ska kunna radera all data p\u00e5 din telefon om den blir stulen\/borttappad. Tryck p\u00e5 Start\u00a0 Svep sk\u00e4rmen (\u00e5t v\u00e4nster) s\u00e5 &hellip; <a href=\"https:\/\/blogs2.abo.fi\/w10p\/steg7\/\" class=\"more-link\">Forts\u00e4tt l\u00e4sa <span class=\"screen-reader-text\">Steg 7: Kontakter och kalender<\/span><\/a><\/p>\n","protected":false},"author":116,"featured_media":0,"parent":0,"menu_order":0,"comment_status":"closed","ping_status":"closed","template":"","meta":{"footnotes":""},"class_list":["post-90","page","type-page","status-publish","hentry"],"_links":{"self":[{"href":"https:\/\/blogs2.abo.fi\/w10p\/wp-json\/wp\/v2\/pages\/90","targetHints":{"allow":["GET"]}}],"collection":[{"href":"https:\/\/blogs2.abo.fi\/w10p\/wp-json\/wp\/v2\/pages"}],"about":[{"href":"https:\/\/blogs2.abo.fi\/w10p\/wp-json\/wp\/v2\/types\/page"}],"author":[{"embeddable":true,"href":"https:\/\/blogs2.abo.fi\/w10p\/wp-json\/wp\/v2\/users\/116"}],"replies":[{"embeddable":true,"href":"https:\/\/blogs2.abo.fi\/w10p\/wp-json\/wp\/v2\/comments?post=90"}],"version-history":[{"count":7,"href":"https:\/\/blogs2.abo.fi\/w10p\/wp-json\/wp\/v2\/pages\/90\/revisions"}],"predecessor-version":[{"id":499,"href":"https:\/\/blogs2.abo.fi\/w10p\/wp-json\/wp\/v2\/pages\/90\/revisions\/499"}],"wp:attachment":[{"href":"https:\/\/blogs2.abo.fi\/w10p\/wp-json\/wp\/v2\/media?parent=90"}],"curies":[{"name":"wp","href":"https:\/\/api.w.org\/{rel}","templated":true}]}}