{"id":80,"date":"2014-10-21T11:53:46","date_gmt":"2014-10-21T09:53:46","guid":{"rendered":"http:\/\/blogs2.abo.fi\/lumia\/?page_id=80"},"modified":"2016-03-31T15:46:03","modified_gmt":"2016-03-31T13:46:03","slug":"steg6","status":"publish","type":"page","link":"https:\/\/blogs2.abo.fi\/w10p\/steg6\/","title":{"rendered":"Steg 6: L\u00e5ssk\u00e4rm"},"content":{"rendered":"<p><strong>Obs! <\/strong>Kom ih\u00e5g\/skriv upp l\u00e5skoden. Om du gl\u00f6mmer koden till l\u00e5ssk\u00e4rmen f\u00f6rlorar du all information. Telefonen kan d\u00e4refter endast anv\u00e4ndas om den <a href=\"http:\/\/www.windowsphone.com\/sv-SE\/how-to\/wp8\/settings-and-personalization\/reset-my-phone\" target=\"_blank\">\u00e5terst\u00e4lls till de ursprungliga fabriksinst\u00e4llningarna<\/a>.<\/p>\n<p>Notera: Detta \u00e4r allts\u00e5 inte samma sak som din SIM PIN-kod.<\/p>\n<p style=\"text-align: justify\"><strong>Tryck p\u00e5 <a href=\"http:\/\/www.windowsphone.com\/sv-SE\/how-to\/wp8\/phones-and-hardware\/the-three-buttons-back-start-and-search\" target=\"_blank\">Start<\/a> <a href=\"http:\/\/blogs2.abo.fi\/w10p\/wp-content\/uploads\/sites\/45\/2014\/10\/hardware-icon-start-button_InvariantCulture_Default.png\"><img loading=\"lazy\" decoding=\"async\" class=\"alignnone size-full wp-image-63\" src=\"http:\/\/blogs2.abo.fi\/w10p\/wp-content\/uploads\/sites\/45\/2014\/10\/hardware-icon-start-button_InvariantCulture_Default.png\" alt=\"hardware-icon-start-button_InvariantCulture_Default\" width=\"28\" height=\"28\" \/><\/a><\/strong><\/p>\n<p><strong><a href=\"http:\/\/www.windowsphone.com\/sv-SE\/how-to\/wp8\/basics\/gestures-swipe-pan-and-stretch\" target=\"_blank\">Svep<\/a> sk\u00e4rmen (\u00e5t v\u00e4nster) s\u00e5 att <a href=\"http:\/\/www.windowsphone.com\/sv-se\/how-to\/wp8\/settings-and-personalization\/wheres-the-app-list\" target=\"_blank\">Applistan blir synlig<\/a><\/strong><\/p>\n<p style=\"text-align: justify\">Leta reda p\u00e5 applikationen <strong>Settings <a href=\"http:\/\/blogs2.abo.fi\/w10p\/wp-content\/uploads\/sites\/45\/2014\/10\/start-icon-settings_InvariantCulture_Default.png\"><img loading=\"lazy\" decoding=\"async\" class=\"size-full wp-image-73\" src=\"http:\/\/blogs2.abo.fi\/w10p\/wp-content\/uploads\/sites\/45\/2014\/10\/start-icon-settings_InvariantCulture_Default.png\" alt=\"start-icon-settings_InvariantCulture_Default\" width=\"28\" height=\"28\" \/><\/a><\/strong><\/p>\n<p><a href=\"http:\/\/blogs2.abo.fi\/w10p\/steg5\/wp10simpin1\/\" rel=\"attachment wp-att-275\"><img loading=\"lazy\" decoding=\"async\" class=\"alignnone wp-image-471 size-medium\" src=\"http:\/\/blogs2.abo.fi\/w10p\/wp-content\/uploads\/sites\/45\/2014\/10\/wp10simpin1-160x300.png\" alt=\"\" width=\"160\" height=\"300\" srcset=\"https:\/\/blogs2.abo.fi\/w10p\/wp-content\/uploads\/sites\/45\/2014\/10\/wp10simpin1-160x300.png 160w, https:\/\/blogs2.abo.fi\/w10p\/wp-content\/uploads\/sites\/45\/2014\/10\/wp10simpin1-548x1024.png 548w, https:\/\/blogs2.abo.fi\/w10p\/wp-content\/uploads\/sites\/45\/2014\/10\/wp10simpin1.png 554w\" sizes=\"auto, (max-width: 160px) 100vw, 160px\" \/><\/a><\/p>\n<ul>\n<li>Tryck p\u00e5 <strong>Personalisation<\/strong><\/li>\n<\/ul>\n<p><a href=\"http:\/\/blogs2.abo.fi\/w10p\/steg6\/wp10locksceen1\/\" rel=\"attachment wp-att-276\"><img loading=\"lazy\" decoding=\"async\" class=\"alignnone wp-image-480 size-medium\" src=\"http:\/\/blogs2.abo.fi\/w10p\/wp-content\/uploads\/sites\/45\/2014\/10\/wp10locksceen1-161x300.png\" alt=\"\" width=\"161\" height=\"300\" srcset=\"https:\/\/blogs2.abo.fi\/w10p\/wp-content\/uploads\/sites\/45\/2014\/10\/wp10locksceen1-161x300.png 161w, https:\/\/blogs2.abo.fi\/w10p\/wp-content\/uploads\/sites\/45\/2014\/10\/wp10locksceen1-548x1024.png 548w, https:\/\/blogs2.abo.fi\/w10p\/wp-content\/uploads\/sites\/45\/2014\/10\/wp10locksceen1.png 555w\" sizes=\"auto, (max-width: 161px) 100vw, 161px\" \/><\/a><\/p>\n<ul>\n<li><strong>Tryck p\u00e5 L<strong>ock screen<\/strong><\/strong><\/li>\n<\/ul>\n<p><a href=\"http:\/\/blogs2.abo.fi\/w10p\/steg6\/wp10locksceen2\/\" rel=\"attachment wp-att-278\"><img loading=\"lazy\" decoding=\"async\" class=\"alignnone wp-image-481 size-medium\" src=\"http:\/\/blogs2.abo.fi\/w10p\/wp-content\/uploads\/sites\/45\/2014\/10\/wp10locksceen2-162x300.png\" alt=\"\" width=\"162\" height=\"300\" srcset=\"https:\/\/blogs2.abo.fi\/w10p\/wp-content\/uploads\/sites\/45\/2014\/10\/wp10locksceen2-162x300.png 162w, https:\/\/blogs2.abo.fi\/w10p\/wp-content\/uploads\/sites\/45\/2014\/10\/wp10locksceen2-552x1024.png 552w, https:\/\/blogs2.abo.fi\/w10p\/wp-content\/uploads\/sites\/45\/2014\/10\/wp10locksceen2.png 558w\" sizes=\"auto, (max-width: 162px) 100vw, 162px\" \/><\/a><\/p>\n<ol>\n<li><strong>Screen times out after<\/strong> Ange efter hur m\u00e5nga minuter l\u00e5ssk\u00e4rmen sl\u00e5s p\u00e5 automatiskt d\u00e5 telefonen inte anv\u00e4nds (h\u00f6gst 5 minuter till\u00e5tet).<\/li>\n<li>Tryck p\u00e5<strong> Sign-in options <\/strong><\/li>\n<\/ol>\n<p><a href=\"http:\/\/blogs2.abo.fi\/w10p\/steg6\/wp10locksceen3\/\" rel=\"attachment wp-att-280\"><img loading=\"lazy\" decoding=\"async\" class=\"alignnone wp-image-482 size-medium\" src=\"http:\/\/blogs2.abo.fi\/w10p\/wp-content\/uploads\/sites\/45\/2014\/10\/wp10locksceen3-161x300.png\" alt=\"\" width=\"161\" height=\"300\" srcset=\"https:\/\/blogs2.abo.fi\/w10p\/wp-content\/uploads\/sites\/45\/2014\/10\/wp10locksceen3-161x300.png 161w, https:\/\/blogs2.abo.fi\/w10p\/wp-content\/uploads\/sites\/45\/2014\/10\/wp10locksceen3-549x1024.png 549w, https:\/\/blogs2.abo.fi\/w10p\/wp-content\/uploads\/sites\/45\/2014\/10\/wp10locksceen3.png 556w\" sizes=\"auto, (max-width: 161px) 100vw, 161px\" \/><\/a><\/p>\n<ul>\n<li>Tryck p\u00e5 <strong>Add<\/strong><\/li>\n<\/ul>\n<p><a href=\"http:\/\/blogs2.abo.fi\/w10p\/steg6\/wp10locksceen4\/\" rel=\"attachment wp-att-483\"><img loading=\"lazy\" decoding=\"async\" class=\"alignnone size-medium wp-image-483\" src=\"http:\/\/blogs2.abo.fi\/w10p\/wp-content\/uploads\/sites\/45\/2014\/10\/wp10locksceen4-161x300.png\" alt=\"wp10locksceen4\" width=\"161\" height=\"300\" srcset=\"https:\/\/blogs2.abo.fi\/w10p\/wp-content\/uploads\/sites\/45\/2014\/10\/wp10locksceen4-161x300.png 161w, https:\/\/blogs2.abo.fi\/w10p\/wp-content\/uploads\/sites\/45\/2014\/10\/wp10locksceen4-550x1024.png 550w, https:\/\/blogs2.abo.fi\/w10p\/wp-content\/uploads\/sites\/45\/2014\/10\/wp10locksceen4.png 557w\" sizes=\"auto, (max-width: 161px) 100vw, 161px\" \/><\/a><\/p>\n<ol>\n<li>Skapa ditt l\u00f6senord f\u00f6r l\u00e5ssk\u00e4rmen<\/li>\n<li>Tryck\u00a0p\u00e5 <strong>OK<\/strong><\/li>\n<\/ol>\n<p>H\u00e4r kan du l\u00e4sa mer. <a href=\"http:\/\/www.windowsphone.com\/sv-SE\/how-to\/wp8\/settings-and-personalization\/lock-screen-faq\" target=\"_blank\">Vanliga fr\u00e5gor och svar om l\u00e5ssk\u00e4rmen<\/a><\/p>\n<hr \/>\n<p><a title=\"Steg 7: Kontakter och kalender\" href=\"http:\/\/blogs2.abo.fi\/w10p\/steg7\/\">G\u00e5 vidare till steg\u00a07<\/a><\/p>\n","protected":false},"excerpt":{"rendered":"<p>Obs! Kom ih\u00e5g\/skriv upp l\u00e5skoden. Om du gl\u00f6mmer koden till l\u00e5ssk\u00e4rmen f\u00f6rlorar du all information. Telefonen kan d\u00e4refter endast anv\u00e4ndas om den \u00e5terst\u00e4lls till de ursprungliga fabriksinst\u00e4llningarna. Notera: Detta \u00e4r allts\u00e5 inte samma sak som din SIM PIN-kod. Tryck p\u00e5 Start Svep sk\u00e4rmen (\u00e5t v\u00e4nster) s\u00e5 att Applistan blir synlig Leta reda p\u00e5 applikationen Settings &hellip; <a href=\"https:\/\/blogs2.abo.fi\/w10p\/steg6\/\" class=\"more-link\">Forts\u00e4tt l\u00e4sa <span class=\"screen-reader-text\">Steg 6: L\u00e5ssk\u00e4rm<\/span><\/a><\/p>\n","protected":false},"author":8,"featured_media":0,"parent":0,"menu_order":0,"comment_status":"closed","ping_status":"open","template":"","meta":{"footnotes":""},"class_list":["post-80","page","type-page","status-publish","hentry"],"_links":{"self":[{"href":"https:\/\/blogs2.abo.fi\/w10p\/wp-json\/wp\/v2\/pages\/80","targetHints":{"allow":["GET"]}}],"collection":[{"href":"https:\/\/blogs2.abo.fi\/w10p\/wp-json\/wp\/v2\/pages"}],"about":[{"href":"https:\/\/blogs2.abo.fi\/w10p\/wp-json\/wp\/v2\/types\/page"}],"author":[{"embeddable":true,"href":"https:\/\/blogs2.abo.fi\/w10p\/wp-json\/wp\/v2\/users\/8"}],"replies":[{"embeddable":true,"href":"https:\/\/blogs2.abo.fi\/w10p\/wp-json\/wp\/v2\/comments?post=80"}],"version-history":[{"count":6,"href":"https:\/\/blogs2.abo.fi\/w10p\/wp-json\/wp\/v2\/pages\/80\/revisions"}],"predecessor-version":[{"id":488,"href":"https:\/\/blogs2.abo.fi\/w10p\/wp-json\/wp\/v2\/pages\/80\/revisions\/488"}],"wp:attachment":[{"href":"https:\/\/blogs2.abo.fi\/w10p\/wp-json\/wp\/v2\/media?parent=80"}],"curies":[{"name":"wp","href":"https:\/\/api.w.org\/{rel}","templated":true}]}}