{"id":45,"date":"2014-10-21T10:30:51","date_gmt":"2014-10-21T08:30:51","guid":{"rendered":"http:\/\/blogs2.abo.fi\/testest\/?page_id=45"},"modified":"2016-02-04T14:15:18","modified_gmt":"2016-02-04T12:15:18","slug":"steg1","status":"publish","type":"page","link":"https:\/\/blogs2.abo.fi\/w10p\/","title":{"rendered":"Steg 1: Allm\u00e4n information"},"content":{"rendered":"<p><span style=\"color: #008000\"><strong>Hej och v\u00e4lkommen<\/strong><\/span> till den h\u00e4r guiden som lotsar dig steg f\u00f6r steg genom de inst\u00e4llningar som ska g\u00f6ras f\u00f6r att din nya telefon ska b\u00f6rja fungera!<\/p>\n<p>Denna guide g\u00e4ller i skrivande stund <strong>Lumia\u00a0550<\/strong> och <strong>950<\/strong><\/p>\n<p>Vi b\u00f6rjar med att ber\u00e4tta lite allm\u00e4nt om telefonen i den h\u00e4r videon \u00a0(3 min.)<\/p>\n<p><iframe loading=\"lazy\"  id=\"_ytid_64186\"  width=\"660\" height=\"371\"  data-origwidth=\"660\" data-origheight=\"371\" src=\"https:\/\/www.youtube.com\/embed\/lrE-U9Lh0eo?enablejsapi=1&#038;autoplay=0&#038;cc_load_policy=0&#038;cc_lang_pref=&#038;iv_load_policy=1&#038;loop=0&#038;rel=1&#038;fs=1&#038;playsinline=0&#038;autohide=2&#038;theme=dark&#038;color=red&#038;controls=1&#038;disablekb=0&#038;\" class=\"__youtube_prefs__  epyt-is-override  no-lazyload\" title=\"YouTube player\"  allow=\"fullscreen; accelerometer; autoplay; clipboard-write; encrypted-media; gyroscope; picture-in-picture; web-share\" referrerpolicy=\"strict-origin-when-cross-origin\" allowfullscreen data-no-lazy=\"1\" data-skipgform_ajax_framebjll=\"\"><\/iframe><\/p>\n<hr \/>\n<p><a title=\"Steg 2: S\u00e4tt i SIM-kortet och batteriet\" href=\"http:\/\/blogs2.abo.fi\/w10p\/steg2\/\">G\u00e5 vidare till steg 2<\/a><\/p>\n","protected":false},"excerpt":{"rendered":"<p>Hej och v\u00e4lkommen till den h\u00e4r guiden som lotsar dig steg f\u00f6r steg genom de inst\u00e4llningar som ska g\u00f6ras f\u00f6r att din nya telefon ska b\u00f6rja fungera! Denna guide g\u00e4ller i skrivande stund Lumia\u00a0550 och 950 Vi b\u00f6rjar med att ber\u00e4tta lite allm\u00e4nt om telefonen i den h\u00e4r videon \u00a0(3 min.) G\u00e5 vidare till steg &hellip; <a href=\"https:\/\/blogs2.abo.fi\/w10p\/\" class=\"more-link\">Forts\u00e4tt l\u00e4sa <span class=\"screen-reader-text\">Steg 1: Allm\u00e4n information<\/span><\/a><\/p>\n","protected":false},"author":116,"featured_media":0,"parent":0,"menu_order":0,"comment_status":"closed","ping_status":"closed","template":"","meta":{"footnotes":""},"class_list":["post-45","page","type-page","status-publish","hentry"],"_links":{"self":[{"href":"https:\/\/blogs2.abo.fi\/w10p\/wp-json\/wp\/v2\/pages\/45","targetHints":{"allow":["GET"]}}],"collection":[{"href":"https:\/\/blogs2.abo.fi\/w10p\/wp-json\/wp\/v2\/pages"}],"about":[{"href":"https:\/\/blogs2.abo.fi\/w10p\/wp-json\/wp\/v2\/types\/page"}],"author":[{"embeddable":true,"href":"https:\/\/blogs2.abo.fi\/w10p\/wp-json\/wp\/v2\/users\/116"}],"replies":[{"embeddable":true,"href":"https:\/\/blogs2.abo.fi\/w10p\/wp-json\/wp\/v2\/comments?post=45"}],"version-history":[{"count":4,"href":"https:\/\/blogs2.abo.fi\/w10p\/wp-json\/wp\/v2\/pages\/45\/revisions"}],"predecessor-version":[{"id":427,"href":"https:\/\/blogs2.abo.fi\/w10p\/wp-json\/wp\/v2\/pages\/45\/revisions\/427"}],"wp:attachment":[{"href":"https:\/\/blogs2.abo.fi\/w10p\/wp-json\/wp\/v2\/media?parent=45"}],"curies":[{"name":"wp","href":"https:\/\/api.w.org\/{rel}","templated":true}]}}