{"id":920,"date":"2024-02-25T21:19:56","date_gmt":"2024-02-25T19:19:56","guid":{"rendered":"https:\/\/blogs2.abo.fi\/vocalis\/?page_id=920"},"modified":"2024-03-21T09:03:01","modified_gmt":"2024-03-21T07:03:01","slug":"arsfestveckans-program","status":"publish","type":"page","link":"https:\/\/blogs2.abo.fi\/vocalis\/arsfestveckans-program\/","title":{"rendered":"\u00c5rsfestveckans program"},"content":{"rendered":"<h1>M\u00e5ndag: Filmkv\u00e4ll<\/h1>\n<p><strong>Vad?<\/strong> Filmkv\u00e4ll<br \/>\n<strong>N\u00e4r?<\/strong> M\u00e5ndagen 8.4.2024 kl.18.<br \/>\n<strong>Var?<\/strong> Bikupan (C304)<\/p>\n<p>Film v\u00e4ljs senare.<br \/>\nBring your own snacks!<br \/>\nPris: gratis<\/p>\n<h1>Tisdag: Poledancing<\/h1>\n<p><strong>Vad?<\/strong> Pole dancing<br \/>\n<strong>N\u00e4r?<\/strong> Tisdagen 9.4 kl.15.30-16.30.<br \/>\n<strong>Var?<\/strong> Rock the pole Turku<\/p>\n<p>Pris: ca 10\u20ac (exakt pris fastst\u00e4lls senare, beror p\u00e5 deltagarm\u00e4ngd)<br \/>\nAnm\u00e4lan \u00f6ppnas m\u00e5 <strong>25.3 kl.10<\/strong>.<br \/>\nAnm\u00e4lningsl\u00e4nk:\u00a0<a href=\"https:\/\/tinyurl.se\/94X\">https:\/\/tinyurl.se\/94X<\/a><\/p>\n<h1>Onsdag: Quincea\u00f1era sitz<\/h1>\n<p><strong>Vad?<\/strong> Quincea\u00f1era sitz<br \/>\n<strong>N\u00e4r?<\/strong> Onsdagen 10.4.2023<br \/>\n<strong>Var?<\/strong> p\u00e5 F<br \/>\n<strong>Pris<\/strong>: 14\u20ac\/12\u20ac (alkoholfri)<\/p>\n<p>Anm\u00e4lan f\u00f6r Vocalismedlemmar m\u00e5 <strong>25.3 kl.12.00<\/strong> och f\u00f6r \u00f6vriga ons 27.3 kl.12.00.<br \/>\nAnm\u00e4lningsl\u00e4nk:\u00a0<a href=\"https:\/\/tinyurl.se\/94Y\">https:\/\/tinyurl.se\/94Y<\/a><\/p>\n<h1>Torsdag: Paint &amp; Wine<\/h1>\n<p><strong>Vad?<\/strong> Paint &amp; Wine<br \/>\n<strong>N\u00e4r?<\/strong> to 11.4 kl.18<br \/>\n<strong>Var?<\/strong> Marlirummet (K\u00e5ren)<br \/>\n<strong>Pris?<\/strong> Kring 6\u20ac (exakt pris fastst\u00e4lls senare, beror p\u00e5 deltagarantal)<\/p>\n<p>Efter m\u00e5landet finns det \u00e4ven m\u00f6jlighet att bada bastu! BYOB f\u00f6r det.<\/p>\n<p>Anm\u00e4lan: m\u00e5 <strong>25.3 kl.14<br \/>\n<\/strong>Anm\u00e4lningsl\u00e4nk:\u00a0<a href=\"https:\/\/tinyurl.se\/94Z\">https:\/\/tinyurl.se\/94Z<\/a><\/p>\n","protected":false},"excerpt":{"rendered":"<p>M\u00e5ndag: Filmkv\u00e4ll Vad? Filmkv\u00e4ll N\u00e4r? M\u00e5ndagen 8.4.2024 kl.18. Var? Bikupan (C304) Film v\u00e4ljs senare. Bring your own snacks! Pris: gratis Tisdag: Poledancing Vad? Pole dancing N\u00e4r? Tisdagen 9.4 kl.15.30-16.30. Var? Rock the pole Turku Pris: ca 10\u20ac (exakt pris fastst\u00e4lls &hellip; <a href=\"https:\/\/blogs2.abo.fi\/vocalis\/arsfestveckans-program\/\">Forts\u00e4tt l\u00e4sa <span class=\"meta-nav\">&rarr;<\/span><\/a><\/p>\n","protected":false},"author":903,"featured_media":0,"parent":0,"menu_order":0,"comment_status":"closed","ping_status":"closed","template":"","meta":{"footnotes":""},"class_list":["post-920","page","type-page","status-publish","hentry"],"_links":{"self":[{"href":"https:\/\/blogs2.abo.fi\/vocalis\/wp-json\/wp\/v2\/pages\/920","targetHints":{"allow":["GET"]}}],"collection":[{"href":"https:\/\/blogs2.abo.fi\/vocalis\/wp-json\/wp\/v2\/pages"}],"about":[{"href":"https:\/\/blogs2.abo.fi\/vocalis\/wp-json\/wp\/v2\/types\/page"}],"author":[{"embeddable":true,"href":"https:\/\/blogs2.abo.fi\/vocalis\/wp-json\/wp\/v2\/users\/903"}],"replies":[{"embeddable":true,"href":"https:\/\/blogs2.abo.fi\/vocalis\/wp-json\/wp\/v2\/comments?post=920"}],"version-history":[{"count":3,"href":"https:\/\/blogs2.abo.fi\/vocalis\/wp-json\/wp\/v2\/pages\/920\/revisions"}],"predecessor-version":[{"id":943,"href":"https:\/\/blogs2.abo.fi\/vocalis\/wp-json\/wp\/v2\/pages\/920\/revisions\/943"}],"wp:attachment":[{"href":"https:\/\/blogs2.abo.fi\/vocalis\/wp-json\/wp\/v2\/media?parent=920"}],"curies":[{"name":"wp","href":"https:\/\/api.w.org\/{rel}","templated":true}]}}