{"id":900,"date":"2024-02-21T22:49:11","date_gmt":"2024-02-21T20:49:11","guid":{"rendered":"https:\/\/blogs2.abo.fi\/vocalis\/?page_id=900"},"modified":"2024-03-18T10:53:06","modified_gmt":"2024-03-18T08:53:06","slug":"vocalis-xv-2","status":"publish","type":"page","link":"https:\/\/blogs2.abo.fi\/vocalis\/vocalis-xv-2\/","title":{"rendered":"Vocalis XV"},"content":{"rendered":"<p><strong>\u00c5rsfestinfo<\/strong><\/p>\n<p>Hj\u00e4rtligt v\u00e4lkomna att fira Vocalis XV \u00e5rsfest p\u00e5 K\u00e5ren l\u00f6rdagen den 13:e april 2024!<\/p>\n<p><strong>Tidtabell och program<br \/>\n<\/strong>Festligheterna inleds med Solenn Akt kl. 16:00 p\u00e5 K\u00e5ren (Tavastgatan 22) i Argentina salen.<br \/>\nI samband med Solenn Akten har ni m\u00f6jlighet att framf\u00f6ra en h\u00e4lsning till f\u00f6reningen.<\/p>\n<p>\u00c5rsfestbanketten, som f\u00f6ljer Solenn Akten, \u00e4r p\u00e5 K\u00e5ren i festsalen. Cocktail tillf\u00e4llet b\u00f6rjar kl. 17:00, och vi s\u00e4tter oss till bords kl. 17:30. Efter banketten \u00e4r det dags f\u00f6r Nachspiel p\u00e5 MK, som b\u00f6rjar kl. 00:00.<\/p>\n<p>Sillfrukosten serveras p\u00e5 Q-talo (Nummisparkgatan 2) s\u00f6ndagen den 14:e april, kl. 12:00.<\/p>\n<p><strong>Pris<br \/>\n<\/strong>Sup\u00e9kortet kostar:<br \/>\n85 \u20ac f\u00f6r studerande (medlem)<br \/>\n95 \u20ac f\u00f6r studerande (\u00f6vrig)<br \/>\n100 \u20ac f\u00f6r graduerade.<\/p>\n<p>Underst\u00f6dsbiljett kan k\u00f6pas f\u00f6r 120 \u20ac.<\/p>\n<p>Sillfrukosten kostar 15 \u20ac.<\/p>\n<p>Kl\u00e4dsel p\u00e5 \u00e5rsfesten \u00e4r festdr\u00e4kt med akademiska hederstecken.<\/p>\n<p><strong>Anm\u00e4lan<\/strong><\/p>\n<p><strong>Inbjudna g\u00e4ster<br \/>\n<\/strong>Anm\u00e4lan f\u00f6r inbjudna g\u00e4ster \u00f6ppnas fr.o.m. <strong>4.3.2024<\/strong> kl.12:00. Platserna h\u00e5lls reserverade fram till den <strong>17.3<\/strong>, och efter det \u00f6ppnas platserna upp till Vocalis medlemmar. Inbjudna g\u00e4ster kan forts\u00e4tta anm\u00e4la sig under den allm\u00e4nna anm\u00e4lan som \u00e4r \u00f6ppen fram till den <strong>31.3.2024<\/strong> kl.18:00.<\/p>\n<p><strong>Medlemmar<\/strong><br \/>\nVocalis medlemmar kan anm\u00e4la sig fr.o.m. <strong>18.3.2024<\/strong> kl. 12:00. V\u00e4nligen observera att \u00e4ven er avec b\u00f6r anm\u00e4la sig skilt.<\/p>\n<p><strong>\u00d6vriga<\/strong><br \/>\nAnm\u00e4lan f\u00f6r \u00f6vriga \u00f6ppnar <strong>25.3.2024<\/strong> klockan 12:00 och st\u00e4nger <strong>31.3.2024<\/strong> klockan 18:00.<\/p>\n<p>Eventuella avanm\u00e4lningar skall g\u00f6ras senast <strong>31.3.2024<\/strong> klockan 23:59, annars kr\u00e4ver vi fullt pris. V\u00e4nligen observera att anm\u00e4lningar som gjorts under fel kvots \u00f6ppning inte beaktas.<\/p>\n<p><strong>Betalning<br \/>\n<\/strong>Betalningen g\u00f6rs till Vocalis \u00e5rsfestkonto<br \/>\nMottagare: Vocalis vid \u00c5bo Akademi r.f<br \/>\nKontonummer: FI84 5710 0420 8348 97<br \/>\nReferensnummer: 15 20330<\/p>\n<p>OBS! <strong>\u00c5rsfesten har ett eget konto<\/strong>, kontonumret \u00e4r allts\u00e5 inte det samma som Vocalis f\u00f6r \u00f6vrigt anv\u00e4nder. Sista betalningsdagen \u00e4r s\u00f6ndagen <strong>31.3.2024<\/strong>.<\/p>\n<p>&nbsp;<\/p>\n<p>Vid fr\u00e5gor kontakta \u00e5rsfestmarskalkarna p\u00e5 vocalis.arsfest@gmail.com eller per telefon.<\/p>\n<p>Med v\u00e4nlig h\u00e4lsning,<\/p>\n<p>Mila Kytt\u00e4l\u00e4, tel. 0505 999 881<br \/>\nOlivia Salmi, tel. 0440654542<\/p>\n","protected":false},"excerpt":{"rendered":"<p>\u00c5rsfestinfo Hj\u00e4rtligt v\u00e4lkomna att fira Vocalis XV \u00e5rsfest p\u00e5 K\u00e5ren l\u00f6rdagen den 13:e april 2024! Tidtabell och program Festligheterna inleds med Solenn Akt kl. 16:00 p\u00e5 K\u00e5ren (Tavastgatan 22) i Argentina salen. I samband med Solenn Akten har ni m\u00f6jlighet &hellip; <a href=\"https:\/\/blogs2.abo.fi\/vocalis\/vocalis-xv-2\/\">Forts\u00e4tt l\u00e4sa <span class=\"meta-nav\">&rarr;<\/span><\/a><\/p>\n","protected":false},"author":903,"featured_media":0,"parent":0,"menu_order":0,"comment_status":"closed","ping_status":"closed","template":"","meta":{"footnotes":""},"class_list":["post-900","page","type-page","status-publish","hentry"],"_links":{"self":[{"href":"https:\/\/blogs2.abo.fi\/vocalis\/wp-json\/wp\/v2\/pages\/900","targetHints":{"allow":["GET"]}}],"collection":[{"href":"https:\/\/blogs2.abo.fi\/vocalis\/wp-json\/wp\/v2\/pages"}],"about":[{"href":"https:\/\/blogs2.abo.fi\/vocalis\/wp-json\/wp\/v2\/types\/page"}],"author":[{"embeddable":true,"href":"https:\/\/blogs2.abo.fi\/vocalis\/wp-json\/wp\/v2\/users\/903"}],"replies":[{"embeddable":true,"href":"https:\/\/blogs2.abo.fi\/vocalis\/wp-json\/wp\/v2\/comments?post=900"}],"version-history":[{"count":12,"href":"https:\/\/blogs2.abo.fi\/vocalis\/wp-json\/wp\/v2\/pages\/900\/revisions"}],"predecessor-version":[{"id":941,"href":"https:\/\/blogs2.abo.fi\/vocalis\/wp-json\/wp\/v2\/pages\/900\/revisions\/941"}],"wp:attachment":[{"href":"https:\/\/blogs2.abo.fi\/vocalis\/wp-json\/wp\/v2\/media?parent=900"}],"curies":[{"name":"wp","href":"https:\/\/api.w.org\/{rel}","templated":true}]}}