{"id":676,"date":"2022-01-04T12:05:21","date_gmt":"2022-01-04T10:05:21","guid":{"rendered":"https:\/\/blogs2.abo.fi\/vocalis\/?page_id=676"},"modified":"2023-04-19T12:07:03","modified_gmt":"2023-04-19T10:07:03","slug":"gulisguide","status":"publish","type":"page","link":"https:\/\/blogs2.abo.fi\/vocalis\/material\/gulisguide\/","title":{"rendered":"Hej gulis!"},"content":{"rendered":"<p>H\u00e4r hittar du gulisguiden med all info du beh\u00f6ver f\u00f6r en lyckad studiestart!<\/p>\n<p>Klicka h\u00e4r: <span style=\"color: #0000ff\"><a style=\"color: #0000ff\" href=\"http:\/\/blogs2.abo.fi\/vocalis\/wp-content\/uploads\/sites\/59\/2023\/04\/GULISGUIDE.pdf\">GULISGUIDE<\/a><\/span><\/p>\n<p><img loading=\"lazy\" decoding=\"async\" class=\"alignnone size-medium wp-image-793\" src=\"http:\/\/blogs2.abo.fi\/vocalis\/wp-content\/uploads\/sites\/59\/2023\/04\/tempImage8oCjPZ-300x225.jpg\" alt=\"\" width=\"300\" height=\"225\" srcset=\"https:\/\/blogs2.abo.fi\/vocalis\/wp-content\/uploads\/sites\/59\/2023\/04\/tempImage8oCjPZ-300x225.jpg 300w, https:\/\/blogs2.abo.fi\/vocalis\/wp-content\/uploads\/sites\/59\/2023\/04\/tempImage8oCjPZ-1024x768.jpg 1024w, https:\/\/blogs2.abo.fi\/vocalis\/wp-content\/uploads\/sites\/59\/2023\/04\/tempImage8oCjPZ-768x576.jpg 768w, https:\/\/blogs2.abo.fi\/vocalis\/wp-content\/uploads\/sites\/59\/2023\/04\/tempImage8oCjPZ-1536x1152.jpg 1536w, https:\/\/blogs2.abo.fi\/vocalis\/wp-content\/uploads\/sites\/59\/2023\/04\/tempImage8oCjPZ-2048x1536.jpg 2048w, https:\/\/blogs2.abo.fi\/vocalis\/wp-content\/uploads\/sites\/59\/2023\/04\/tempImage8oCjPZ-400x300.jpg 400w\" sizes=\"auto, (max-width: 300px) 100vw, 300px\" \/><\/p>\n","protected":false},"excerpt":{"rendered":"<p>H\u00e4r hittar du gulisguiden med all info du beh\u00f6ver f\u00f6r en lyckad studiestart! Klicka h\u00e4r: GULISGUIDE<\/p>\n","protected":false},"author":465,"featured_media":0,"parent":343,"menu_order":0,"comment_status":"closed","ping_status":"closed","template":"","meta":{"footnotes":""},"class_list":["post-676","page","type-page","status-publish","hentry"],"_links":{"self":[{"href":"https:\/\/blogs2.abo.fi\/vocalis\/wp-json\/wp\/v2\/pages\/676","targetHints":{"allow":["GET"]}}],"collection":[{"href":"https:\/\/blogs2.abo.fi\/vocalis\/wp-json\/wp\/v2\/pages"}],"about":[{"href":"https:\/\/blogs2.abo.fi\/vocalis\/wp-json\/wp\/v2\/types\/page"}],"author":[{"embeddable":true,"href":"https:\/\/blogs2.abo.fi\/vocalis\/wp-json\/wp\/v2\/users\/465"}],"replies":[{"embeddable":true,"href":"https:\/\/blogs2.abo.fi\/vocalis\/wp-json\/wp\/v2\/comments?post=676"}],"version-history":[{"count":6,"href":"https:\/\/blogs2.abo.fi\/vocalis\/wp-json\/wp\/v2\/pages\/676\/revisions"}],"predecessor-version":[{"id":794,"href":"https:\/\/blogs2.abo.fi\/vocalis\/wp-json\/wp\/v2\/pages\/676\/revisions\/794"}],"up":[{"embeddable":true,"href":"https:\/\/blogs2.abo.fi\/vocalis\/wp-json\/wp\/v2\/pages\/343"}],"wp:attachment":[{"href":"https:\/\/blogs2.abo.fi\/vocalis\/wp-json\/wp\/v2\/media?parent=676"}],"curies":[{"name":"wp","href":"https:\/\/api.w.org\/{rel}","templated":true}]}}