{"id":524,"date":"2021-02-12T12:40:37","date_gmt":"2021-02-12T10:40:37","guid":{"rendered":"http:\/\/blogs2.abo.fi\/vocalis\/?page_id=524"},"modified":"2023-04-19T11:06:05","modified_gmt":"2023-04-19T09:06:05","slug":"vad-ar-logopedi","status":"publish","type":"page","link":"https:\/\/blogs2.abo.fi\/vocalis\/sok-till-logopedin\/vad-ar-logopedi\/","title":{"rendered":"Vad \u00e4r logopedi?"},"content":{"rendered":"<p class=\"mainpage_text\">Utbildningen leder till magisterexamen och ger kompetens att arbeta som talterapeut.<\/p>\n<p class=\"mainpage_text\">Talterapeuter arbetar med m\u00e4nniskans kommunikationsf\u00f6rm\u00e5ga: talet, spr\u00e5ket och r\u00f6sten. Talterapeuter arbetar \u00e4ven med alternativa kommunikationsmetoder s\u00e5 som bild- och teckenkommunikation. \u00c4ven unders\u00f6kning och rehabilitering av sv\u00e4ljningsfunktionen kan ing\u00e5 i talterapeutens arbetsbild. Utbildningen ger kompetens att unders\u00f6ka och bed\u00f6ma kommunikationsf\u00f6rm\u00e5gan hos barn, ungdomar, vuxna och \u00e4ldre med olika tal-, spr\u00e5k och r\u00f6stst\u00f6rningar samt att behandla dessa.<\/p>\n<p class=\"mainpage_text\">Studierna varvas kontinuerligt med praktik. Redan under det andra studie\u00e5ret f\u00e5r man sina f\u00f6rsta klientkontakter. Klientarbetet \u00f6kar \u00e5rligen och avslutas med en l\u00e5ng praktik. \u00c4mnet logopedi samarbetar mycket med alla universitet i Finland och med olika universitet utomlands. M\u00e5nga studerande v\u00e4ljer att \u00e5ka p\u00e5 utbyte.<\/p>\n<p class=\"mainpage_text\">Arbetssituationen f\u00f6r talterapeuter \u00e4r mycket god. Arbetet \u00e4r roligt, omv\u00e4xlande och utmanande. Som talterapeut kan du arbeta p\u00e5 s\u00e5v\u00e4l sjukhus, h\u00e4lsocentraler, rehabiliteringsenheter och specialskolor som inom barndagv\u00e5rden eller som privatpraktiserande talterapeut.<\/p>\n<p><img loading=\"lazy\" decoding=\"async\" class=\"wp-image-525 aligncenter\" src=\"http:\/\/blogs2.abo.fi\/vocalis\/wp-content\/uploads\/sites\/59\/2021\/02\/556edb9b8490b2ea90c632f6e21e56a2.jpg\" alt=\"\" width=\"416\" height=\"312\" \/><\/p>\n<p class=\"mainpage_text\" style=\"text-align: center\">k\u00e4lla: http:\/\/www.abo.fi\/fakultet\/presentationlogopedi<\/p>\n","protected":false},"excerpt":{"rendered":"<p>Utbildningen leder till magisterexamen och ger kompetens att arbeta som talterapeut. Talterapeuter arbetar med m\u00e4nniskans kommunikationsf\u00f6rm\u00e5ga: talet, spr\u00e5ket och r\u00f6sten. Talterapeuter arbetar \u00e4ven med alternativa kommunikationsmetoder s\u00e5 som bild- och teckenkommunikation. \u00c4ven unders\u00f6kning och rehabilitering av sv\u00e4ljningsfunktionen kan ing\u00e5 i &hellip; <a href=\"https:\/\/blogs2.abo.fi\/vocalis\/sok-till-logopedin\/vad-ar-logopedi\/\">Forts\u00e4tt l\u00e4sa <span class=\"meta-nav\">&rarr;<\/span><\/a><\/p>\n","protected":false},"author":465,"featured_media":0,"parent":48,"menu_order":0,"comment_status":"closed","ping_status":"closed","template":"","meta":{"footnotes":""},"class_list":["post-524","page","type-page","status-publish","hentry"],"_links":{"self":[{"href":"https:\/\/blogs2.abo.fi\/vocalis\/wp-json\/wp\/v2\/pages\/524","targetHints":{"allow":["GET"]}}],"collection":[{"href":"https:\/\/blogs2.abo.fi\/vocalis\/wp-json\/wp\/v2\/pages"}],"about":[{"href":"https:\/\/blogs2.abo.fi\/vocalis\/wp-json\/wp\/v2\/types\/page"}],"author":[{"embeddable":true,"href":"https:\/\/blogs2.abo.fi\/vocalis\/wp-json\/wp\/v2\/users\/465"}],"replies":[{"embeddable":true,"href":"https:\/\/blogs2.abo.fi\/vocalis\/wp-json\/wp\/v2\/comments?post=524"}],"version-history":[{"count":6,"href":"https:\/\/blogs2.abo.fi\/vocalis\/wp-json\/wp\/v2\/pages\/524\/revisions"}],"predecessor-version":[{"id":789,"href":"https:\/\/blogs2.abo.fi\/vocalis\/wp-json\/wp\/v2\/pages\/524\/revisions\/789"}],"up":[{"embeddable":true,"href":"https:\/\/blogs2.abo.fi\/vocalis\/wp-json\/wp\/v2\/pages\/48"}],"wp:attachment":[{"href":"https:\/\/blogs2.abo.fi\/vocalis\/wp-json\/wp\/v2\/media?parent=524"}],"curies":[{"name":"wp","href":"https:\/\/api.w.org\/{rel}","templated":true}]}}

Vad är logopedi?

<p class="mainpage_text">Utbildningen leder till magisterexamen och ger kompetens att arbeta som talterapeut.</p>
<p class="mainpage_text">Talterapeuter arbetar med människans kommunikationsförmåga: talet, språket och rösten. Talterapeuter arbetar även med alternativa kommunikationsmetoder så som bild- och teckenkommunikation. Även undersökning och rehabilitering av sväljningsfunktionen kan ingå i talterapeutens arbetsbild. Utbildningen ger kompetens att undersöka och bedöma kommunikationsförmågan hos barn, ungdomar, vuxna och äldre med olika tal-, språk och röststörningar samt att behandla dessa.</p>
<p class="mainpage_text">Studierna varvas kontinuerligt med praktik. Redan under det andra studieåret får man sina första klientkontakter. Klientarbetet ökar årligen och avslutas med en lång praktik. Ämnet logopedi samarbetar mycket med alla universitet i Finland och med olika universitet utomlands. Många studerande väljer att åka på utbyte.</p>
<p class="mainpage_text">Arbetssituationen för talterapeuter är mycket god. Arbetet är roligt, omväxlande och utmanande. Som talterapeut kan du arbeta på såväl sjukhus, hälsocentraler, rehabiliteringsenheter och specialskolor som inom barndagvården eller som privatpraktiserande talterapeut.</p>
<p><img loading="lazy" decoding="async" class="wp-image-525 aligncenter" src="http://blogs2.abo.fi/vocalis/wp-content/uploads/sites/59/2021/02/556edb9b8490b2ea90c632f6e21e56a2.jpg" alt="" width="416" height="312" /></p>
<p class="mainpage_text" style="text-align: center">källa: http://www.abo.fi/fakultet/presentationlogopedi</p>

<p>Utbildningen leder till magisterexamen och ger kompetens att arbeta som talterapeut. Talterapeuter arbetar med människans kommunikationsförmåga: talet, språket och rösten. Talterapeuter arbetar även med alternativa kommunikationsmetoder så som bild- och teckenkommunikation. Även undersökning och rehabilitering av sväljningsfunktionen kan ingå i &hellip; <a href="https://blogs2.abo.fi/vocalis/sok-till-logopedin/vad-ar-logopedi/">Fortsätt läsa <span class="meta-nav">&rarr;</span></a></p>
