{"id":143,"date":"2017-04-16T12:21:47","date_gmt":"2017-04-16T10:21:47","guid":{"rendered":"http:\/\/blogs2.abo.fi\/vocalis\/?page_id=143"},"modified":"2023-04-19T12:10:32","modified_gmt":"2023-04-19T10:10:32","slug":"forsta-sidan-som-anda-inte-syns","status":"publish","type":"page","link":"https:\/\/blogs2.abo.fi\/vocalis\/","title":{"rendered":"Vocalis vid \u00c5bo Akademi r.f."},"content":{"rendered":"<h1>V\u00e4lkommen till Vocalis hemsida!<\/h1>\n<p>Vocalis vid \u00c5bo Akademi r.f. \u00e4r f\u00f6reningen f\u00f6r logopedistuderande vid \u00c5bo Akademi. F\u00f6reningen Vocalis grundades den 26 januari 2009. Vocalis ordnar olika evenemang och har ett aktivt samarbete med andra f\u00f6reningar.<\/p>\n<p>Ifall du har n\u00e5gra fr\u00e5gor eller \u00f6nskar bli medlem, kontakta oss via mail p\u00e5 vocalis@abo.fi, Instagram eller Facebook!<\/p>\n<p>&nbsp;<\/p>\n<p><img loading=\"lazy\" decoding=\"async\" class=\"size-medium wp-image-795 aligncenter\" src=\"http:\/\/blogs2.abo.fi\/vocalis\/wp-content\/uploads\/sites\/59\/2023\/04\/tempImagenKr44n-300x225.jpg\" alt=\"\" width=\"300\" height=\"225\" srcset=\"https:\/\/blogs2.abo.fi\/vocalis\/wp-content\/uploads\/sites\/59\/2023\/04\/tempImagenKr44n-300x225.jpg 300w, https:\/\/blogs2.abo.fi\/vocalis\/wp-content\/uploads\/sites\/59\/2023\/04\/tempImagenKr44n-1024x768.jpg 1024w, https:\/\/blogs2.abo.fi\/vocalis\/wp-content\/uploads\/sites\/59\/2023\/04\/tempImagenKr44n-768x576.jpg 768w, https:\/\/blogs2.abo.fi\/vocalis\/wp-content\/uploads\/sites\/59\/2023\/04\/tempImagenKr44n-1536x1152.jpg 1536w, https:\/\/blogs2.abo.fi\/vocalis\/wp-content\/uploads\/sites\/59\/2023\/04\/tempImagenKr44n-2048x1536.jpg 2048w, https:\/\/blogs2.abo.fi\/vocalis\/wp-content\/uploads\/sites\/59\/2023\/04\/tempImagenKr44n-400x300.jpg 400w\" sizes=\"auto, (max-width: 300px) 100vw, 300px\" \/><\/p>\n<p><a href=\"https:\/\/www.facebook.com\/Vocalis-vid-%C3%85bo-Akademi-rf-247212901992387\/?fref=ts\" target=\"_blank\" rel=\"noopener noreferrer\"><img loading=\"lazy\" decoding=\"async\" class=\"wp-image-145 aligncenter\" src=\"http:\/\/blogs2.abo.fi\/vocalis\/wp-content\/uploads\/sites\/59\/2017\/04\/fb-300x300.png\" alt=\"\" width=\"80\" height=\"80\" srcset=\"https:\/\/blogs2.abo.fi\/vocalis\/wp-content\/uploads\/sites\/59\/2017\/04\/fb-300x300.png 300w, https:\/\/blogs2.abo.fi\/vocalis\/wp-content\/uploads\/sites\/59\/2017\/04\/fb-150x150.png 150w, https:\/\/blogs2.abo.fi\/vocalis\/wp-content\/uploads\/sites\/59\/2017\/04\/fb.png 325w\" sizes=\"auto, (max-width: 80px) 100vw, 80px\" \/><\/a><a href=\"https:\/\/www.instagram.com\/vocalisrf\/\" target=\"_blank\" rel=\"noopener noreferrer\"><img loading=\"lazy\" decoding=\"async\" class=\"wp-image-144 aligncenter\" src=\"http:\/\/blogs2.abo.fi\/vocalis\/wp-content\/uploads\/sites\/59\/2017\/04\/ig-300x169.jpg\" alt=\"\" width=\"141\" height=\"84\" \/><\/a><\/p>\n<p>&nbsp;<\/p>\n","protected":false},"excerpt":{"rendered":"<p>V\u00e4lkommen till Vocalis hemsida! Vocalis vid \u00c5bo Akademi r.f. \u00e4r f\u00f6reningen f\u00f6r logopedistuderande vid \u00c5bo Akademi. F\u00f6reningen Vocalis grundades den 26 januari 2009. Vocalis ordnar olika evenemang och har ett aktivt samarbete med andra f\u00f6reningar. Ifall du har n\u00e5gra fr\u00e5gor &hellip; <a href=\"https:\/\/blogs2.abo.fi\/vocalis\/\">Forts\u00e4tt l\u00e4sa <span class=\"meta-nav\">&rarr;<\/span><\/a><\/p>\n","protected":false},"author":335,"featured_media":0,"parent":0,"menu_order":0,"comment_status":"closed","ping_status":"closed","template":"","meta":{"footnotes":""},"class_list":["post-143","page","type-page","status-publish","hentry"],"_links":{"self":[{"href":"https:\/\/blogs2.abo.fi\/vocalis\/wp-json\/wp\/v2\/pages\/143","targetHints":{"allow":["GET"]}}],"collection":[{"href":"https:\/\/blogs2.abo.fi\/vocalis\/wp-json\/wp\/v2\/pages"}],"about":[{"href":"https:\/\/blogs2.abo.fi\/vocalis\/wp-json\/wp\/v2\/types\/page"}],"author":[{"embeddable":true,"href":"https:\/\/blogs2.abo.fi\/vocalis\/wp-json\/wp\/v2\/users\/335"}],"replies":[{"embeddable":true,"href":"https:\/\/blogs2.abo.fi\/vocalis\/wp-json\/wp\/v2\/comments?post=143"}],"version-history":[{"count":24,"href":"https:\/\/blogs2.abo.fi\/vocalis\/wp-json\/wp\/v2\/pages\/143\/revisions"}],"predecessor-version":[{"id":797,"href":"https:\/\/blogs2.abo.fi\/vocalis\/wp-json\/wp\/v2\/pages\/143\/revisions\/797"}],"wp:attachment":[{"href":"https:\/\/blogs2.abo.fi\/vocalis\/wp-json\/wp\/v2\/media?parent=143"}],"curies":[{"name":"wp","href":"https:\/\/api.w.org\/{rel}","templated":true}]}}