{"id":113,"date":"2017-03-30T10:20:57","date_gmt":"2017-03-30T08:20:57","guid":{"rendered":"http:\/\/blogs2.abo.fi\/vocalis\/?page_id=113"},"modified":"2024-01-19T16:10:16","modified_gmt":"2024-01-19T14:10:16","slug":"tidigare-styrelser","status":"publish","type":"page","link":"https:\/\/blogs2.abo.fi\/vocalis\/styrelsen\/tidigare-styrelser\/","title":{"rendered":"Tidigare styrelser"},"content":{"rendered":"<h1>Styrelsen 2023<\/h1>\n<p>Ordf\u00f6rande: Wilma Westerlund<br \/>\nVice ordf\u00f6rande: Corinna Haglund<br \/>\nSekreterare: Jonathan Forsman<br \/>\nSkattm\u00e4stare: Sofia Blomqvist<br \/>\nV\u00e4rdinna: Jessica Juthman<br \/>\nKlubbh\u00f6vding: Ella Martelius<br \/>\nPR-chef: Anna Malmsten<br \/>\n\u00d6vrig medlem: Emma Sauso<\/p>\n<p><img loading=\"lazy\" decoding=\"async\" class=\"size-medium wp-image-720 alignnone\" src=\"http:\/\/blogs2.abo.fi\/vocalis\/wp-content\/uploads\/sites\/59\/2023\/03\/dc3347fc-9b2d-4309-8eaf-9389002ad521-1-300x300.jpg\" alt=\"\" width=\"300\" height=\"300\" srcset=\"https:\/\/blogs2.abo.fi\/vocalis\/wp-content\/uploads\/sites\/59\/2023\/03\/dc3347fc-9b2d-4309-8eaf-9389002ad521-1-300x300.jpg 300w, https:\/\/blogs2.abo.fi\/vocalis\/wp-content\/uploads\/sites\/59\/2023\/03\/dc3347fc-9b2d-4309-8eaf-9389002ad521-1-1024x1024.jpg 1024w, https:\/\/blogs2.abo.fi\/vocalis\/wp-content\/uploads\/sites\/59\/2023\/03\/dc3347fc-9b2d-4309-8eaf-9389002ad521-1-150x150.jpg 150w, https:\/\/blogs2.abo.fi\/vocalis\/wp-content\/uploads\/sites\/59\/2023\/03\/dc3347fc-9b2d-4309-8eaf-9389002ad521-1-768x768.jpg 768w, https:\/\/blogs2.abo.fi\/vocalis\/wp-content\/uploads\/sites\/59\/2023\/03\/dc3347fc-9b2d-4309-8eaf-9389002ad521-1-100x100.jpg 100w, https:\/\/blogs2.abo.fi\/vocalis\/wp-content\/uploads\/sites\/59\/2023\/03\/dc3347fc-9b2d-4309-8eaf-9389002ad521-1.jpg 1280w\" sizes=\"auto, (max-width: 300px) 100vw, 300px\" \/><\/p>\n<h1>Styrelsen 2022<\/h1>\n<p>Ordf\u00f6rande: Tatjana Nordman<br \/>\nVice ordf\u00f6rande: Milla Ylinen<br \/>\nSekreterare: Jessica Juthman<br \/>\nSkattm\u00e4stare: Emilia \u201dMila\u201d Kytt\u00e4l\u00e4<br \/>\nV\u00e4rdinna: Sofia Blomqvist<br \/>\nKlubbh\u00f6vding: Alexandra Lindroos<br \/>\nPR-chef: Wilma Westerlund<br \/>\n\u00d6vrig medlem: Ida Sahlin<\/p>\n<p><img loading=\"lazy\" decoding=\"async\" class=\"alignnone size-medium wp-image-645\" src=\"http:\/\/blogs2.abo.fi\/vocalis\/wp-content\/uploads\/sites\/59\/2022\/01\/WhatsApp-Image-2021-12-09-at-17.57.01-293x300.jpeg\" alt=\"\" width=\"293\" height=\"300\" srcset=\"https:\/\/blogs2.abo.fi\/vocalis\/wp-content\/uploads\/sites\/59\/2022\/01\/WhatsApp-Image-2021-12-09-at-17.57.01-293x300.jpeg 293w, https:\/\/blogs2.abo.fi\/vocalis\/wp-content\/uploads\/sites\/59\/2022\/01\/WhatsApp-Image-2021-12-09-at-17.57.01-768x786.jpeg 768w, https:\/\/blogs2.abo.fi\/vocalis\/wp-content\/uploads\/sites\/59\/2022\/01\/WhatsApp-Image-2021-12-09-at-17.57.01.jpeg 1001w\" sizes=\"auto, (max-width: 293px) 100vw, 293px\" \/><\/p>\n<h1><strong>Styrelsen 2021<\/strong><\/h1>\n<p>Ordf\u00f6rande: Anna Helin<br \/>\nVice ordf\u00f6rande: Selina Yrttiaho<br \/>\nSkattm\u00e4stare: Tatjana Nordman<br \/>\nSekreterare: Alexandra Lindroos<br \/>\nV\u00e4rdinna: Emilia Kytt\u00e4l\u00e4<br \/>\nKlubbh\u00f6vding: Hugo Paulsen<br \/>\nPR-chef: Milla Ylinen<\/p>\n<p><img loading=\"lazy\" decoding=\"async\" class=\"size-medium wp-image-648 alignleft\" src=\"http:\/\/blogs2.abo.fi\/vocalis\/wp-content\/uploads\/sites\/59\/2022\/01\/DSC_0919-290x300.jpg\" alt=\"\" width=\"290\" height=\"300\" srcset=\"https:\/\/blogs2.abo.fi\/vocalis\/wp-content\/uploads\/sites\/59\/2022\/01\/DSC_0919-290x300.jpg 290w, https:\/\/blogs2.abo.fi\/vocalis\/wp-content\/uploads\/sites\/59\/2022\/01\/DSC_0919-990x1024.jpg 990w, https:\/\/blogs2.abo.fi\/vocalis\/wp-content\/uploads\/sites\/59\/2022\/01\/DSC_0919-768x795.jpg 768w, https:\/\/blogs2.abo.fi\/vocalis\/wp-content\/uploads\/sites\/59\/2022\/01\/DSC_0919-1485x1536.jpg 1485w, https:\/\/blogs2.abo.fi\/vocalis\/wp-content\/uploads\/sites\/59\/2022\/01\/DSC_0919-1980x2048.jpg 1980w\" sizes=\"auto, (max-width: 290px) 100vw, 290px\" \/><\/p>\n<h1><strong>Styrelsen <\/strong><strong>2020<\/strong><\/h1>\n<p>Ordf\u00f6rande: Elisabeth Blomqvist<br \/>\nViceordf\u00f6rande: Rina Tiala<br \/>\nSkattm\u00e4stare: Amanda Sax<br \/>\nSekreterare: Julia Laine<br \/>\nV\u00e4rdinna: Anna Helin<br \/>\nKlubbis: Henrietta Helander<br \/>\nPR-chef: Elin Lassila<br \/>\n\u00d6vrig medlem: Maria Gadd<\/p>\n<p><img loading=\"lazy\" decoding=\"async\" class=\"alignnone size-medium wp-image-491\" src=\"http:\/\/blogs2.abo.fi\/vocalis\/wp-content\/uploads\/sites\/59\/2021\/02\/DSC_0701-300x199.jpg\" alt=\"\" width=\"300\" height=\"199\" srcset=\"https:\/\/blogs2.abo.fi\/vocalis\/wp-content\/uploads\/sites\/59\/2021\/02\/DSC_0701-300x199.jpg 300w, https:\/\/blogs2.abo.fi\/vocalis\/wp-content\/uploads\/sites\/59\/2021\/02\/DSC_0701-768x511.jpg 768w, https:\/\/blogs2.abo.fi\/vocalis\/wp-content\/uploads\/sites\/59\/2021\/02\/DSC_0701-1024x681.jpg 1024w, https:\/\/blogs2.abo.fi\/vocalis\/wp-content\/uploads\/sites\/59\/2021\/02\/DSC_0701-624x415.jpg 624w\" sizes=\"auto, (max-width: 300px) 100vw, 300px\" \/><\/p>\n<h1><strong>Styrelsen <\/strong><strong>2019<\/strong><\/h1>\n<p>Ordf\u00f6rande:\u00a0Elina All\u00e9n<br \/>\nViceordf\u00f6rande:\u00a0<span style=\"font-size: 1rem\">Sofia Strand<br \/>\n<\/span>Sekreterare:\u00a0<span style=\"font-size: 1rem\">Emma Fogde<br \/>\n<\/span>Skattm\u00e4stare:\u00a0Micaela M\u00e5rd<br \/>\nV\u00e4rdinna: Linnea Gareis<br \/>\nKlubbh\u00f6vding:\u00a0Amanda Smeds v\u00e5ren 2019,\u00a0Rina Tiala h\u00f6sten 2019<br \/>\nPR-ansvarig:\u00a0Anna Helin<br \/>\n\u00d6vrig medlem: Cecilia K\u00e5la<\/p>\n<p><img loading=\"lazy\" decoding=\"async\" class=\"alignnone size-medium wp-image-294\" src=\"http:\/\/blogs2.abo.fi\/vocalis\/wp-content\/uploads\/sites\/59\/2019\/02\/Screen-Shot-2019-02-21-at-14.07.06-281x300.png\" alt=\"\" width=\"281\" height=\"300\" srcset=\"https:\/\/blogs2.abo.fi\/vocalis\/wp-content\/uploads\/sites\/59\/2019\/02\/Screen-Shot-2019-02-21-at-14.07.06-281x300.png 281w, https:\/\/blogs2.abo.fi\/vocalis\/wp-content\/uploads\/sites\/59\/2019\/02\/Screen-Shot-2019-02-21-at-14.07.06.png 465w\" sizes=\"auto, (max-width: 281px) 100vw, 281px\" \/><\/p>\n<h1><strong>Styrelsen <\/strong><strong>2018<\/strong><\/h1>\n<p>Ordf\u00f6rande: Micaela Luukkanen<br \/>\nViceordf\u00f6rande: Elina All\u00e9n<br \/>\nSekreterare: Ida Bengtfolks<br \/>\nSkattm\u00e4stare: Yvonne Backlund<br \/>\nV\u00e4rdinna: Minna Hemming<br \/>\nKlubbh\u00f6vding: Jamin Sui<br \/>\n\u00d6vriga medlemmar:\u00a0Sofia Strand &amp;\u00a0Emma Fogde<\/p>\n<h4><img loading=\"lazy\" decoding=\"async\" class=\"alignnone size-medium wp-image-237\" src=\"http:\/\/blogs2.abo.fi\/vocalis\/wp-content\/uploads\/sites\/59\/2017\/03\/WhatsApp-Image-2017-12-12-at-12.26.07-300x300.jpeg\" alt=\"\" width=\"300\" height=\"300\" srcset=\"https:\/\/blogs2.abo.fi\/vocalis\/wp-content\/uploads\/sites\/59\/2017\/03\/WhatsApp-Image-2017-12-12-at-12.26.07-300x300.jpeg 300w, https:\/\/blogs2.abo.fi\/vocalis\/wp-content\/uploads\/sites\/59\/2017\/03\/WhatsApp-Image-2017-12-12-at-12.26.07-150x150.jpeg 150w, https:\/\/blogs2.abo.fi\/vocalis\/wp-content\/uploads\/sites\/59\/2017\/03\/WhatsApp-Image-2017-12-12-at-12.26.07-768x768.jpeg 768w, https:\/\/blogs2.abo.fi\/vocalis\/wp-content\/uploads\/sites\/59\/2017\/03\/WhatsApp-Image-2017-12-12-at-12.26.07-1024x1024.jpeg 1024w, https:\/\/blogs2.abo.fi\/vocalis\/wp-content\/uploads\/sites\/59\/2017\/03\/WhatsApp-Image-2017-12-12-at-12.26.07-624x624.jpeg 624w, https:\/\/blogs2.abo.fi\/vocalis\/wp-content\/uploads\/sites\/59\/2017\/03\/WhatsApp-Image-2017-12-12-at-12.26.07.jpeg 1600w\" sizes=\"auto, (max-width: 300px) 100vw, 300px\" \/><\/h4>\n<h1><\/h1>\n<h1><strong>Styrelsen <\/strong><strong>2017<\/strong><\/h1>\n<p>Ordf\u00f6rande: Ullrika L\u00f6nnberg<br \/>\nViceordf\u00f6rande:\u00a0Micaela Luukkanen<br \/>\nSekreterare: Ida Bengtfolks<br \/>\nSkattm\u00e4stare: Johanna K\u00f6ykk\u00e4<br \/>\nV\u00e4rdinna: Jannica Lindholm<br \/>\nKlubbh\u00f6vding: Amanda Wiik<br \/>\n\u00d6vriga medlemmar:\u00a0Minna Hemming &amp;\u00a0Enni Gr\u00f6nroos<\/p>\n<h4><img loading=\"lazy\" decoding=\"async\" class=\"wp-image-230 alignnone\" src=\"http:\/\/blogs2.abo.fi\/vocalis\/wp-content\/uploads\/sites\/59\/2017\/03\/IMG-20170913-WA0003-225x300.jpg\" alt=\"\" width=\"324\" height=\"432\" srcset=\"https:\/\/blogs2.abo.fi\/vocalis\/wp-content\/uploads\/sites\/59\/2017\/03\/IMG-20170913-WA0003-225x300.jpg 225w, https:\/\/blogs2.abo.fi\/vocalis\/wp-content\/uploads\/sites\/59\/2017\/03\/IMG-20170913-WA0003.jpg 768w, https:\/\/blogs2.abo.fi\/vocalis\/wp-content\/uploads\/sites\/59\/2017\/03\/IMG-20170913-WA0003-624x832.jpg 624w\" sizes=\"auto, (max-width: 324px) 100vw, 324px\" \/><\/h4>\n<h1><\/h1>\n<h1><strong>Styrelsen <\/strong><strong>2016<\/strong><\/h1>\n<p>Ordf\u00f6rande: Rebecca Nabb<br \/>\nViceordf\u00f6rande: Emelie<br \/>\n<span style=\"font-size: 1rem\">Sekreterare: Fanny Fors\u00e9n<br \/>\n<\/span>Skattm\u00e4stare: Nicole Cansu<br \/>\nV\u00e4rdinna: Linn\u00e9a Lindholm<br \/>\nKlubbh\u00f6vding: Emilia Klavus<br \/>\nInrikesansvarig: Susanne Pihlstr\u00f6m<\/p>\n<h1><strong>Styrelsen <\/strong><strong>2015<\/strong><\/h1>\n<p>Ordf\u00f6rande: Sophie Andersson<br \/>\nViceordf\u00f6rande: Andreas Hinttaniemi<br \/>\nSekreterare: Fanny Fors\u00e9n<br \/>\nSkattm\u00e4stare: Rebecca Nabb<br \/>\nV\u00e4rdinna: Linn\u00e9a Lindholm<br \/>\nKlubbh\u00f6vding: Emilia Strandvall \/ Emelie Svens<\/p>\n<h1><strong>Styrelsen <\/strong><strong> 2014<\/strong><\/h1>\n<p>Ordf\u00f6rande: Sofia Westberg<br \/>\nViceordf\u00f6rande: Daniela Fagerholm<br \/>\nSekreterare: Sophie Andersson<br \/>\nSkattm\u00e4stare: Eetu Eklund<br \/>\n<span style=\"font-size: 1rem\">V\u00e4rdinna: Madel\u00e9n Lillqvist<br \/>\n<\/span>Klubbh\u00f6vding: Josefin Barkar<\/p>\n<h1><strong>Styrelsen <\/strong><strong>2013<\/strong><\/h1>\n<p>Ordf\u00f6rande: Anna Englund<br \/>\n<span style=\"font-size: 1rem\">Viceordf\u00f6rande: Amanda Andersson<br \/>\n<\/span>Sekreterare: Sofia Westberg<br \/>\nSkattm\u00e4stare: Mathilda Bond\u00e9n<br \/>\nV\u00e4rdinna: Ida Finn\u00e4s<br \/>\nKlubbh\u00f6vding: Emilia Ginstr\u00f6m<\/p>\n<h1><strong>Styrelsen <\/strong><strong> 2012<\/strong><\/h1>\n<p>Ordf\u00f6rande: Frida Lindstr\u00f6m<br \/>\nViceordf\u00f6rande: Marita \u00d6rn<br \/>\nSekreterare: Anna Englund<br \/>\nSkattm\u00e4stare: Anna Stenh\u00e4ll<br \/>\nV\u00e4rdinna: Marie Nyberg<br \/>\nKlubbh\u00f6vding: Paulina L\u00f6nnroth<\/p>\n<h1><strong>Styrelsen <\/strong><strong> 2011<\/strong><\/h1>\n<p>Ordf\u00f6rande: Hanna Palmqvist<br \/>\nViceordf\u00f6rande: Linn Sj\u00f6holm<br \/>\nSekreterare: Anne-Marie Wistbacka<br \/>\nSkattm\u00e4stare: Fanny H\u00e4ggblom<br \/>\nV\u00e4rdinna: Lisette Jusslin<br \/>\nKlubbh\u00f6vding: Frida Lindstr\u00f6m<\/p>\n<h1><strong>Styrelsen <\/strong><strong>2010<\/strong><\/h1>\n<p>Ordf\u00f6rande: Ida-Maria Heikius<br \/>\nViceordf\u00f6rande: Kaisa Gustafsson<br \/>\nSekreterare: Cecilia H\u00e4ggman<br \/>\nSkattm\u00e4stare: Filippa Andersson<br \/>\nV\u00e4rdinna: Anna Mether<br \/>\nKlubbh\u00f6vding: Ninni Nurminen<\/p>\n<h1><strong>Styrelsen <\/strong><strong> 2009<\/strong><\/h1>\n<p>Ordf\u00f6rande: Marie Lindroos<br \/>\nViceordf\u00f6rande: Greta Wistbacka<br \/>\nSekreterare: Linda Sundell<br \/>\nSkattm\u00e4stare: Julia Manelius<br \/>\nV\u00e4rdinna: Andrea Forsman<br \/>\nKlubbh\u00f6vding: Ted Forsstr\u00f6m<\/p>\n","protected":false},"excerpt":{"rendered":"<p>Styrelsen 2023 Ordf\u00f6rande: Wilma Westerlund Vice ordf\u00f6rande: Corinna Haglund Sekreterare: Jonathan Forsman Skattm\u00e4stare: Sofia Blomqvist V\u00e4rdinna: Jessica Juthman Klubbh\u00f6vding: Ella Martelius PR-chef: Anna Malmsten \u00d6vrig medlem: Emma Sauso Styrelsen 2022 Ordf\u00f6rande: Tatjana Nordman Vice ordf\u00f6rande: Milla Ylinen Sekreterare: Jessica Juthman &hellip; <a href=\"https:\/\/blogs2.abo.fi\/vocalis\/styrelsen\/tidigare-styrelser\/\">Forts\u00e4tt l\u00e4sa <span class=\"meta-nav\">&rarr;<\/span><\/a><\/p>\n","protected":false},"author":335,"featured_media":0,"parent":20,"menu_order":2,"comment_status":"closed","ping_status":"closed","template":"","meta":{"footnotes":""},"class_list":["post-113","page","type-page","status-publish","hentry"],"_links":{"self":[{"href":"https:\/\/blogs2.abo.fi\/vocalis\/wp-json\/wp\/v2\/pages\/113","targetHints":{"allow":["GET"]}}],"collection":[{"href":"https:\/\/blogs2.abo.fi\/vocalis\/wp-json\/wp\/v2\/pages"}],"about":[{"href":"https:\/\/blogs2.abo.fi\/vocalis\/wp-json\/wp\/v2\/types\/page"}],"author":[{"embeddable":true,"href":"https:\/\/blogs2.abo.fi\/vocalis\/wp-json\/wp\/v2\/users\/335"}],"replies":[{"embeddable":true,"href":"https:\/\/blogs2.abo.fi\/vocalis\/wp-json\/wp\/v2\/comments?post=113"}],"version-history":[{"count":18,"href":"https:\/\/blogs2.abo.fi\/vocalis\/wp-json\/wp\/v2\/pages\/113\/revisions"}],"predecessor-version":[{"id":855,"href":"https:\/\/blogs2.abo.fi\/vocalis\/wp-json\/wp\/v2\/pages\/113\/revisions\/855"}],"up":[{"embeddable":true,"href":"https:\/\/blogs2.abo.fi\/vocalis\/wp-json\/wp\/v2\/pages\/20"}],"wp:attachment":[{"href":"https:\/\/blogs2.abo.fi\/vocalis\/wp-json\/wp\/v2\/media?parent=113"}],"curies":[{"name":"wp","href":"https:\/\/api.w.org\/{rel}","templated":true}]}}