{"id":285,"date":"2023-01-16T11:17:45","date_gmt":"2023-01-16T11:17:45","guid":{"rendered":"https:\/\/blogs2.abo.fi\/undervisningslabb\/?page_id=285"},"modified":"2023-01-26T11:16:56","modified_gmt":"2023-01-26T11:16:56","slug":"podcaststudio","status":"publish","type":"page","link":"https:\/\/blogs2.abo.fi\/undervisningslabb\/podcaststudio\/","title":{"rendered":"Podcaststudio"},"content":{"rendered":"\n<p>&nbsp;<\/p>\n\n\n<nav class=\"has-text-color has-background-color has-background has-foreground-background-color is-responsive alignfull wp-block-navigation is-layout-flex wp-block-navigation-is-layout-flex\" aria-label=\"Navigation\" \n\t\t data-wp-interactive=\"core\/navigation\" data-wp-context='{\"overlayOpenedBy\":{\"click\":false,\"hover\":false,\"focus\":false},\"type\":\"overlay\",\"roleAttribute\":\"\",\"ariaLabel\":\"Meny\"}'><button aria-haspopup=\"dialog\" aria-label=\"\u00d6ppna meny\" class=\"wp-block-navigation__responsive-container-open\" \n\t\t\t\tdata-wp-on--click=\"actions.openMenuOnClick\"\n\t\t\t\tdata-wp-on--keydown=\"actions.handleMenuKeydown\"\n\t\t\t><svg width=\"24\" height=\"24\" xmlns=\"http:\/\/www.w3.org\/2000\/svg\" viewBox=\"0 0 24 24\" aria-hidden=\"true\" focusable=\"false\"><path d=\"M4 7.5h16v1.5H4z\"><\/path><path d=\"M4 15h16v1.5H4z\"><\/path><\/svg><\/button>\n\t\t\t\t<div class=\"wp-block-navigation__responsive-container  has-text-color has-background-color\"  id=\"modal-1\" \n\t\t\t\tdata-wp-class--has-modal-open=\"state.isMenuOpen\"\n\t\t\t\tdata-wp-class--is-menu-open=\"state.isMenuOpen\"\n\t\t\t\tdata-wp-watch=\"callbacks.initMenu\"\n\t\t\t\tdata-wp-on--keydown=\"actions.handleMenuKeydown\"\n\t\t\t\tdata-wp-on--focusout=\"actions.handleMenuFocusout\"\n\t\t\t\ttabindex=\"-1\"\n\t\t\t>\n\t\t\t\t\t<div class=\"wp-block-navigation__responsive-close\" tabindex=\"-1\">\n\t\t\t\t\t\t<div class=\"wp-block-navigation__responsive-dialog\" \n\t\t\t\tdata-wp-bind--aria-modal=\"state.ariaModal\"\n\t\t\t\tdata-wp-bind--aria-label=\"state.ariaLabel\"\n\t\t\t\tdata-wp-bind--role=\"state.roleAttribute\"\n\t\t\t>\n\t\t\t\t\t\t\t<button aria-label=\"St\u00e4ng meny\" class=\"wp-block-navigation__responsive-container-close\" \n\t\t\t\tdata-wp-on--click=\"actions.closeMenuOnClick\"\n\t\t\t><svg xmlns=\"http:\/\/www.w3.org\/2000\/svg\" viewBox=\"0 0 24 24\" width=\"24\" height=\"24\" aria-hidden=\"true\" focusable=\"false\"><path d=\"m13.06 12 6.47-6.47-1.06-1.06L12 10.94 5.53 4.47 4.47 5.53 10.94 12l-6.47 6.47 1.06 1.06L12 13.06l6.47 6.47 1.06-1.06L13.06 12Z\"><\/path><\/svg><\/button>\n\t\t\t\t\t\t\t<div class=\"wp-block-navigation__responsive-container-content\" \n\t\t\t\tdata-wp-watch=\"callbacks.focusFirstElement\"\n\t\t\t id=\"modal-1-content\">\n\t\t\t\t\t\t\t\t<ul class=\"wp-block-navigation__container has-text-color has-background-color has-background has-foreground-background-color is-responsive alignfull wp-block-navigation\"><li class=\"wp-block-navigation-item\"><div class=\"is-default-size wp-block-site-logo\"><a href=\"https:\/\/blogs2.abo.fi\/undervisningslabb\/\" class=\"custom-logo-link\" rel=\"home\"><img loading=\"lazy\" decoding=\"async\" width=\"322\" height=\"320\" src=\"https:\/\/blogs2.abo.fi\/undervisningslabb\/wp-content\/uploads\/sites\/216\/2022\/03\/AboAkademiUniversity_white-text.png\" class=\"custom-logo\" alt=\"Undervisnings- och medialabb\" srcset=\"https:\/\/blogs2.abo.fi\/undervisningslabb\/wp-content\/uploads\/sites\/216\/2022\/03\/AboAkademiUniversity_white-text.png 322w, https:\/\/blogs2.abo.fi\/undervisningslabb\/wp-content\/uploads\/sites\/216\/2022\/03\/AboAkademiUniversity_white-text-300x298.png 300w, https:\/\/blogs2.abo.fi\/undervisningslabb\/wp-content\/uploads\/sites\/216\/2022\/03\/AboAkademiUniversity_white-text-150x150.png 150w\" sizes=\"auto, (max-width: 322px) 100vw, 322px\" \/><\/a><\/div><\/li><li class=\" wp-block-navigation-item wp-block-navigation-link\"><a class=\"wp-block-navigation-item__content\"  href=\"https:\/\/blogs2.abo.fi\/undervisningslabb\/videostudio\/\"><span class=\"wp-block-navigation-item__label\">Videostudio<\/span><\/a><\/li><li class=\" wp-block-navigation-item wp-block-navigation-link\"><a class=\"wp-block-navigation-item__content\"  href=\"https:\/\/blogs2.abo.fi\/undervisningslabb\/podcaststudio\/\"><span class=\"wp-block-navigation-item__label\">Podcaststudio<\/span><\/a><\/li><li class=\" wp-block-navigation-item wp-block-navigation-link\"><a class=\"wp-block-navigation-item__content\"  href=\"https:\/\/blogs2.abo.fi\/undervisningslabb\/\"><span class=\"wp-block-navigation-item__label\">Projektets hemsida<\/span><\/a><\/li><li class=\" wp-block-navigation-item wp-block-navigation-link\"><a class=\"wp-block-navigation-item__content\"  href=\"https:\/\/blogs2.abo.fi\/undervisningslabb\/blogg\/\"><span class=\"wp-block-navigation-item__label\">Blogg<\/span><\/a><\/li><\/ul>\n\t\t\t\t\t\t\t<\/div>\n\t\t\t\t\t\t<\/div>\n\t\t\t\t\t<\/div>\n\t\t\t\t<\/div><\/nav>\n\n\n<div class=\"wp-block-group alignfull has-background is-layout-flow wp-block-group-is-layout-flow\" style=\"background-color:#f8f4e4\">\n<div class=\"wp-block-columns alignwide is-layout-flex wp-container-core-columns-is-layout-28f84493 wp-block-columns-is-layout-flex\">\n<div class=\"wp-block-column is-layout-flow wp-block-column-is-layout-flow\">\n<h6 class=\"has-text-color wp-block-heading\" id=\"ecosystem\" style=\"color:#000000\">\u00c5bo<\/h6>\n\n\n\n<p class=\"has-text-color\" style=\"color:#000000;font-size:5vw;line-height:1.1\"><strong>Podcaststudio<\/strong><\/p>\n\n\n\n<div class=\"wp-block-columns is-layout-flex wp-container-core-columns-is-layout-28f84493 wp-block-columns-is-layout-flex\">\n<div class=\"wp-block-column is-layout-flow wp-block-column-is-layout-flow\" style=\"flex-basis:66.66%\">\n<p>&lt;sidan \u00e4r under uppdatering&gt;<br><br>Podcaststudion \u00e4r ett akustikanpassat rum, med plats f\u00f6r fyra personer.&nbsp;Dessutom kan audiomixern ta in ljud via bluetooth eller usb, s\u00e5 man kan \u00e4ven ha deltagare med via t.ex. ett telefonsamtal eller Zoom. <\/p>\n\n\n\n<p>Korta instruktioner f\u00f6r utrustningen i studion hittar du h\u00e4r: <a rel=\"noreferrer noopener\" href=\"https:\/\/web.abo.fi\/lc\/guider\/PodcaststudionASAsnabbguide.pdf\" target=\"_blank\">Snabbguide till audiomixern (pdf)<\/a><\/p>\n\n\n\n<p>Exempel p\u00e5 program som du kan anv\u00e4nda p\u00e5 din dator f\u00f6r att spela in ljud: <br>Audacity (win \/ mac)<br>GarageBand (mac)<\/p>\n\n\n\n<p><\/p>\n\n\n\n<p><\/p>\n\n\n\n<p><\/p>\n\n\n\n<figure class=\"wp-block-image size-large\"><img loading=\"lazy\" decoding=\"async\" width=\"1001\" height=\"1024\" src=\"http:\/\/blogs2.abo.fi\/undervisningslabb\/wp-content\/uploads\/sites\/216\/2023\/01\/PS-studion-1001x1024.jpeg\" alt=\"\" class=\"wp-image-276\" srcset=\"https:\/\/blogs2.abo.fi\/undervisningslabb\/wp-content\/uploads\/sites\/216\/2023\/01\/PS-studion-1001x1024.jpeg 1001w, https:\/\/blogs2.abo.fi\/undervisningslabb\/wp-content\/uploads\/sites\/216\/2023\/01\/PS-studion-293x300.jpeg 293w, https:\/\/blogs2.abo.fi\/undervisningslabb\/wp-content\/uploads\/sites\/216\/2023\/01\/PS-studion-768x786.jpeg 768w, https:\/\/blogs2.abo.fi\/undervisningslabb\/wp-content\/uploads\/sites\/216\/2023\/01\/PS-studion-1502x1536.jpeg 1502w, https:\/\/blogs2.abo.fi\/undervisningslabb\/wp-content\/uploads\/sites\/216\/2023\/01\/PS-studion-2002x2048.jpeg 2002w\" sizes=\"auto, (max-width: 1001px) 100vw, 1001px\" \/><\/figure>\n<\/div>\n\n\n\n<div class=\"wp-block-column is-layout-flow wp-block-column-is-layout-flow\" style=\"flex-basis:33.33%\">\n<h4 class=\"wp-block-heading\">Plats<\/h4>\n\n\n\n<p>ASA C, 2 v\u00e5ningen<\/p>\n\n\n\n<p><\/p>\n\n\n\n<h4 class=\"wp-block-heading\">Bokning<\/h4>\n\n\n\n<p>Bokas via Peppi. Studion kan bokas av personal och studerande vardagar mellan kl 8-17.&nbsp;<\/p>\n\n\n\n<h4 class=\"wp-block-heading\">Support<\/h4>\n\n\n\n<p>Kontakta digimentorerna eller helpdesk om du har fr\u00e5gor<\/p>\n\n\n\n<p><\/p>\n\n\n\n<h4 class=\"wp-block-heading\">Lista p\u00e5 teknik i studion<\/h4>\n\n\n\n<ul class=\"wp-block-list\">\n<li>Audiomixer:&nbsp; R\u00d8DECaster Pro II  <a href=\"https:\/\/rode.com\/en\/user-guides\/rodecaster-pro-ii\" target=\"_blank\" rel=\"noreferrer noopener\">(R\u00d8DEs egna guider)<\/a><\/li>\n\n\n\n<li>Mikrofoner: 4 st Shure SM 7 B<\/li>\n\n\n\n<li>H\u00f6rlurar: 4 st the t.bone HD 200<\/li>\n<\/ul>\n\n\n\n<p>OBS! Utrymmet har ingen dator, inspelning till minneskort eller egen laptop (som kopplas till mixern med usb-c)<\/p>\n\n\n\n<p><\/p>\n\n\n\n<h4 class=\"wp-block-heading\">Tips<\/h4>\n\n\n\n<p>&lt;l\u00e4nkar till externa guider&gt;<\/p>\n<\/div>\n<\/div>\n<\/div>\n<\/div>\n\n\n\n<div class=\"wp-block-columns alignwide is-layout-flex wp-container-core-columns-is-layout-28f84493 wp-block-columns-is-layout-flex\">\n<div class=\"wp-block-column is-layout-flow wp-block-column-is-layout-flow\"><\/div>\n\n\n\n<div class=\"wp-block-column is-layout-flow wp-block-column-is-layout-flow\"><\/div>\n<\/div>\n\n\n\n<div class=\"wp-block-columns is-layout-flex wp-container-core-columns-is-layout-28f84493 wp-block-columns-is-layout-flex\">\n<div class=\"wp-block-column is-layout-flow wp-block-column-is-layout-flow\">\n<p>&nbsp;<\/p>\n<\/div>\n<\/div>\n<\/div>\n\n\n\n<p><\/p>\n","protected":false},"excerpt":{"rendered":"<p>&nbsp; \u00c5bo Podcaststudio &lt;sidan \u00e4r under uppdatering&gt; Podcaststudion \u00e4r ett akustikanpassat rum, med plats f\u00f6r fyra personer.&nbsp;Dessutom kan audiomixern ta in ljud via bluetooth eller usb, s\u00e5 man kan \u00e4ven ha deltagare med via t.ex. ett telefonsamtal eller Zoom. Korta instruktioner f\u00f6r utrustningen i studion hittar du h\u00e4r: Snabbguide till audiomixern (pdf) Exempel p\u00e5 program [&hellip;]<\/p>\n","protected":false},"author":569,"featured_media":0,"parent":0,"menu_order":0,"comment_status":"closed","ping_status":"closed","template":"blank","meta":{"footnotes":""},"class_list":["post-285","page","type-page","status-publish","hentry"],"_links":{"self":[{"href":"https:\/\/blogs2.abo.fi\/undervisningslabb\/wp-json\/wp\/v2\/pages\/285","targetHints":{"allow":["GET"]}}],"collection":[{"href":"https:\/\/blogs2.abo.fi\/undervisningslabb\/wp-json\/wp\/v2\/pages"}],"about":[{"href":"https:\/\/blogs2.abo.fi\/undervisningslabb\/wp-json\/wp\/v2\/types\/page"}],"author":[{"embeddable":true,"href":"https:\/\/blogs2.abo.fi\/undervisningslabb\/wp-json\/wp\/v2\/users\/569"}],"replies":[{"embeddable":true,"href":"https:\/\/blogs2.abo.fi\/undervisningslabb\/wp-json\/wp\/v2\/comments?post=285"}],"version-history":[{"count":24,"href":"https:\/\/blogs2.abo.fi\/undervisningslabb\/wp-json\/wp\/v2\/pages\/285\/revisions"}],"predecessor-version":[{"id":338,"href":"https:\/\/blogs2.abo.fi\/undervisningslabb\/wp-json\/wp\/v2\/pages\/285\/revisions\/338"}],"wp:attachment":[{"href":"https:\/\/blogs2.abo.fi\/undervisningslabb\/wp-json\/wp\/v2\/media?parent=285"}],"curies":[{"name":"wp","href":"https:\/\/api.w.org\/{rel}","templated":true}]}}