{"id":587,"date":"2025-11-25T08:03:30","date_gmt":"2025-11-25T08:03:30","guid":{"rendered":"https:\/\/blogs2.abo.fi\/tin\/?page_id=587"},"modified":"2025-11-25T08:03:30","modified_gmt":"2025-11-25T08:03:30","slug":"tin-glogg-10-12-2025","status":"publish","type":"page","link":"https:\/\/blogs2.abo.fi\/tin\/tin-glogg-10-12-2025\/","title":{"rendered":"TIN-Gl\u00f6gg 10.12.2025"},"content":{"rendered":"<p><b>V\u00e4lkomna p\u00e5 TIN-Gl\u00f6gg\u00a0 <\/b>onsdagen <b>den 10.12 kl 14.30-16.00 <\/b>i Academill, Vasa<\/p>\n<p><b>Drop &#8211; in tillf\u00e4lle <\/b>i rum <b>C0215<\/b> (bredvid kl\u00e4d-garderoben) i Academill<\/p>\n<p>V\u00e4lkomna att avsluta h\u00f6stterminen med oss och f\u00e5 en extra dos jul-st\u00e4mning!<\/p>\n<p>Ingen anm\u00e4lan beh\u00f6vs!<\/p>\n","protected":false},"excerpt":{"rendered":"<p>V\u00e4lkomna p\u00e5 TIN-Gl\u00f6gg\u00a0 onsdagen den 10.12 kl 14.30-16.00 i Academill, Vasa Drop &#8211; in tillf\u00e4lle i rum C0215 (bredvid kl\u00e4d-garderoben) i Academill V\u00e4lkomna att avsluta h\u00f6stterminen med oss och f\u00e5 en extra dos jul-st\u00e4mning! Ingen anm\u00e4lan beh\u00f6vs!<\/p>\n","protected":false},"author":567,"featured_media":0,"parent":0,"menu_order":0,"comment_status":"closed","ping_status":"closed","template":"","meta":{"footnotes":""},"class_list":["post-587","page","type-page","status-publish","hentry"],"_links":{"self":[{"href":"https:\/\/blogs2.abo.fi\/tin\/wp-json\/wp\/v2\/pages\/587","targetHints":{"allow":["GET"]}}],"collection":[{"href":"https:\/\/blogs2.abo.fi\/tin\/wp-json\/wp\/v2\/pages"}],"about":[{"href":"https:\/\/blogs2.abo.fi\/tin\/wp-json\/wp\/v2\/types\/page"}],"author":[{"embeddable":true,"href":"https:\/\/blogs2.abo.fi\/tin\/wp-json\/wp\/v2\/users\/567"}],"replies":[{"embeddable":true,"href":"https:\/\/blogs2.abo.fi\/tin\/wp-json\/wp\/v2\/comments?post=587"}],"version-history":[{"count":1,"href":"https:\/\/blogs2.abo.fi\/tin\/wp-json\/wp\/v2\/pages\/587\/revisions"}],"predecessor-version":[{"id":588,"href":"https:\/\/blogs2.abo.fi\/tin\/wp-json\/wp\/v2\/pages\/587\/revisions\/588"}],"wp:attachment":[{"href":"https:\/\/blogs2.abo.fi\/tin\/wp-json\/wp\/v2\/media?parent=587"}],"curies":[{"name":"wp","href":"https:\/\/api.w.org\/{rel}","templated":true}]}}