{"id":568,"date":"2025-09-16T05:13:04","date_gmt":"2025-09-16T05:13:04","guid":{"rendered":"https:\/\/blogs2.abo.fi\/tin\/?page_id=568"},"modified":"2025-09-16T05:13:04","modified_gmt":"2025-09-16T05:13:04","slug":"tin-goes-abb-6-10-2025","status":"publish","type":"page","link":"https:\/\/blogs2.abo.fi\/tin\/tin-goes-abb-6-10-2025\/","title":{"rendered":"TIN goes ABB 6.10.2025"},"content":{"rendered":"<p><strong>M\u00e5ndagen den 6.10 kl. 12.00 -16.0<\/strong> f\u00e5r vi m\u00f6jlighet att bes\u00f6ka ABB i Vasa. Under eftermiddagen f\u00e5r vi lyssna till presentationer om f\u00f6retaget, och dess aff\u00e4rsomr\u00e5den Energy Industries, Process Industries, Distribution Solutions, Low Voltage Motors och\u00a0 Smart Power och vi f\u00e5r m\u00f6jlighet att st\u00e4lla fr\u00e5gor. Efter detta \u00a0blir det en rundtur p\u00e5 Smart Powers produktion.<\/p>\n<p>Vi syns vid \u00a0ABBs utrymmen i Vasa (KT-Byggnaden, p\u00e5 Str\u00f6mbergin Puistotie 6c).<\/p>\n<p><strong>Anm\u00e4l dig h\u00e4r innan 30.9 2025<\/strong>:<\/p>\n<p><a href=\"https:\/\/survey.abo.fi\/lomakkeet\/17164\/lomake.html\">https:\/\/survey.abo.fi\/lomakkeet\/17164\/lomake.html<\/a><\/p>\n<p>&nbsp;<\/p>\n<p><strong>Varmt v\u00e4lkomna med alla som vill veta mera om ABBs verksamhet!<\/strong><\/p>\n","protected":false},"excerpt":{"rendered":"<p>M\u00e5ndagen den 6.10 kl. 12.00 -16.0 f\u00e5r vi m\u00f6jlighet att bes\u00f6ka ABB i Vasa. Under eftermiddagen f\u00e5r vi lyssna till presentationer om f\u00f6retaget, och dess aff\u00e4rsomr\u00e5den Energy Industries, Process Industries, Distribution Solutions, Low Voltage Motors och\u00a0 Smart Power och vi f\u00e5r m\u00f6jlighet att st\u00e4lla fr\u00e5gor. Efter detta \u00a0blir det en rundtur p\u00e5 Smart Powers produktion. &hellip; <\/p>\n<p class=\"link-more\"><a href=\"https:\/\/blogs2.abo.fi\/tin\/tin-goes-abb-6-10-2025\/\" class=\"more-link\">Forts\u00e4tt l\u00e4sa<span class=\"screen-reader-text\"> \u201dTIN goes ABB 6.10.2025\u201d<\/span><\/a><\/p>\n","protected":false},"author":567,"featured_media":0,"parent":0,"menu_order":0,"comment_status":"closed","ping_status":"closed","template":"","meta":{"footnotes":""},"class_list":["post-568","page","type-page","status-publish","hentry"],"_links":{"self":[{"href":"https:\/\/blogs2.abo.fi\/tin\/wp-json\/wp\/v2\/pages\/568","targetHints":{"allow":["GET"]}}],"collection":[{"href":"https:\/\/blogs2.abo.fi\/tin\/wp-json\/wp\/v2\/pages"}],"about":[{"href":"https:\/\/blogs2.abo.fi\/tin\/wp-json\/wp\/v2\/types\/page"}],"author":[{"embeddable":true,"href":"https:\/\/blogs2.abo.fi\/tin\/wp-json\/wp\/v2\/users\/567"}],"replies":[{"embeddable":true,"href":"https:\/\/blogs2.abo.fi\/tin\/wp-json\/wp\/v2\/comments?post=568"}],"version-history":[{"count":1,"href":"https:\/\/blogs2.abo.fi\/tin\/wp-json\/wp\/v2\/pages\/568\/revisions"}],"predecessor-version":[{"id":569,"href":"https:\/\/blogs2.abo.fi\/tin\/wp-json\/wp\/v2\/pages\/568\/revisions\/569"}],"wp:attachment":[{"href":"https:\/\/blogs2.abo.fi\/tin\/wp-json\/wp\/v2\/media?parent=568"}],"curies":[{"name":"wp","href":"https:\/\/api.w.org\/{rel}","templated":true}]}}