{"id":465,"date":"2023-12-08T09:16:09","date_gmt":"2023-12-08T09:16:09","guid":{"rendered":"https:\/\/blogs2.abo.fi\/tin\/?page_id=465"},"modified":"2023-12-08T09:16:09","modified_gmt":"2023-12-08T09:16:09","slug":"julglogg-19-12-2023-kl-14-16","status":"publish","type":"page","link":"https:\/\/blogs2.abo.fi\/tin\/julglogg-19-12-2023-kl-14-16\/","title":{"rendered":"Julgl\u00f6gg 19.12.2023 kl 14-16"},"content":{"rendered":"<p><b>V\u00e4lkomna p\u00e5 Gl\u00f6gg <\/b><\/p>\n<p>tisdagen <b>den 19.12 <\/b><b>kl<\/b><b> 14.00-16.00 <\/b>i Academill, Vasa<\/p>\n<p>Drop-in tillf\u00e4lle i rum <b>C0215<\/b> (bredvid kl\u00e4d-garderoben) i Academill<\/p>\n<p>V\u00e4lkomna att avsluta h\u00f6stterminen med oss och f\u00e5 en extra dos julst\u00e4mning!<\/p>\n<p>Ingen anm\u00e4lan beh\u00f6vs!<\/p>\n","protected":false},"excerpt":{"rendered":"<p>V\u00e4lkomna p\u00e5 Gl\u00f6gg tisdagen den 19.12 kl 14.00-16.00 i Academill, Vasa Drop-in tillf\u00e4lle i rum C0215 (bredvid kl\u00e4d-garderoben) i Academill V\u00e4lkomna att avsluta h\u00f6stterminen med oss och f\u00e5 en extra dos julst\u00e4mning! Ingen anm\u00e4lan beh\u00f6vs!<\/p>\n","protected":false},"author":567,"featured_media":0,"parent":0,"menu_order":0,"comment_status":"closed","ping_status":"closed","template":"","meta":{"footnotes":""},"class_list":["post-465","page","type-page","status-publish","hentry"],"_links":{"self":[{"href":"https:\/\/blogs2.abo.fi\/tin\/wp-json\/wp\/v2\/pages\/465","targetHints":{"allow":["GET"]}}],"collection":[{"href":"https:\/\/blogs2.abo.fi\/tin\/wp-json\/wp\/v2\/pages"}],"about":[{"href":"https:\/\/blogs2.abo.fi\/tin\/wp-json\/wp\/v2\/types\/page"}],"author":[{"embeddable":true,"href":"https:\/\/blogs2.abo.fi\/tin\/wp-json\/wp\/v2\/users\/567"}],"replies":[{"embeddable":true,"href":"https:\/\/blogs2.abo.fi\/tin\/wp-json\/wp\/v2\/comments?post=465"}],"version-history":[{"count":1,"href":"https:\/\/blogs2.abo.fi\/tin\/wp-json\/wp\/v2\/pages\/465\/revisions"}],"predecessor-version":[{"id":466,"href":"https:\/\/blogs2.abo.fi\/tin\/wp-json\/wp\/v2\/pages\/465\/revisions\/466"}],"wp:attachment":[{"href":"https:\/\/blogs2.abo.fi\/tin\/wp-json\/wp\/v2\/media?parent=465"}],"curies":[{"name":"wp","href":"https:\/\/api.w.org\/{rel}","templated":true}]}}