{"id":414,"date":"2023-03-21T13:15:55","date_gmt":"2023-03-21T13:15:55","guid":{"rendered":"https:\/\/blogs2.abo.fi\/tin\/?page_id=414"},"modified":"2023-04-11T08:57:24","modified_gmt":"2023-04-11T08:57:24","slug":"tin-goes-wartsila-sustainable-technology-hub-4-4-2023","status":"publish","type":"page","link":"https:\/\/blogs2.abo.fi\/tin\/tin-goes-wartsila-sustainable-technology-hub-4-4-2023\/","title":{"rendered":"TIN goes W\u00e4rtsil\u00e4 Sustainable Technology Hub 4.4 2023"},"content":{"rendered":"<p>The next TIN seminar is organized in cooperation with W\u00e4rtsil\u00e4 at the <strong>W\u00e4rtsil\u00e4 Sustainable Technology Hub<\/strong><\/p>\n<p><strong>Tuesday the 4<sup>th<\/sup> of April 2023 at 1-4 pm<\/strong><\/p>\n<p>&nbsp;<\/p>\n<p><strong>Carbon neutral fuels<\/strong><\/p>\n<p><strong>\u00a0<\/strong><\/p>\n<p><strong>Program <\/strong><\/p>\n<p><strong>\u00a0<\/strong><\/p>\n<p>13:00\u00a0\u00a0\u00a0 Arrival to W\u00e4rtsil\u00e4 STH, Teollisuuskatu 1 (Frilundintie 7) and bringing stuff to the meeting \u00a0\u00a0room FI STH Office &#8211; Community Area<\/p>\n<p>13:15\u00a0\u00a0\u00a0 Tour to STH Hub including Visitor Balcony<\/p>\n<p>14:00\u00a0\u00a0\u00a0 Coffee<\/p>\n<p>14:05\u00a0\u00a0\u00a0 W\u00e4rtsil\u00e4 Sustainable Fuels plans<\/p>\n<p><strong>Kaj Portin<\/strong><\/p>\n<p>General Manager Sustainable Fuels &amp; Decarbonization at W\u00e4rtsil\u00e4<\/p>\n<p>14:35\u00a0\u00a0\u00a0 \u00c5bo Akademi research regarding sustainable fuels<\/p>\n<p><strong>Jari B\u00f6ling\u00a0<\/strong><\/p>\n<p>Senior University Lecturer, Laboratory of Process and Systems Engineering, \u00c5A<\/p>\n<p><strong>Jerker Bj\u00f6rkqvist<\/strong><\/p>\n<div class=\"contact-card__titles\">\n<p>Senior University Lecturer, <span style=\"font-size: 1rem\">Information Technology, \u00c5A<\/span><\/p>\n<\/div>\n<p>15:05\u00a0\u00a0\u00a0 Common workshop on Carbon neutral fuels<\/p>\n<p>16:00 \u00a0\u00a0 End of seminar<\/p>\n<p><strong>\u00a0<\/strong><\/p>\n<p>&nbsp;<\/p>\n<p>Kindly register<a href=\"https:\/\/survey.abo.fi\/lomakkeet\/15487\/lomake.html\"> here<\/a> before the 30<sup>th<\/sup> of March.<\/p>\n","protected":false},"excerpt":{"rendered":"<p>The next TIN seminar is organized in cooperation with W\u00e4rtsil\u00e4 at the W\u00e4rtsil\u00e4 Sustainable Technology Hub Tuesday the 4th of April 2023 at 1-4 pm &nbsp; Carbon neutral fuels \u00a0 Program \u00a0 13:00\u00a0\u00a0\u00a0 Arrival to W\u00e4rtsil\u00e4 STH, Teollisuuskatu 1 (Frilundintie 7) and bringing stuff to the meeting \u00a0\u00a0room FI STH Office &#8211; Community Area 13:15\u00a0\u00a0\u00a0 &hellip; <\/p>\n<p class=\"link-more\"><a href=\"https:\/\/blogs2.abo.fi\/tin\/tin-goes-wartsila-sustainable-technology-hub-4-4-2023\/\" class=\"more-link\">Forts\u00e4tt l\u00e4sa<span class=\"screen-reader-text\"> \u201dTIN goes W\u00e4rtsil\u00e4 Sustainable Technology Hub 4.4 2023\u201d<\/span><\/a><\/p>\n","protected":false},"author":567,"featured_media":0,"parent":0,"menu_order":0,"comment_status":"closed","ping_status":"closed","template":"","meta":{"footnotes":""},"class_list":["post-414","page","type-page","status-publish","hentry"],"_links":{"self":[{"href":"https:\/\/blogs2.abo.fi\/tin\/wp-json\/wp\/v2\/pages\/414","targetHints":{"allow":["GET"]}}],"collection":[{"href":"https:\/\/blogs2.abo.fi\/tin\/wp-json\/wp\/v2\/pages"}],"about":[{"href":"https:\/\/blogs2.abo.fi\/tin\/wp-json\/wp\/v2\/types\/page"}],"author":[{"embeddable":true,"href":"https:\/\/blogs2.abo.fi\/tin\/wp-json\/wp\/v2\/users\/567"}],"replies":[{"embeddable":true,"href":"https:\/\/blogs2.abo.fi\/tin\/wp-json\/wp\/v2\/comments?post=414"}],"version-history":[{"count":3,"href":"https:\/\/blogs2.abo.fi\/tin\/wp-json\/wp\/v2\/pages\/414\/revisions"}],"predecessor-version":[{"id":442,"href":"https:\/\/blogs2.abo.fi\/tin\/wp-json\/wp\/v2\/pages\/414\/revisions\/442"}],"wp:attachment":[{"href":"https:\/\/blogs2.abo.fi\/tin\/wp-json\/wp\/v2\/media?parent=414"}],"curies":[{"name":"wp","href":"https:\/\/api.w.org\/{rel}","templated":true}]}}