{"id":324,"date":"2021-12-07T10:51:25","date_gmt":"2021-12-07T10:51:25","guid":{"rendered":"https:\/\/blogs2.abo.fi\/tin\/?page_id=324"},"modified":"2021-12-07T10:54:12","modified_gmt":"2021-12-07T10:54:12","slug":"gloggtillfalle-17-12-2021-kl-14-16","status":"publish","type":"page","link":"https:\/\/blogs2.abo.fi\/tin\/gloggtillfalle-17-12-2021-kl-14-16\/","title":{"rendered":"Gl\u00f6ggtillf\u00e4lle 17.12.2021 kl 14-16"},"content":{"rendered":"<p><strong>V\u00e4lkomna p\u00e5 Gl\u00f6gg och Pepparkaka<\/strong><\/p>\n<p><strong>\u00a0<\/strong><\/p>\n<p><strong>Fredagen den 17.12 kl 14.00-16.00 <\/strong><strong>i rum C0215 (vid kl\u00e4dgarderoben) Academill, Vasa<\/strong><\/p>\n<p><strong>\u00a0<\/strong><\/p>\n<p>&nbsp;<\/p>\n<p>Under detta <em>informella<\/em> tillf\u00e4lle har ni m\u00f6jlighet att tr\u00e4ffas fysiskt, samt diskutera TIN-verksamheten. Vi blickar fram\u00e5t, s\u00e5 ni har \u00e4ven chans att p\u00e5verka.<\/p>\n<p>&nbsp;<\/p>\n<p><em>Tillf\u00e4llet h\u00e5lls fysiskt vid Academill, men pga av eventuella \u00e4ndringar i Covid-19 restriktionerna kan detta \u00e4nnu komma att \u00e4ndras.<\/em><\/p>\n<p><strong>\u00a0<\/strong><\/p>\n<p><strong>\u00a0<\/strong><\/p>\n<p><strong>V\u00e4nligen registrera dig f\u00f6re Onsdagen den 15.12<\/strong> p\u00e5 f\u00f6ljande l\u00e4nk:<\/p>\n<p><a href=\"https:\/\/survey.abo.fi\/lomakkeet\/13698\/lomake.html\">https:\/\/survey.abo.fi\/lomakkeet\/13698\/lomake.html<\/a><\/p>\n<p>&nbsp;<\/p>\n<p><strong>Varmt v\u00e4lkommen med!<\/strong><\/p>\n<p>&nbsp;<\/p>\n<p>H\u00e4lsar,<\/p>\n<p>Arbetsgruppen f\u00f6r TIN-doktorandn\u00e4tverket i \u00d6sterbotten<\/p>\n","protected":false},"excerpt":{"rendered":"<p>V\u00e4lkomna p\u00e5 Gl\u00f6gg och Pepparkaka \u00a0 Fredagen den 17.12 kl 14.00-16.00 i rum C0215 (vid kl\u00e4dgarderoben) Academill, Vasa \u00a0 &nbsp; Under detta informella tillf\u00e4lle har ni m\u00f6jlighet att tr\u00e4ffas fysiskt, samt diskutera TIN-verksamheten. Vi blickar fram\u00e5t, s\u00e5 ni har \u00e4ven chans att p\u00e5verka. &nbsp; Tillf\u00e4llet h\u00e5lls fysiskt vid Academill, men pga av eventuella \u00e4ndringar i &hellip; <\/p>\n<p class=\"link-more\"><a href=\"https:\/\/blogs2.abo.fi\/tin\/gloggtillfalle-17-12-2021-kl-14-16\/\" class=\"more-link\">Forts\u00e4tt l\u00e4sa<span class=\"screen-reader-text\"> \u201dGl\u00f6ggtillf\u00e4lle 17.12.2021 kl 14-16\u201d<\/span><\/a><\/p>\n","protected":false},"author":567,"featured_media":0,"parent":0,"menu_order":0,"comment_status":"closed","ping_status":"closed","template":"","meta":{"footnotes":""},"class_list":["post-324","page","type-page","status-publish","hentry"],"_links":{"self":[{"href":"https:\/\/blogs2.abo.fi\/tin\/wp-json\/wp\/v2\/pages\/324","targetHints":{"allow":["GET"]}}],"collection":[{"href":"https:\/\/blogs2.abo.fi\/tin\/wp-json\/wp\/v2\/pages"}],"about":[{"href":"https:\/\/blogs2.abo.fi\/tin\/wp-json\/wp\/v2\/types\/page"}],"author":[{"embeddable":true,"href":"https:\/\/blogs2.abo.fi\/tin\/wp-json\/wp\/v2\/users\/567"}],"replies":[{"embeddable":true,"href":"https:\/\/blogs2.abo.fi\/tin\/wp-json\/wp\/v2\/comments?post=324"}],"version-history":[{"count":1,"href":"https:\/\/blogs2.abo.fi\/tin\/wp-json\/wp\/v2\/pages\/324\/revisions"}],"predecessor-version":[{"id":325,"href":"https:\/\/blogs2.abo.fi\/tin\/wp-json\/wp\/v2\/pages\/324\/revisions\/325"}],"wp:attachment":[{"href":"https:\/\/blogs2.abo.fi\/tin\/wp-json\/wp\/v2\/media?parent=324"}],"curies":[{"name":"wp","href":"https:\/\/api.w.org\/{rel}","templated":true}]}}