{"id":292,"date":"2021-08-18T12:24:02","date_gmt":"2021-08-18T12:24:02","guid":{"rendered":"https:\/\/blogs2.abo.fi\/tin\/?page_id=292"},"modified":"2021-08-18T12:37:26","modified_gmt":"2021-08-18T12:37:26","slug":"coach-tillfalle-infor-doktorandstudier-onsdagen-den-25-8-2021-kl-14-15-15-45","status":"publish","type":"page","link":"https:\/\/blogs2.abo.fi\/tin\/coach-tillfalle-infor-doktorandstudier-onsdagen-den-25-8-2021-kl-14-15-15-45\/","title":{"rendered":"Coach-tillf\u00e4lle inf\u00f6r doktorandstudier,  25.8 2021 kl 14.15-15.45"},"content":{"rendered":"<p>TIN-doktorandn\u00e4tverket ordnar <strong>Onsdagen den 25.8 2021 kl 14.15-15.45<\/strong> ett\u00a0 coach-tillf\u00e4lle p\u00e5 zoom f\u00f6r blivande doktorander inom ramen av TIN i \u00d6sterbotten vid FNT, \u00c5A och f\u00f6r personer som kanske funderar p\u00e5 att under l\u00e4s\u00e5rets lopp b\u00f6rja skriva en ans\u00f6kan.<\/p>\n<p>Med oss har vi forskningskoordinator Maria Ljung fr\u00e5n Forskningsservice vid \u00c5A, \u00c5bo, och Professor i Energiteknik, Margareta Bj\u00f6rklund-S\u00e4nkiaho. De presenterar kort ans\u00f6kningsprocessen samt viktiga saker att t\u00e4nka p\u00e5 d\u00e5 man skriver sin forskningsplan.<\/p>\n<p>&nbsp;<\/p>\n<p><strong>Kontakta TIN-doktorandn\u00e4tverket (tin@abo.fi) f\u00f6r zoom-l\u00e4nk.<\/strong><\/p>\n","protected":false},"excerpt":{"rendered":"<p>TIN-doktorandn\u00e4tverket ordnar Onsdagen den 25.8 2021 kl 14.15-15.45 ett\u00a0 coach-tillf\u00e4lle p\u00e5 zoom f\u00f6r blivande doktorander inom ramen av TIN i \u00d6sterbotten vid FNT, \u00c5A och f\u00f6r personer som kanske funderar p\u00e5 att under l\u00e4s\u00e5rets lopp b\u00f6rja skriva en ans\u00f6kan. Med oss har vi forskningskoordinator Maria Ljung fr\u00e5n Forskningsservice vid \u00c5A, \u00c5bo, och Professor i Energiteknik, &hellip; <\/p>\n<p class=\"link-more\"><a href=\"https:\/\/blogs2.abo.fi\/tin\/coach-tillfalle-infor-doktorandstudier-onsdagen-den-25-8-2021-kl-14-15-15-45\/\" class=\"more-link\">Forts\u00e4tt l\u00e4sa<span class=\"screen-reader-text\"> \u201dCoach-tillf\u00e4lle inf\u00f6r doktorandstudier,  25.8 2021 kl 14.15-15.45\u201d<\/span><\/a><\/p>\n","protected":false},"author":567,"featured_media":0,"parent":0,"menu_order":0,"comment_status":"closed","ping_status":"closed","template":"","meta":{"footnotes":""},"class_list":["post-292","page","type-page","status-publish","hentry"],"_links":{"self":[{"href":"https:\/\/blogs2.abo.fi\/tin\/wp-json\/wp\/v2\/pages\/292","targetHints":{"allow":["GET"]}}],"collection":[{"href":"https:\/\/blogs2.abo.fi\/tin\/wp-json\/wp\/v2\/pages"}],"about":[{"href":"https:\/\/blogs2.abo.fi\/tin\/wp-json\/wp\/v2\/types\/page"}],"author":[{"embeddable":true,"href":"https:\/\/blogs2.abo.fi\/tin\/wp-json\/wp\/v2\/users\/567"}],"replies":[{"embeddable":true,"href":"https:\/\/blogs2.abo.fi\/tin\/wp-json\/wp\/v2\/comments?post=292"}],"version-history":[{"count":3,"href":"https:\/\/blogs2.abo.fi\/tin\/wp-json\/wp\/v2\/pages\/292\/revisions"}],"predecessor-version":[{"id":298,"href":"https:\/\/blogs2.abo.fi\/tin\/wp-json\/wp\/v2\/pages\/292\/revisions\/298"}],"wp:attachment":[{"href":"https:\/\/blogs2.abo.fi\/tin\/wp-json\/wp\/v2\/media?parent=292"}],"curies":[{"name":"wp","href":"https:\/\/api.w.org\/{rel}","templated":true}]}}