{"id":238,"date":"2021-02-24T11:35:33","date_gmt":"2021-02-24T11:35:33","guid":{"rendered":"http:\/\/blogs2.abo.fi\/tin\/?page_id=238"},"modified":"2021-03-09T07:43:25","modified_gmt":"2021-03-09T07:43:25","slug":"webbinarium-19-3-2021-kl-14-00-15-30","status":"publish","type":"page","link":"https:\/\/blogs2.abo.fi\/tin\/webbinarium-19-3-2021-kl-14-00-15-30\/","title":{"rendered":"Webbinarium 19.3. 2021 kl 14.00-15.30"},"content":{"rendered":"<p><strong><em>TIN-doktorandn\u00e4tverket i \u00d6sterbotten<\/em><\/strong> ordnar ett webbinarium<\/p>\n<p><strong>Fredagen den 19.3 kl 14.00-15.30 p\u00e5 zoom<\/strong><\/p>\n<p>&nbsp;<\/p>\n<p><strong><u>Aktuell forskning inom TIN-doktorandn\u00e4tverket<\/u><\/strong><\/p>\n<p>&nbsp;<\/p>\n<p><strong>Program<\/strong><\/p>\n<p><strong>\u00a0<\/strong><\/p>\n<p>14.00 \u2013 14.05\u00a0 \u00a0 \u00a0Inledning och v\u00e4lkomstord<\/p>\n<p>14.05 \u2013 14.20\u00a0\u00a0\u00a0\u00a0 <strong>Finansieringsformer f\u00f6r att inleda samarbetsprojekt med\u00a0 \u00a0 \u00a0 \u00a0 \u00a0 \u00a0 \u00a0 \u00a0 \u00a0 \u00a0 \u00a0 \u00a0 \u00a0 \u00a0 \u00a0 \u00a0 \u00a0 \u00a0 \u00a0 \u00a0 \u00a0 \u00a0Energitekniken<\/strong><\/p>\n<p><em>\u00a0 \u00a0 \u00a0 \u00a0 \u00a0 \u00a0 \u00a0 \u00a0 \u00a0 \u00a0 \u00a0 \u00a0 \u00a0 Margareta Bj\u00f6rklund-S\u00e4nkiaho, Professor i Energiteknik vid \u00c5A<\/em><\/p>\n<p>14.20 \u2013 14.40\u00a0\u00a0\u00a0 <strong>The use of energy storage to integrate renewable energy in the\u00a0 \u00a0 \u00a0 \u00a0 \u00a0 \u00a0 \u00a0 \u00a0 \u00a0 \u00a0 \u00a0 \u00a0 \u00a0 \u00a0 \u00a0 \u00a0 transition to carbon-neutrality<\/strong><\/p>\n<p><em>\u00a0 \u00a0 \u00a0 \u00a0 \u00a0 \u00a0 \u00a0 \u00a0 \u00a0 \u00a0 \u00a0 \u00a0 \u00a0 Sami Lieskoski, Doktorand vid Energitekniken, \u00c5A<\/em><\/p>\n<p>14.40 \u2013 15.00\u00a0\u00a0\u00a0 <strong>Advances in Process Integration Studies for Novel Biorefinery\u00a0 \u00a0 \u00a0 \u00a0 \u00a0 \u00a0 \u00a0 \u00a0 \u00a0 \u00a0 \u00a0 \u00a0 \u00a0 \u00a0 \u00a0 \u00a0 \u00a0 Concepts and Biofuel Production<\/strong><\/p>\n<p><em>\u00a0 \u00a0 \u00a0 \u00a0 \u00a0 \u00a0 \u00a0 \u00a0 \u00a0 \u00a0 \u00a0 \u00a0 \u00a0 Niloufar Ghavami, Doktorand vid Energitekniken, \u00c5A<\/em><\/p>\n<p>15.00 \u2013 15.20\u00a0 \u00a0 <strong>En ny metod f\u00f6r att unders\u00f6ka slipmaterial mha en tribologicell<\/strong><\/p>\n<p><em>\u00a0 \u00a0 \u00a0 \u00a0 \u00a0 \u00a0 \u00a0 \u00a0 \u00a0 \u00a0 \u00a0 \u00a0 \u00a0 Andreas Gammelg\u00e5rd, Samarbetspartner, Mirka<\/em><\/p>\n<p>15.20 \u2013 15.30\u00a0 \u00a0 Avslutande ord<\/p>\n<p>&nbsp;<\/p>\n<p><strong>V\u00e4nligen registrera dig f\u00f6re <u>Onsdagen den 17.3<\/u><\/strong> p\u00e5 f\u00f6ljande l\u00e4nk:<\/p>\n<p><a href=\"https:\/\/survey.abo.fi\/lomakkeet\/13335\/lomake.html\"><u>https:\/\/survey.abo.fi\/lomakkeet\/13335\/lomake.html<\/u><\/a><\/p>\n<p>&nbsp;<\/p>\n<p>Efter registrering och en dag f\u00f6re webbinariet skickas zoom-l\u00e4nken till den e-mail adress som uppges i anm\u00e4lan.<\/p>\n","protected":false},"excerpt":{"rendered":"<p>TIN-doktorandn\u00e4tverket i \u00d6sterbotten ordnar ett webbinarium Fredagen den 19.3 kl 14.00-15.30 p\u00e5 zoom &nbsp; Aktuell forskning inom TIN-doktorandn\u00e4tverket &nbsp; Program \u00a0 14.00 \u2013 14.05\u00a0 \u00a0 \u00a0Inledning och v\u00e4lkomstord 14.05 \u2013 14.20\u00a0\u00a0\u00a0\u00a0 Finansieringsformer f\u00f6r att inleda samarbetsprojekt med\u00a0 \u00a0 \u00a0 \u00a0 \u00a0 \u00a0 \u00a0 \u00a0 \u00a0 \u00a0 \u00a0 \u00a0 \u00a0 \u00a0 \u00a0 \u00a0 \u00a0 \u00a0 \u00a0 &hellip; <\/p>\n<p class=\"link-more\"><a href=\"https:\/\/blogs2.abo.fi\/tin\/webbinarium-19-3-2021-kl-14-00-15-30\/\" class=\"more-link\">Forts\u00e4tt l\u00e4sa<span class=\"screen-reader-text\"> \u201dWebbinarium 19.3. 2021 kl 14.00-15.30\u201d<\/span><\/a><\/p>\n","protected":false},"author":567,"featured_media":0,"parent":0,"menu_order":0,"comment_status":"closed","ping_status":"closed","template":"","meta":{"footnotes":""},"class_list":["post-238","page","type-page","status-publish","hentry"],"_links":{"self":[{"href":"https:\/\/blogs2.abo.fi\/tin\/wp-json\/wp\/v2\/pages\/238","targetHints":{"allow":["GET"]}}],"collection":[{"href":"https:\/\/blogs2.abo.fi\/tin\/wp-json\/wp\/v2\/pages"}],"about":[{"href":"https:\/\/blogs2.abo.fi\/tin\/wp-json\/wp\/v2\/types\/page"}],"author":[{"embeddable":true,"href":"https:\/\/blogs2.abo.fi\/tin\/wp-json\/wp\/v2\/users\/567"}],"replies":[{"embeddable":true,"href":"https:\/\/blogs2.abo.fi\/tin\/wp-json\/wp\/v2\/comments?post=238"}],"version-history":[{"count":4,"href":"https:\/\/blogs2.abo.fi\/tin\/wp-json\/wp\/v2\/pages\/238\/revisions"}],"predecessor-version":[{"id":252,"href":"https:\/\/blogs2.abo.fi\/tin\/wp-json\/wp\/v2\/pages\/238\/revisions\/252"}],"wp:attachment":[{"href":"https:\/\/blogs2.abo.fi\/tin\/wp-json\/wp\/v2\/media?parent=238"}],"curies":[{"name":"wp","href":"https:\/\/api.w.org\/{rel}","templated":true}]}}