{"id":164,"date":"2020-11-16T14:11:29","date_gmt":"2020-11-16T14:11:29","guid":{"rendered":"http:\/\/blogs2.abo.fi\/tin\/?page_id=164"},"modified":"2020-11-17T11:01:09","modified_gmt":"2020-11-17T11:01:09","slug":"post-doc-samarbete-efter-doktorsexamen","status":"publish","type":"page","link":"https:\/\/blogs2.abo.fi\/tin\/forskning-som-hobby\/post-doc-samarbete-efter-doktorsexamen\/","title":{"rendered":"Post doc samarbete (efter doktorsexamen)"},"content":{"rendered":"<p>Har du t\u00e4nkt p\u00e5 m\u00f6jligheten att forts\u00e4tta samarbeta med universitetet efter din doktorsexamen?<\/p>\n<p>&#8211; Vill du kanske p\u00e5verka i vilken inriktning universitetets verksamhet utvecklas?<br \/>\n&#8211; Vill du kanske forts\u00e4tta med att utveckla din vetenskapliga expertis, skriva vetenskapliga publikationer, samarbeta med doktorander och kanske s\u00f6ka en docentur?<br \/>\n&#8211; Eller vill du kanske undervisa nu och d\u00e5 p\u00e5 universitetet, handleda examensarbeten eller ta dej an olika akademiska eller alumnuppdrag?<br \/>\n&#8211; Eller bara nu och d\u00e5 tr\u00e4ffa likasinnade?<\/p>\n<p>Post doc samarbete med universitetet kan erbjuda dig som jobbar inom industrin nya rekryterings-, finansierings- och arbetss\u00e4tt som du kan ha nytta av i ditt nuvarande jobb, eller en alternativ karri\u00e4rm\u00f6jlighet inom universitetsv\u00e4rlden senare i ditt liv.<br \/>\nAtt delta i aktiviteterna inom v\u00e5rt TIN-n\u00e4tverk kan vara ett s\u00e4tt f\u00f6r dig att komma ig\u00e5ng med detta, oberoende vad du har som m\u00e5ls\u00e4ttning!<\/p>\n","protected":false},"excerpt":{"rendered":"<p>Har du t\u00e4nkt p\u00e5 m\u00f6jligheten att forts\u00e4tta samarbeta med universitetet efter din doktorsexamen? &#8211; Vill du kanske p\u00e5verka i vilken inriktning universitetets verksamhet utvecklas? &#8211; Vill du kanske forts\u00e4tta med att utveckla din vetenskapliga expertis, skriva vetenskapliga publikationer, samarbeta med doktorander och kanske s\u00f6ka en docentur? &#8211; Eller vill du kanske undervisa nu och d\u00e5 &hellip; <\/p>\n<p class=\"link-more\"><a href=\"https:\/\/blogs2.abo.fi\/tin\/forskning-som-hobby\/post-doc-samarbete-efter-doktorsexamen\/\" class=\"more-link\">Forts\u00e4tt l\u00e4sa<span class=\"screen-reader-text\"> \u201dPost doc samarbete (efter doktorsexamen)\u201d<\/span><\/a><\/p>\n","protected":false},"author":565,"featured_media":0,"parent":118,"menu_order":2,"comment_status":"closed","ping_status":"closed","template":"","meta":{"footnotes":""},"class_list":["post-164","page","type-page","status-publish","hentry"],"_links":{"self":[{"href":"https:\/\/blogs2.abo.fi\/tin\/wp-json\/wp\/v2\/pages\/164","targetHints":{"allow":["GET"]}}],"collection":[{"href":"https:\/\/blogs2.abo.fi\/tin\/wp-json\/wp\/v2\/pages"}],"about":[{"href":"https:\/\/blogs2.abo.fi\/tin\/wp-json\/wp\/v2\/types\/page"}],"author":[{"embeddable":true,"href":"https:\/\/blogs2.abo.fi\/tin\/wp-json\/wp\/v2\/users\/565"}],"replies":[{"embeddable":true,"href":"https:\/\/blogs2.abo.fi\/tin\/wp-json\/wp\/v2\/comments?post=164"}],"version-history":[{"count":3,"href":"https:\/\/blogs2.abo.fi\/tin\/wp-json\/wp\/v2\/pages\/164\/revisions"}],"predecessor-version":[{"id":191,"href":"https:\/\/blogs2.abo.fi\/tin\/wp-json\/wp\/v2\/pages\/164\/revisions\/191"}],"up":[{"embeddable":true,"href":"https:\/\/blogs2.abo.fi\/tin\/wp-json\/wp\/v2\/pages\/118"}],"wp:attachment":[{"href":"https:\/\/blogs2.abo.fi\/tin\/wp-json\/wp\/v2\/media?parent=164"}],"curies":[{"name":"wp","href":"https:\/\/api.w.org\/{rel}","templated":true}]}}