{"id":85,"date":"2020-05-12T11:32:22","date_gmt":"2020-05-12T09:32:22","guid":{"rendered":"http:\/\/blogs2.abo.fi\/tidigalgebra\/?page_id=85"},"modified":"2020-06-18T08:06:39","modified_gmt":"2020-06-18T06:06:39","slug":"tidig-algebra-och-pre-algebra","status":"publish","type":"page","link":"https:\/\/blogs2.abo.fi\/tidigalgebra\/tidig-algebra-och-pre-algebra\/","title":{"rendered":"Vad menas med tidig algebra?"},"content":{"rendered":"<p>Goda kunskaper i algebra \u00e4r n\u00f6dv\u00e4ndiga f\u00f6r att kunna l\u00e4ra sig mer avancerad matematik, men \u00e4r \u00e4ven av stor betydelse i vardagslivet. Av framtidens samh\u00e4llsmedborgare beh\u00f6vs mer \u00e4n enbart goda aritmetiska f\u00e4rdigheter, d\u00e4rf\u00f6r \u00e4r det allt viktigare att utveckla barns matematiska t\u00e4nkande och f\u00f6rst\u00e5else genom algebran. Grunderna f\u00f6r algebraiska t\u00e4nkandet kan och b\u00f6r s\u00e4ttas redan inom nyb\u00f6rjarundervisningen.<\/p>\n<p>Aritmetiken \u00e4r det matematiska delomr\u00e5de d\u00e4r man opererar med bekanta tal och r\u00e4kneoperationerna ger numeriska v\u00e4rden. Grundl\u00e4ggande f\u00e4rdigheter i aritmetik omfattar f\u00f6rst\u00e5else f\u00f6r talens egenskaper och storlek, j\u00e4mf\u00f6relse och sortering av tal, f\u00f6rst\u00e5else av delar och helheter, de fyra r\u00e4knes\u00e4tten samt positionssystemet. I skolmatematiken har aritmetiken en dominerande roll i de l\u00e4gsta \u00e5rskurserna.<\/p>\n<p>Med algebra menas det omr\u00e5de inom matematiken som traditionellt kallats som &#8221;bokstavsr\u00e4kning&#8221;. M\u00e5nga har upplevt det algebran som meningsl\u00f6s manipulation av symboler, men algebra \u00e4r mycket mera \u00e4n s\u00e5. Algebran baserar sig p\u00e5 en mer abstrakt anv\u00e4ndning av symboler och r\u00e4kneoperationer. Med hj\u00e4lp av algebran kan man generalisera aritmetikens regler och utveckla mer abstrakt t\u00e4nkande. I den tidiga algebra, i f\u00f6rskola och nyb\u00f6rjarundervisning, s\u00e4tts grunden f\u00f6r det algebraiska t\u00e4nkandet genom att exempelvis studera likhetstecknets betydelse och r\u00e4knes\u00e4ttens inb\u00f6rdes relationer genom laboration, problem och lek.<\/p>\n<p>Algebra och aritmetik har setts som tv\u00e5 \u201dv\u00e4sensskilda omr\u00e5den\u201d inom matematiken, d\u00e4r algebran varit det omr\u00e5de som bygger och f\u00f6ljer p\u00e5 aritmetiken. Denna skillnad synliggjordes i det tidigare begreppet <em>pre-algebra,\u00a0<\/em>som syftade till att \u00f6verbrygga gapet mellan aritmetik och algebra. F\u00f6r att visa p\u00e5 hur aritmetiken och algebran \u00e4r sammanknutna och st\u00f6der varandra redan i de tidiga skol\u00e5ren, kom forskare fram till att \u00f6verg\u00e5 fr\u00e5n det tidigare anv\u00e4nda begreppet\u00a0och inf\u00f6ra begreppet <em>tidig algebra.<\/em><\/p>\n<p>Begreppet\u00a0<em>tidig algebra<\/em>\u00a0b\u00f6rjade anv\u00e4ndas i boken\u00a0<em>Algebra i grundskolan<\/em>\u00a0som gavs ut av\u00a0<em>Nationella centret f\u00f6r matematik (NCM) \u00e5r 2019.<\/em>\u00a0Den nya boken om algebraundervisning \u00e4r t\u00e4nkt att ers\u00e4tta den tidigare boken,\u00a0<em>Algebra f\u00f6r alla\u00a0<\/em>(NCM, 1997)<em>.\u00a0<\/em>Den nya boken anv\u00e4nder begreppet\u00a0<em>tidig algebra\u00a0<\/em>i st\u00e4llet f\u00f6r\u00a0<em>pre-algebra<\/em>\u00a0f\u00f6r begynnande algebraundervisning, vilket gav fotf\u00e4ste f\u00f6r det nya begreppet. Numera ses aritmetik och algebra mer sammanknutna med varandra fr\u00e5n f\u00f6rsta b\u00f6rjan och d\u00e4rf\u00f6r talar vi hellre om\u00a0<em>tidig algebra.\u00a0<\/em>P\u00e5 finska har forskare b\u00f6rjat prata om \u201dalgebrallisen ajattelun pohjustaminen\u201d (Se forskningsn\u00e4tverket NORDIC NETWORK FOR ALGEBRA LEARNING,\u00a0N<sup>2<\/sup>AL), ist\u00e4llet f\u00f6r \u201desialgebra\u201d.<em>\u00a0<\/em>P\u00e5 engelska anv\u00e4nds\u00a0\u201dearly algebra\u201d (tidigare\u00a0\u201dpre-algebra\u201d)<em>\u00a0<\/em>vilket motsvarar den svenska begreppsanv\u00e4ndningen.<\/p>\n","protected":false},"excerpt":{"rendered":"<p>Goda kunskaper i algebra \u00e4r n\u00f6dv\u00e4ndiga f\u00f6r att kunna l\u00e4ra sig mer avancerad matematik, men \u00e4r \u00e4ven av stor betydelse i vardagslivet. Av framtidens samh\u00e4llsmedborgare beh\u00f6vs mer \u00e4n enbart goda aritmetiska f\u00e4rdigheter, d\u00e4rf\u00f6r \u00e4r det allt viktigare att utveckla barns &hellip; <a href=\"https:\/\/blogs2.abo.fi\/tidigalgebra\/tidig-algebra-och-pre-algebra\/\">Forts\u00e4tt l\u00e4sa <span class=\"meta-nav\">&rarr;<\/span><\/a><\/p>\n","protected":false},"author":511,"featured_media":0,"parent":0,"menu_order":0,"comment_status":"closed","ping_status":"closed","template":"","meta":{"footnotes":""},"class_list":["post-85","page","type-page","status-publish","hentry"],"_links":{"self":[{"href":"https:\/\/blogs2.abo.fi\/tidigalgebra\/wp-json\/wp\/v2\/pages\/85","targetHints":{"allow":["GET"]}}],"collection":[{"href":"https:\/\/blogs2.abo.fi\/tidigalgebra\/wp-json\/wp\/v2\/pages"}],"about":[{"href":"https:\/\/blogs2.abo.fi\/tidigalgebra\/wp-json\/wp\/v2\/types\/page"}],"author":[{"embeddable":true,"href":"https:\/\/blogs2.abo.fi\/tidigalgebra\/wp-json\/wp\/v2\/users\/511"}],"replies":[{"embeddable":true,"href":"https:\/\/blogs2.abo.fi\/tidigalgebra\/wp-json\/wp\/v2\/comments?post=85"}],"version-history":[{"count":6,"href":"https:\/\/blogs2.abo.fi\/tidigalgebra\/wp-json\/wp\/v2\/pages\/85\/revisions"}],"predecessor-version":[{"id":330,"href":"https:\/\/blogs2.abo.fi\/tidigalgebra\/wp-json\/wp\/v2\/pages\/85\/revisions\/330"}],"wp:attachment":[{"href":"https:\/\/blogs2.abo.fi\/tidigalgebra\/wp-json\/wp\/v2\/media?parent=85"}],"curies":[{"name":"wp","href":"https:\/\/api.w.org\/{rel}","templated":true}]}}