{"id":65,"date":"2020-05-12T10:36:36","date_gmt":"2020-05-12T08:36:36","guid":{"rendered":"http:\/\/blogs2.abo.fi\/tidigalgebra\/?page_id=65"},"modified":"2020-08-26T09:26:23","modified_gmt":"2020-08-26T07:26:23","slug":"matematiikan-maailmaan-mama-till-matematikens-varld","status":"publish","type":"page","link":"https:\/\/blogs2.abo.fi\/tidigalgebra\/","title":{"rendered":"MaMa-Algebra"},"content":{"rendered":"<h1><strong>V\u00c4LKOMMEN TILL MAMA-ALGEBRA!<\/strong><\/h1>\n<p>MaMa-Algebra \u00e4r en del av spetsprojektet <em>Till matematikens v\u00e4rld<\/em> (<a href=\"https:\/\/oppiminenuudistuu.wordpress.com\/2018\/11\/13\/matematiikan-maailmaan\/\"><em>Matematiikan Maailmaan<\/em><\/a>, MaMa). MaMa-projektet startade \u00e5r 2017 som ett samarbetsprojekt mellan \u00c5bo universitet (ledande), Helsingfors universitet, Jyv\u00e4skyl\u00e4 universitet och \u00c5bo Akademi. Projektet \u00e4r finansierat av undervisnings- och kulturministeriet i Finland. Syftet med MaMa-projektet \u00e4r att utveckla forskningsbaserade moduler f\u00f6r l\u00e4rarutbildning g\u00e4llande matematik inom sm\u00e5barnspedagogik och nyb\u00f6rjarundervisning. \u00c5bo Akademi ansvarar f\u00f6r utbildningsmodulen MaMa-Algebra, d\u00e4r fokus ligger p\u00e5 tidig algebra. Mera om MaMa-projektet och MaMa-Algebra kan du l\u00e4sa <a href=\"http:\/\/blogs2.abo.fi\/tidigalgebra\/mama-algebra\/\">h\u00e4r<\/a>.<\/p>\n<p>MaMa-Algebra utbildningsmodulen inneh\u00e5ller b\u00e5de <a href=\"http:\/\/blogs2.abo.fi\/tidigalgebra\/tidig-algebra\/\">teoretiska<\/a> och <a href=\"http:\/\/blogs2.abo.fi\/tidigalgebra\/aktiviteter-och-uppgifter\/\">praktiska<\/a> delar om algebra som vi har samlat p\u00e5 denna webbplats. Vi har \u00e4ven samlat <a href=\"http:\/\/blogs2.abo.fi\/tidigalgebra\/litteratur\/\">litteratur och l\u00e4nkar<\/a> till annat material och artiklar som vi anser kan bidra till utveckling av undervisning p\u00e5 detta omr\u00e5de. Fokus ligger p\u00e5 tidig algebra i f\u00f6rskola och nyb\u00f6rjarundervisning men vi ber\u00f6r \u00e4ven progressionen fr\u00e5n sm\u00e5barnspedagogiken fram till grundskolans senare \u00e5r.<\/p>\n<p><a href=\"http:\/\/blogs2.abo.fi\/tidigalgebra\/wp-content\/uploads\/sites\/108\/2020\/08\/algebra_figur1.jpg\"><img loading=\"lazy\" decoding=\"async\" class=\"aligncenter wp-image-357\" src=\"http:\/\/blogs2.abo.fi\/tidigalgebra\/wp-content\/uploads\/sites\/108\/2020\/08\/algebra_figur1-300x139.jpg\" alt=\"\" width=\"192\" height=\"93\" \/><\/a><\/p>\n","protected":false},"excerpt":{"rendered":"<p>V\u00c4LKOMMEN TILL MAMA-ALGEBRA! MaMa-Algebra \u00e4r en del av spetsprojektet Till matematikens v\u00e4rld (Matematiikan Maailmaan, MaMa). MaMa-projektet startade \u00e5r 2017 som ett samarbetsprojekt mellan \u00c5bo universitet (ledande), Helsingfors universitet, Jyv\u00e4skyl\u00e4 universitet och \u00c5bo Akademi. Projektet \u00e4r finansierat av undervisnings- och kulturministeriet &hellip; <a href=\"https:\/\/blogs2.abo.fi\/tidigalgebra\/\">Forts\u00e4tt l\u00e4sa <span class=\"meta-nav\">&rarr;<\/span><\/a><\/p>\n","protected":false},"author":511,"featured_media":0,"parent":0,"menu_order":0,"comment_status":"closed","ping_status":"closed","template":"","meta":{"footnotes":""},"class_list":["post-65","page","type-page","status-publish","hentry"],"_links":{"self":[{"href":"https:\/\/blogs2.abo.fi\/tidigalgebra\/wp-json\/wp\/v2\/pages\/65","targetHints":{"allow":["GET"]}}],"collection":[{"href":"https:\/\/blogs2.abo.fi\/tidigalgebra\/wp-json\/wp\/v2\/pages"}],"about":[{"href":"https:\/\/blogs2.abo.fi\/tidigalgebra\/wp-json\/wp\/v2\/types\/page"}],"author":[{"embeddable":true,"href":"https:\/\/blogs2.abo.fi\/tidigalgebra\/wp-json\/wp\/v2\/users\/511"}],"replies":[{"embeddable":true,"href":"https:\/\/blogs2.abo.fi\/tidigalgebra\/wp-json\/wp\/v2\/comments?post=65"}],"version-history":[{"count":21,"href":"https:\/\/blogs2.abo.fi\/tidigalgebra\/wp-json\/wp\/v2\/pages\/65\/revisions"}],"predecessor-version":[{"id":372,"href":"https:\/\/blogs2.abo.fi\/tidigalgebra\/wp-json\/wp\/v2\/pages\/65\/revisions\/372"}],"wp:attachment":[{"href":"https:\/\/blogs2.abo.fi\/tidigalgebra\/wp-json\/wp\/v2\/media?parent=65"}],"curies":[{"name":"wp","href":"https:\/\/api.w.org\/{rel}","templated":true}]}}