{"id":63,"date":"2020-05-12T10:27:55","date_gmt":"2020-05-12T08:27:55","guid":{"rendered":"http:\/\/blogs2.abo.fi\/tidigalgebra\/?page_id=63"},"modified":"2020-06-04T12:30:48","modified_gmt":"2020-06-04T10:30:48","slug":"litteratur","status":"publish","type":"page","link":"https:\/\/blogs2.abo.fi\/tidigalgebra\/litteratur\/","title":{"rendered":"Litteratur och l\u00e4nkar"},"content":{"rendered":"<p>I denna del hittar du en litteraturlista och l\u00e4nkar till olika webbresurser. I litteraturlistan finns dels s\u00e5dan litteratur som vi direkt h\u00e4nvisar till i litteraturdelen och dels s\u00e5dana som kan vara intressanta om du vill f\u00f6rdjupa dig mera i \u00e4mnet. I l\u00e4nksamlingen har vi samlat l\u00e4nkar till olika webbresurser och projekt d\u00e4r tidig algebra \u00e4r i fokus.<\/p>\n","protected":false},"excerpt":{"rendered":"<p>I denna del hittar du en litteraturlista och l\u00e4nkar till olika webbresurser. I litteraturlistan finns dels s\u00e5dan litteratur som vi direkt h\u00e4nvisar till i litteraturdelen och dels s\u00e5dana som kan vara intressanta om du vill f\u00f6rdjupa dig mera i \u00e4mnet. &hellip; <a href=\"https:\/\/blogs2.abo.fi\/tidigalgebra\/litteratur\/\">Forts\u00e4tt l\u00e4sa <span class=\"meta-nav\">&rarr;<\/span><\/a><\/p>\n","protected":false},"author":511,"featured_media":0,"parent":0,"menu_order":0,"comment_status":"closed","ping_status":"closed","template":"","meta":{"footnotes":""},"class_list":["post-63","page","type-page","status-publish","hentry"],"_links":{"self":[{"href":"https:\/\/blogs2.abo.fi\/tidigalgebra\/wp-json\/wp\/v2\/pages\/63","targetHints":{"allow":["GET"]}}],"collection":[{"href":"https:\/\/blogs2.abo.fi\/tidigalgebra\/wp-json\/wp\/v2\/pages"}],"about":[{"href":"https:\/\/blogs2.abo.fi\/tidigalgebra\/wp-json\/wp\/v2\/types\/page"}],"author":[{"embeddable":true,"href":"https:\/\/blogs2.abo.fi\/tidigalgebra\/wp-json\/wp\/v2\/users\/511"}],"replies":[{"embeddable":true,"href":"https:\/\/blogs2.abo.fi\/tidigalgebra\/wp-json\/wp\/v2\/comments?post=63"}],"version-history":[{"count":5,"href":"https:\/\/blogs2.abo.fi\/tidigalgebra\/wp-json\/wp\/v2\/pages\/63\/revisions"}],"predecessor-version":[{"id":261,"href":"https:\/\/blogs2.abo.fi\/tidigalgebra\/wp-json\/wp\/v2\/pages\/63\/revisions\/261"}],"wp:attachment":[{"href":"https:\/\/blogs2.abo.fi\/tidigalgebra\/wp-json\/wp\/v2\/media?parent=63"}],"curies":[{"name":"wp","href":"https:\/\/api.w.org\/{rel}","templated":true}]}}