{"id":57,"date":"2020-05-12T10:25:39","date_gmt":"2020-05-12T08:25:39","guid":{"rendered":"http:\/\/blogs2.abo.fi\/tidigalgebra\/?page_id=57"},"modified":"2020-05-13T14:20:52","modified_gmt":"2020-05-13T12:20:52","slug":"olika-uppfattningar-om-utveckling-av-barns-algebraiska-tankande","status":"publish","type":"page","link":"https:\/\/blogs2.abo.fi\/tidigalgebra\/olika-uppfattningar-om-utveckling-av-barns-algebraiska-tankande\/","title":{"rendered":"Olika uppfattningar om hur barns algebraiska t\u00e4nkande utvecklas"},"content":{"rendered":"<p><strong>Olika uppfattningar om hur p\u00e5 b\u00e4sta s\u00e4tt utveckla barnens algebraiska t\u00e4nkande<\/strong><\/p>\n<p>Forskare \u00e4r eniga om att tidiga skol\u00e5rens algebra inte betyder att man helt enkelt b\u00f6rjar med senare skol\u00e5rens inneh\u00e5ll tidigare. Det finns dock olika uppfattningar om hur man b\u00e4st utvecklar elevers algebraiska t\u00e4nkande fr\u00e5n tidiga \u00e5ren, speciellt n\u00e4r det g\u00e4ller kopplingen mellan aritmetik och algebra. Till exempel inom den s\u00e5 kallade <em>aritmetiska traditionen<\/em> som har varit vanlig i V\u00e4stv\u00e4rlden finns det en tanke om att eleverna under de f\u00f6rsta skol\u00e5ren via konkreta och laborativa aritmetiska uppgifter f\u00f6rankrade i deras vardag kan utveckla en <em>pre\u00ad-algebraisk<\/em> f\u00f6rst\u00e5else. F\u00f6r en framg\u00e5ngsrik utveckling fr\u00e5n aritmetik till algebra \u00e4r det enligt forskare viktigt att fokusera p\u00e5 f\u00f6ljande:<\/p>\n<ul>\n<li>Relationer och strukturer och inte enbart on r\u00e4knandet f\u00f6r att f\u00e5 r\u00e4tt numeriskt svar;<\/li>\n<li>Operationer och deras motsatta operationer och tanken om att genomf\u00f6ra en operation och \u201d\u00e5ngra\u201d den (\u201ddoing\u201d och \u201dundoing\u201d);<\/li>\n<li>Att representera en l\u00f6sning till ett problem med ett matematiskt uttryck eller andra representationsformer och inte enbart l\u00f6sa det;<\/li>\n<li>Anv\u00e4ndning av b\u00e5de tal och bokst\u00e4ver i st\u00e4llet f\u00f6r enbart tal;<\/li>\n<li>Betydelsen av likhetstecken, inte enbart p\u00e5 ett operationellt s\u00e4tt (\u201dblir lika med\u201d) utan \u00e4ven strukturellt (\u201d\u00e4r lika med\u201d).<\/li>\n<\/ul>\n<p>Fokus p\u00e5 de ovanst\u00e5ende \u00e4r viktigt \u00e4ven om man utvecklar aritmetik och algebra hand i hand fr\u00e5n tidiga skol\u00e5ren.<\/p>\n<p><a href=\"http:\/\/blogs2.abo.fi\/tidigalgebra\/davydov-skolan\/\">Davydov-skolan<\/a> \u00e4r ett exempel p\u00e5 hur algebran systematiskt och naturligt \u00e4r en del av skolmatematiken fr\u00e5n de tidigaste skol\u00e5ren. Den estniska l\u00e4roplanen och de estniska l\u00e4romedlen \u00e4r influerade av Davydov-skolan.<\/p>\n","protected":false},"excerpt":{"rendered":"<p>Olika uppfattningar om hur p\u00e5 b\u00e4sta s\u00e4tt utveckla barnens algebraiska t\u00e4nkande Forskare \u00e4r eniga om att tidiga skol\u00e5rens algebra inte betyder att man helt enkelt b\u00f6rjar med senare skol\u00e5rens inneh\u00e5ll tidigare. Det finns dock olika uppfattningar om hur man b\u00e4st &hellip; <a href=\"https:\/\/blogs2.abo.fi\/tidigalgebra\/olika-uppfattningar-om-utveckling-av-barns-algebraiska-tankande\/\">Forts\u00e4tt l\u00e4sa <span class=\"meta-nav\">&rarr;<\/span><\/a><\/p>\n","protected":false},"author":511,"featured_media":0,"parent":0,"menu_order":0,"comment_status":"closed","ping_status":"closed","template":"","meta":{"footnotes":""},"class_list":["post-57","page","type-page","status-publish","hentry"],"_links":{"self":[{"href":"https:\/\/blogs2.abo.fi\/tidigalgebra\/wp-json\/wp\/v2\/pages\/57","targetHints":{"allow":["GET"]}}],"collection":[{"href":"https:\/\/blogs2.abo.fi\/tidigalgebra\/wp-json\/wp\/v2\/pages"}],"about":[{"href":"https:\/\/blogs2.abo.fi\/tidigalgebra\/wp-json\/wp\/v2\/types\/page"}],"author":[{"embeddable":true,"href":"https:\/\/blogs2.abo.fi\/tidigalgebra\/wp-json\/wp\/v2\/users\/511"}],"replies":[{"embeddable":true,"href":"https:\/\/blogs2.abo.fi\/tidigalgebra\/wp-json\/wp\/v2\/comments?post=57"}],"version-history":[{"count":6,"href":"https:\/\/blogs2.abo.fi\/tidigalgebra\/wp-json\/wp\/v2\/pages\/57\/revisions"}],"predecessor-version":[{"id":194,"href":"https:\/\/blogs2.abo.fi\/tidigalgebra\/wp-json\/wp\/v2\/pages\/57\/revisions\/194"}],"wp:attachment":[{"href":"https:\/\/blogs2.abo.fi\/tidigalgebra\/wp-json\/wp\/v2\/media?parent=57"}],"curies":[{"name":"wp","href":"https:\/\/api.w.org\/{rel}","templated":true}]}}