{"id":154,"date":"2020-05-12T21:36:42","date_gmt":"2020-05-12T19:36:42","guid":{"rendered":"http:\/\/blogs2.abo.fi\/tidigalgebra\/?page_id=154"},"modified":"2020-06-17T08:31:26","modified_gmt":"2020-06-17T06:31:26","slug":"aktiviteter-och-uppgifter","status":"publish","type":"page","link":"https:\/\/blogs2.abo.fi\/tidigalgebra\/aktiviteter-och-uppgifter\/","title":{"rendered":"Aktiviteter och uppgifter"},"content":{"rendered":"<p>I denna del har vi samlat algebraiska aktiviteter och uppgifter. Aktiviteterna och uppgifterna \u00e4r indelade i tv\u00e5 delar: (1) uppgifter att utf\u00f6ra i klassrummet och (2) uppgifter f\u00f6r l\u00e4rarstuderande.<\/p>\n<p>Uppgifterna att utf\u00f6ra i klassrummet \u00e4r riktade till elever. Dessa uppgifter \u00e4r kategoriserade enligt kategoriseringen av algebraiska uppgifters som presenterats i teoridelen. Uppgifterna kan skrivas ut i en version f\u00f6r elever (elevblad; enbart uppgifterna) eller i en version som inneh\u00e5ller kommentarer till l\u00e4raren. Fokus i uppgifterna ligger i tidig algebra, men kan anv\u00e4ndas \u00e4ven med \u00e4ldre elever. I l\u00e4rarkommentarerna finns ibland exempel p\u00e5 hur differentiera upp\u00e5t och ner\u00e5t. Uppgifterna riktade till elever kan sj\u00e4lvklart anv\u00e4ndas \u00e4ven inom l\u00e4rarutbildningen f\u00f6r att \u00f6ka studerandes f\u00f6rst\u00e5else och insikter i algebra och vad som k\u00e4nnetecknar algebraiska uppgifter.<\/p>\n<p>Uppgifterna riktade till l\u00e4rarstuderande inneh\u00e5ller b\u00e5de teoretiska och praktiska exempel p\u00e5 hur arbeta kring temat tidig algebra med f\u00f6r att \u00f6ka l\u00e4rarstuderandes f\u00f6rst\u00e5else och kunskap kring tidig algebra och algebraisk probleml\u00f6sning.<\/p>\n","protected":false},"excerpt":{"rendered":"<p>I denna del har vi samlat algebraiska aktiviteter och uppgifter. Aktiviteterna och uppgifterna \u00e4r indelade i tv\u00e5 delar: (1) uppgifter att utf\u00f6ra i klassrummet och (2) uppgifter f\u00f6r l\u00e4rarstuderande. Uppgifterna att utf\u00f6ra i klassrummet \u00e4r riktade till elever. Dessa uppgifter &hellip; <a href=\"https:\/\/blogs2.abo.fi\/tidigalgebra\/aktiviteter-och-uppgifter\/\">Forts\u00e4tt l\u00e4sa <span class=\"meta-nav\">&rarr;<\/span><\/a><\/p>\n","protected":false},"author":511,"featured_media":0,"parent":0,"menu_order":0,"comment_status":"closed","ping_status":"closed","template":"","meta":{"footnotes":""},"class_list":["post-154","page","type-page","status-publish","hentry"],"_links":{"self":[{"href":"https:\/\/blogs2.abo.fi\/tidigalgebra\/wp-json\/wp\/v2\/pages\/154","targetHints":{"allow":["GET"]}}],"collection":[{"href":"https:\/\/blogs2.abo.fi\/tidigalgebra\/wp-json\/wp\/v2\/pages"}],"about":[{"href":"https:\/\/blogs2.abo.fi\/tidigalgebra\/wp-json\/wp\/v2\/types\/page"}],"author":[{"embeddable":true,"href":"https:\/\/blogs2.abo.fi\/tidigalgebra\/wp-json\/wp\/v2\/users\/511"}],"replies":[{"embeddable":true,"href":"https:\/\/blogs2.abo.fi\/tidigalgebra\/wp-json\/wp\/v2\/comments?post=154"}],"version-history":[{"count":4,"href":"https:\/\/blogs2.abo.fi\/tidigalgebra\/wp-json\/wp\/v2\/pages\/154\/revisions"}],"predecessor-version":[{"id":313,"href":"https:\/\/blogs2.abo.fi\/tidigalgebra\/wp-json\/wp\/v2\/pages\/154\/revisions\/313"}],"wp:attachment":[{"href":"https:\/\/blogs2.abo.fi\/tidigalgebra\/wp-json\/wp\/v2\/media?parent=154"}],"curies":[{"name":"wp","href":"https:\/\/api.w.org\/{rel}","templated":true}]}}