{"id":147,"date":"2020-05-12T15:50:42","date_gmt":"2020-05-12T13:50:42","guid":{"rendered":"http:\/\/blogs2.abo.fi\/tidigalgebra\/?page_id=147"},"modified":"2021-02-19T15:53:05","modified_gmt":"2021-02-19T13:53:05","slug":"algebraisk-problemlosning-i-sangen-the-twelve-days-of-christmas","status":"publish","type":"page","link":"https:\/\/blogs2.abo.fi\/tidigalgebra\/algebraisk-problemlosning-i-sangen-the-twelve-days-of-christmas\/","title":{"rendered":"Algebraisk probleml\u00f6sning i s\u00e5ngen &#8221;The Twelve Days of Christmas&#8221;"},"content":{"rendered":"<p><strong>Algebraisk probleml\u00f6sning i s\u00e5ngen &#8221;The Twelve Days of Christmas&#8221;<\/strong><\/p>\n<p>Algebraisk probleml\u00f6sning kan hittas \u00e4ven i s\u00e5nger. H\u00e4r \u00e4r ett exempel p\u00e5 hur s\u00e5ngen &#8221;The Twelve Days of Christmas&#8221; kan anv\u00e4ndas f\u00f6r algebraisk probleml\u00f6sning. Exemplet har anv\u00e4nts med l\u00e4rarstuderande men kan \u00e4ven anv\u00e4ndas med elever som en \u00e4mnesintegrering av matematik, musik och engelska.<\/p>\n<p><span data-usefontface=\"false\" data-contrast=\"none\">Lyssna p\u00e5 s\u00e5ngen \u201dThe T<\/span><span data-usefontface=\"false\" data-contrast=\"none\">welve<\/span><span data-usefontface=\"false\" data-contrast=\"none\">\u00a0Days\u00a0<\/span><span data-usefontface=\"false\" data-contrast=\"none\">of<\/span><span data-usefontface=\"false\" data-contrast=\"none\">\u00a0<\/span><span data-usefontface=\"false\" data-contrast=\"none\">Christmas<\/span><span data-usefontface=\"false\" data-contrast=\"none\">\u201d<br \/>\n<\/span><a href=\"https:\/\/www.youtube.com\/watch?v=oyEyMjdD2uk\"><span data-usefontface=\"false\" data-contrast=\"none\">https:\/\/www.youtube.com\/watch?v=oyEyMjdD2uk<\/span><\/a>\u200b<br \/>\n<span data-usefontface=\"false\" data-contrast=\"none\">och fundera sedan p\u00e5 f\u00f6ljande fr\u00e5gor:<\/span>\u200b<\/p>\n<ol>\n<li><strong>Hur<\/strong><b><span data-usefontface=\"false\" data-contrast=\"none\"><strong> m<\/strong>\u00e5nga presenter f\u00e5r din \u00e4lskade v\u00e4n den<\/span><\/b>\u200b\n<ol>\n<li><span data-usefontface=\"false\" data-contrast=\"none\">andra dagen?<\/span>\u200b<\/li>\n<li data-charcodes=\"65533,4,41\" data-buautonum=\"2\" data-margin=\"1679\" data-aria-posinset=\"2\" data-aria-level=\"2\"><span data-usefontface=\"false\" data-contrast=\"none\">tredje dagen?<\/span>\u200b<\/li>\n<li data-charcodes=\"65533,4,41\" data-buautonum=\"2\" data-margin=\"1679\" data-aria-posinset=\"3\" data-aria-level=\"2\"><span data-usefontface=\"false\" data-contrast=\"none\">fj\u00e4rde dagen?<\/span>\u200b<\/li>\n<li data-charcodes=\"65533,4,41\" data-buautonum=\"2\" data-margin=\"1679\" data-aria-posinset=\"4\" data-aria-level=\"2\"><span data-usefontface=\"false\" data-contrast=\"none\">tolfte dagen?<\/span>\u200b<\/li>\n<\/ol>\n<\/li>\n<li data-ccp-props=\"{&quot;335551550&quot;:1,&quot;335551620&quot;:1,&quot;335559683&quot;:0,&quot;335559685&quot;:119,&quot;335559731&quot;:0,&quot;335559737&quot;:0,&quot;335562764&quot;:2,&quot;335562765&quot;:1.2,&quot;335562766&quot;:4,&quot;335562767&quot;:0,&quot;335562768&quot;:4,&quot;335562769&quot;:8}\"><b><span data-usefontface=\"false\" data-contrast=\"none\"> Hur m\u00e5nga presenter har din \u00e4lskade v\u00e4n f\u00e5tt <\/span><\/b><b><span data-usefontface=\"false\" data-contrast=\"none\">sammanlagt <\/span><\/b><\/li>\n<li style=\"list-style-type: none\">\n<ol>\n<li><span data-usefontface=\"false\" data-contrast=\"none\">efter tv\u00e5 dagar? <\/span><\/li>\n<li data-ccp-props=\"{&quot;335551550&quot;:1,&quot;335551620&quot;:1,&quot;335559683&quot;:0,&quot;335559685&quot;:119,&quot;335559731&quot;:0,&quot;335559737&quot;:0,&quot;335562764&quot;:2,&quot;335562765&quot;:1.2,&quot;335562766&quot;:4,&quot;335562767&quot;:0,&quot;335562768&quot;:4,&quot;335562769&quot;:8}\"><span data-usefontface=\"false\" data-contrast=\"none\">efter tre dagar?<\/span>\u200b<\/li>\n<li data-ccp-props=\"{&quot;335551550&quot;:1,&quot;335551620&quot;:1,&quot;335559683&quot;:0,&quot;335559685&quot;:119,&quot;335559731&quot;:0,&quot;335559737&quot;:0,&quot;335562764&quot;:2,&quot;335562765&quot;:1.2,&quot;335562766&quot;:4,&quot;335562767&quot;:0,&quot;335562768&quot;:4,&quot;335562769&quot;:8}\"><span data-usefontface=\"false\" data-contrast=\"none\">efter fyra dagar?<\/span>\u200b<\/li>\n<li data-ccp-props=\"{&quot;335551550&quot;:1,&quot;335551620&quot;:1,&quot;335559683&quot;:0,&quot;335559685&quot;:119,&quot;335559731&quot;:0,&quot;335559737&quot;:0,&quot;335562764&quot;:2,&quot;335562765&quot;:1.2,&quot;335562766&quot;:4,&quot;335562767&quot;:0,&quot;335562768&quot;:4,&quot;335562769&quot;:8}\"><span data-usefontface=\"false\" data-contrast=\"none\">efter tolv dagar?<\/span>\u200b<\/li>\n<\/ol>\n<\/li>\n<\/ol>\n<ol start=\"3\">\n<li data-ccp-props=\"{&quot;335551550&quot;:1,&quot;335551620&quot;:1,&quot;335559683&quot;:0,&quot;335559685&quot;:119,&quot;335559731&quot;:0,&quot;335559737&quot;:0,&quot;335562764&quot;:2,&quot;335562765&quot;:1.2,&quot;335562766&quot;:4,&quot;335562767&quot;:0,&quot;335562768&quot;:4,&quot;335562769&quot;:8}\"><b><span data-usefontface=\"false\" data-contrast=\"none\"> Hur m\u00e5nga presenter skulle din \u00e4lskade v\u00e4n f\u00e5 om <\/span><\/b><b><span data-usefontface=\"false\" data-contrast=\"none\">s\u00e5ngen hette \u201dThe <\/span><\/b><b><span data-usefontface=\"false\" data-contrast=\"none\">Twenty-Five<\/span><\/b><b><span data-usefontface=\"false\" data-contrast=\"none\">\u00a0Days\u00a0<\/span><\/b><b><span data-usefontface=\"false\" data-contrast=\"none\">of<\/span><\/b><b><span data-usefontface=\"false\" data-contrast=\"none\">\u00a0<\/span><\/b><b><span data-usefontface=\"false\" data-contrast=\"none\">Christmas<\/span><\/b><b><span data-usefontface=\"false\" data-contrast=\"none\">\u201d?<\/span><\/b>\u200b<\/li>\n<\/ol>\n<ol>\n<li style=\"list-style-type: none\">\n<ol style=\"font-weight: 400\">\n<li data-charcodes=\"65533,4,41\" data-buautonum=\"2\" data-margin=\"1079\" data-aria-posinset=\"1\" data-aria-level=\"1\"><span data-usefontface=\"false\" data-contrast=\"none\">den sista dagen\u00a0<\/span>\u200b<\/li>\n<li data-charcodes=\"65533,4,41\" data-buautonum=\"2\" data-margin=\"1079\" data-aria-posinset=\"2\" data-aria-level=\"1\"><span data-usefontface=\"false\" data-contrast=\"none\">sammanlagt\u00a0<\/span>\u200b<\/li>\n<\/ol>\n<\/li>\n<\/ol>\n<p data-ccp-props=\"{&quot;335551550&quot;:1,&quot;335551620&quot;:1,&quot;335559683&quot;:0,&quot;335559685&quot;:119,&quot;335559731&quot;:0,&quot;335559737&quot;:0,&quot;335562764&quot;:2,&quot;335562765&quot;:1.2,&quot;335562766&quot;:4,&quot;335562767&quot;:0,&quot;335562768&quot;:4,&quot;335562769&quot;:8}\">\u200b<span data-usefontface=\"false\" data-contrast=\"none\">Ber\u00e4kna antalet presenter och var beredd att <\/span><span data-usefontface=\"false\" data-contrast=\"none\">f\u00f6rklara hur du t\u00e4nkt.<\/span>\u200b<\/p>\n<p><a href=\"http:\/\/blogs2.abo.fi\/tidigalgebra\/wp-content\/uploads\/sites\/108\/2020\/08\/12-days-of-christmas.png\"><img loading=\"lazy\" decoding=\"async\" class=\"wp-image-360 alignleft\" src=\"http:\/\/blogs2.abo.fi\/tidigalgebra\/wp-content\/uploads\/sites\/108\/2020\/08\/12-days-of-christmas-208x300.png\" alt=\"\" width=\"85\" height=\"119\" \/><\/a><\/p>\n<p>H\u00e4r hittar du en <strong>utskriftsv\u00e4nlig<\/strong><br \/>\nversion av uppgiften:<br \/>\n<a href=\"http:\/\/blogs2.abo.fi\/tidigalgebra\/wp-content\/uploads\/sites\/108\/2020\/08\/12-days-of-christmas.pdf\">12 days of Christmas<\/a><\/p>\n","protected":false},"excerpt":{"rendered":"<p>Algebraisk probleml\u00f6sning i s\u00e5ngen &#8221;The Twelve Days of Christmas&#8221; Algebraisk probleml\u00f6sning kan hittas \u00e4ven i s\u00e5nger. H\u00e4r \u00e4r ett exempel p\u00e5 hur s\u00e5ngen &#8221;The Twelve Days of Christmas&#8221; kan anv\u00e4ndas f\u00f6r algebraisk probleml\u00f6sning. Exemplet har anv\u00e4nts med l\u00e4rarstuderande men kan &hellip; <a href=\"https:\/\/blogs2.abo.fi\/tidigalgebra\/algebraisk-problemlosning-i-sangen-the-twelve-days-of-christmas\/\">Forts\u00e4tt l\u00e4sa <span class=\"meta-nav\">&rarr;<\/span><\/a><\/p>\n","protected":false},"author":511,"featured_media":0,"parent":0,"menu_order":0,"comment_status":"closed","ping_status":"closed","template":"","meta":{"footnotes":""},"class_list":["post-147","page","type-page","status-publish","hentry"],"_links":{"self":[{"href":"https:\/\/blogs2.abo.fi\/tidigalgebra\/wp-json\/wp\/v2\/pages\/147","targetHints":{"allow":["GET"]}}],"collection":[{"href":"https:\/\/blogs2.abo.fi\/tidigalgebra\/wp-json\/wp\/v2\/pages"}],"about":[{"href":"https:\/\/blogs2.abo.fi\/tidigalgebra\/wp-json\/wp\/v2\/types\/page"}],"author":[{"embeddable":true,"href":"https:\/\/blogs2.abo.fi\/tidigalgebra\/wp-json\/wp\/v2\/users\/511"}],"replies":[{"embeddable":true,"href":"https:\/\/blogs2.abo.fi\/tidigalgebra\/wp-json\/wp\/v2\/comments?post=147"}],"version-history":[{"count":9,"href":"https:\/\/blogs2.abo.fi\/tidigalgebra\/wp-json\/wp\/v2\/pages\/147\/revisions"}],"predecessor-version":[{"id":422,"href":"https:\/\/blogs2.abo.fi\/tidigalgebra\/wp-json\/wp\/v2\/pages\/147\/revisions\/422"}],"wp:attachment":[{"href":"https:\/\/blogs2.abo.fi\/tidigalgebra\/wp-json\/wp\/v2\/media?parent=147"}],"curies":[{"name":"wp","href":"https:\/\/api.w.org\/{rel}","templated":true}]}}