{"id":118,"date":"2020-05-12T13:56:07","date_gmt":"2020-05-12T11:56:07","guid":{"rendered":"http:\/\/blogs2.abo.fi\/tidigalgebra\/?page_id=118"},"modified":"2025-11-06T09:19:04","modified_gmt":"2025-11-06T07:19:04","slug":"lankar","status":"publish","type":"page","link":"https:\/\/blogs2.abo.fi\/tidigalgebra\/lankar\/","title":{"rendered":"L\u00e4nkar"},"content":{"rendered":"<h1>L\u00e4nkar till webbresurser<\/h1>\n<ul>\n<li>Nordic Network for Algebra Learning (N2AL), <a href=\"https:\/\/n2al.matematikdidaktik.org\/\">https:\/\/n2al.matematikdidaktik.org\/\u00a0<\/a><\/li>\n<li>Skolverket &#8211; <a href=\"https:\/\/larportalen.skolverket.se\/moduler\/M415\">Problembanken \u00e5k 1-3<\/a><br \/>\nSvenska Skolverkets samling med probleml\u00f6sningsuppgifter samt<br \/>\ninledande text om hur arbeta med uppgifterna.<\/li>\n<li>Skolverket &#8211; <a href=\"https:\/\/larportalen.skolverket.se\/moduler\/M411\">Algebra i \u00e5k 1-3<\/a><br \/>\nSvenska Skolverkets modul om vad algebra \u00e4r och hur jobba med algebra<br \/>\ni klassrummet.<br \/>\nP\u00e5 Skolverkets sidor hittas \u00e4ven en modul om <a href=\"https:\/\/larportalen.skolverket.se\/moduler\/M421\">algebra i \u00e5k 4-6<\/a> och om<br \/>\n<a href=\"https:\/\/larportalen.skolverket.se\/moduler\/M431\">algebra i \u00e5k 7-\u00a09<\/a>.<\/li>\n<\/ul>\n","protected":false},"excerpt":{"rendered":"<p>L\u00e4nkar till webbresurser Nordic Network for Algebra Learning (N2AL), https:\/\/n2al.matematikdidaktik.org\/\u00a0 Skolverket &#8211; Problembanken \u00e5k 1-3 Svenska Skolverkets samling med probleml\u00f6sningsuppgifter samt inledande text om hur arbeta med uppgifterna. Skolverket &#8211; Algebra i \u00e5k 1-3 Svenska Skolverkets modul om vad algebra &hellip; <a href=\"https:\/\/blogs2.abo.fi\/tidigalgebra\/lankar\/\">Forts\u00e4tt l\u00e4sa <span class=\"meta-nav\">&rarr;<\/span><\/a><\/p>\n","protected":false},"author":511,"featured_media":0,"parent":0,"menu_order":0,"comment_status":"closed","ping_status":"closed","template":"","meta":{"footnotes":""},"class_list":["post-118","page","type-page","status-publish","hentry"],"_links":{"self":[{"href":"https:\/\/blogs2.abo.fi\/tidigalgebra\/wp-json\/wp\/v2\/pages\/118","targetHints":{"allow":["GET"]}}],"collection":[{"href":"https:\/\/blogs2.abo.fi\/tidigalgebra\/wp-json\/wp\/v2\/pages"}],"about":[{"href":"https:\/\/blogs2.abo.fi\/tidigalgebra\/wp-json\/wp\/v2\/types\/page"}],"author":[{"embeddable":true,"href":"https:\/\/blogs2.abo.fi\/tidigalgebra\/wp-json\/wp\/v2\/users\/511"}],"replies":[{"embeddable":true,"href":"https:\/\/blogs2.abo.fi\/tidigalgebra\/wp-json\/wp\/v2\/comments?post=118"}],"version-history":[{"count":7,"href":"https:\/\/blogs2.abo.fi\/tidigalgebra\/wp-json\/wp\/v2\/pages\/118\/revisions"}],"predecessor-version":[{"id":444,"href":"https:\/\/blogs2.abo.fi\/tidigalgebra\/wp-json\/wp\/v2\/pages\/118\/revisions\/444"}],"wp:attachment":[{"href":"https:\/\/blogs2.abo.fi\/tidigalgebra\/wp-json\/wp\/v2\/media?parent=118"}],"curies":[{"name":"wp","href":"https:\/\/api.w.org\/{rel}","templated":true}]}}