{"id":113,"date":"2020-05-12T13:54:58","date_gmt":"2020-05-12T11:54:58","guid":{"rendered":"http:\/\/blogs2.abo.fi\/tidigalgebra\/?page_id=113"},"modified":"2021-02-23T22:15:35","modified_gmt":"2021-02-23T20:15:35","slug":"de-fem-praktikerna-for-problemlosning","status":"publish","type":"page","link":"https:\/\/blogs2.abo.fi\/tidigalgebra\/de-fem-praktikerna-for-problemlosning\/","title":{"rendered":"\u00d6vning i hur leda probleml\u00f6sningsdiskussioner"},"content":{"rendered":"<p><strong>De fem praktikerna f\u00f6r probleml\u00f6sning<\/strong><\/p>\n<p>*p\u00e5 kommande*<\/p>\n","protected":false},"excerpt":{"rendered":"<p>De fem praktikerna f\u00f6r probleml\u00f6sning *p\u00e5 kommande*<\/p>\n","protected":false},"author":511,"featured_media":0,"parent":0,"menu_order":0,"comment_status":"closed","ping_status":"closed","template":"","meta":{"footnotes":""},"class_list":["post-113","page","type-page","status-publish","hentry"],"_links":{"self":[{"href":"https:\/\/blogs2.abo.fi\/tidigalgebra\/wp-json\/wp\/v2\/pages\/113","targetHints":{"allow":["GET"]}}],"collection":[{"href":"https:\/\/blogs2.abo.fi\/tidigalgebra\/wp-json\/wp\/v2\/pages"}],"about":[{"href":"https:\/\/blogs2.abo.fi\/tidigalgebra\/wp-json\/wp\/v2\/types\/page"}],"author":[{"embeddable":true,"href":"https:\/\/blogs2.abo.fi\/tidigalgebra\/wp-json\/wp\/v2\/users\/511"}],"replies":[{"embeddable":true,"href":"https:\/\/blogs2.abo.fi\/tidigalgebra\/wp-json\/wp\/v2\/comments?post=113"}],"version-history":[{"count":4,"href":"https:\/\/blogs2.abo.fi\/tidigalgebra\/wp-json\/wp\/v2\/pages\/113\/revisions"}],"predecessor-version":[{"id":438,"href":"https:\/\/blogs2.abo.fi\/tidigalgebra\/wp-json\/wp\/v2\/pages\/113\/revisions\/438"}],"wp:attachment":[{"href":"https:\/\/blogs2.abo.fi\/tidigalgebra\/wp-json\/wp\/v2\/media?parent=113"}],"curies":[{"name":"wp","href":"https:\/\/api.w.org\/{rel}","templated":true}]}}