{"id":732,"date":"2022-09-20T13:25:18","date_gmt":"2022-09-20T13:25:18","guid":{"rendered":"https:\/\/blogs2.abo.fi\/tandem\/?page_id=732"},"modified":"2022-09-20T13:49:20","modified_gmt":"2022-09-20T13:49:20","slug":"projektet-sprakduschtandem-inom-smabarnspedagogiken","status":"publish","type":"page","link":"https:\/\/blogs2.abo.fi\/tandem\/startsida\/projektet-sprakduschtandem-inom-smabarnspedagogiken\/","title":{"rendered":"Projektet Spr\u00e5kduschtandem inom sm\u00e5barnspedagogiken"},"content":{"rendered":"<p>I projektet\u00a0Spr\u00e5kduschtandem inom sm\u00e5barnspedagogiken\u00a0samarbetade forskare med l\u00e4rare och barnsk\u00f6tare inom sm\u00e5barnspedagogiken f\u00f6r att till\u00e4mpa tandem till sm\u00e5barnspedagogisk verksamhet. Projektet genomf\u00f6rdes genom samarbete mellan tv\u00e5 finska och tv\u00e5 svenska daghemsgrupper i Vasa.<\/p>\n","protected":false},"excerpt":{"rendered":"<p>I projektet\u00a0Spr\u00e5kduschtandem inom sm\u00e5barnspedagogiken\u00a0samarbetade forskare med l\u00e4rare och barnsk\u00f6tare inom sm\u00e5barnspedagogiken f\u00f6r att till\u00e4mpa tandem till sm\u00e5barnspedagogisk verksamhet. Projektet genomf\u00f6rdes genom samarbete mellan tv\u00e5 finska och tv\u00e5 svenska daghemsgrupper i Vasa.<\/p>\n","protected":false},"author":409,"featured_media":0,"parent":9,"menu_order":4,"comment_status":"closed","ping_status":"closed","template":"","meta":{"footnotes":""},"class_list":["post-732","page","type-page","status-publish","hentry"],"_links":{"self":[{"href":"https:\/\/blogs2.abo.fi\/tandem\/wp-json\/wp\/v2\/pages\/732","targetHints":{"allow":["GET"]}}],"collection":[{"href":"https:\/\/blogs2.abo.fi\/tandem\/wp-json\/wp\/v2\/pages"}],"about":[{"href":"https:\/\/blogs2.abo.fi\/tandem\/wp-json\/wp\/v2\/types\/page"}],"author":[{"embeddable":true,"href":"https:\/\/blogs2.abo.fi\/tandem\/wp-json\/wp\/v2\/users\/409"}],"replies":[{"embeddable":true,"href":"https:\/\/blogs2.abo.fi\/tandem\/wp-json\/wp\/v2\/comments?post=732"}],"version-history":[{"count":2,"href":"https:\/\/blogs2.abo.fi\/tandem\/wp-json\/wp\/v2\/pages\/732\/revisions"}],"predecessor-version":[{"id":752,"href":"https:\/\/blogs2.abo.fi\/tandem\/wp-json\/wp\/v2\/pages\/732\/revisions\/752"}],"up":[{"embeddable":true,"href":"https:\/\/blogs2.abo.fi\/tandem\/wp-json\/wp\/v2\/pages\/9"}],"wp:attachment":[{"href":"https:\/\/blogs2.abo.fi\/tandem\/wp-json\/wp\/v2\/media?parent=732"}],"curies":[{"name":"wp","href":"https:\/\/api.w.org\/{rel}","templated":true}]}}