{"id":237,"date":"2018-06-26T11:35:00","date_gmt":"2018-06-26T11:35:00","guid":{"rendered":"http:\/\/blogs2.abo.fi\/tandem\/?page_id=237"},"modified":"2022-09-20T13:55:58","modified_gmt":"2022-09-20T13:55:58","slug":"hankeryhma","status":"publish","type":"page","link":"https:\/\/blogs2.abo.fi\/tandem\/etusivu\/eluokkatandem-hanke\/hankeryhma\/","title":{"rendered":"Hankeryhm\u00e4"},"content":{"rendered":"<p id=\"wnd_TextBlock_397841_inner_0\"><span class=\"wsw-02\"><b>Hankkeen johtaja:<\/b>\u00a0Professori Michaela P\u00f6rn, michaela.poern(a)abo.fi puh. 06-324 7373\u00a0<\/span><\/p>\n<p id=\"wnd_TextBlock_397841_inner_1\"><span class=\"wsw-02\"><b>Hankkeen tutkijat:<\/b> FT Katri Hansell, katri.hansell(a)abo.fi<br \/>\n<\/span><span class=\"wsw-02\">\u00a0 \u00a0 \u00a0 \u00a0 \u00a0 \u00a0 \u00a0 \u00a0 \u00a0 \u00a0 \u00a0 \u00a0 \u00a0 \u00a0 \u00a0 \u00a0 KT Fredrik Rusk, fredrik.k.rusk(a)nord.no<br \/>\n<\/span><span class=\"wsw-02\">\u00a0 \u00a0 \u00a0 \u00a0 \u00a0 \u00a0 \u00a0 \u00a0 \u00a0 \u00a0 \u00a0 \u00a0 \u00a0 \u00a0 \u00a0 \u00a0 FM Anna Korhonen, anna.korhonen(a)abo.fi\u00a0<\/span><\/p>\n<p id=\"wnd_TextBlock_397841_inner_4\"><span class=\"wsw-02\"><b>Hankkeen assistentit<\/b>: FK Sandra B\u00e4ck, sandra.back(a)abo.fi<br \/>\n<\/span><span class=\"wsw-02\">\u00a0 \u00a0 \u00a0 \u00a0 \u00a0 \u00a0 \u00a0 \u00a0 \u00a0 \u00a0 \u00a0 \u00a0 \u00a0 \u00a0 \u00a0 \u00a0 \u00a0 \u00a0 \u00a0 KM Matilda St\u00e5hl<br \/>\n<\/span><span class=\"wsw-02\">\u00a0 \u00a0 \u00a0 \u00a0 \u00a0 \u00a0 \u00a0 \u00a0 \u00a0 \u00a0 \u00a0 \u00a0 \u00a0 \u00a0 \u00a0 \u00a0 \u00a0 \u00a0 \u00a0 KM Charlotta Engberg<br \/>\n<\/span><span class=\"wsw-02\">\u00a0 \u00a0 \u00a0 \u00a0 \u00a0 \u00a0 \u00a0 \u00a0 \u00a0 \u00a0 \u00a0 \u00a0 \u00a0 \u00a0 \u00a0 \u00a0 \u00a0 \u00a0 \u00a0 Pablo Guajardo Garrido<\/span><\/p>\n<p id=\"wnd_TextBlock_397841_inner_8\"><span class=\"wsw-02\"><b>Koulutuskiertueen koordinaattori:<\/b> FM Tiina Rautiainen, tiina.rautiainen(a)abo.fi\u00a0<\/span><\/p>\n<p id=\"wnd_TextBlock_397841_inner_9\"><span class=\"wsw-02\"><b>IT-pedagogi:<\/b> Simon Hansell (Gymnasiet i Petalax)\u00a0<\/span><\/p>\n<p id=\"wnd_TextBlock_397841_inner_10\"><span class=\"wsw-02\"><b>Ruotsin kielen opettaja:<\/b> Satu Savolainen (Lepp\u00e4virran lukio)\u00a0<\/span><\/p>\n<p id=\"wnd_TextBlock_397841_inner_11\"><span class=\"wsw-02\"><b>Suomen kielen opettaja:<\/b> Marianne Backlund (Gymnasiet i Petalax)\u00a0<\/span><\/p>\n<p id=\"wnd_TextBlock_397841_inner_12\"><span class=\"wsw-02\"><b>Suomen kielen opettaja:<\/b> Jari L\u00f6f (Gymnasiet i Petalax)\u00a0<\/span><\/p>\n<p id=\"wnd_TextBlock_397841_inner_13\"><span class=\"wsw-02\"><b>Suomen kielen opettaja:<\/b> \u00c5sa L\u00f6f (Vasa \u00f6vningsskolas gymnasium)<\/span><\/p>\n<p id=\"wnd_TextBlock_397841_inner_14\"><span class=\"wsw-02\"><b>Ruotsin kielen opettaja:<\/b> Olli-Pekka Salo (Jyv\u00e4skyl\u00e4n normaalikoulu)<\/span><\/p>\n","protected":false},"excerpt":{"rendered":"<p>Hankkeen johtaja:\u00a0Professori Michaela P\u00f6rn, michaela.poern(a)abo.fi puh. 06-324 7373\u00a0 Hankkeen tutkijat: FT Katri Hansell, katri.hansell(a)abo.fi \u00a0 \u00a0 \u00a0 \u00a0 \u00a0 \u00a0 \u00a0 \u00a0 \u00a0 \u00a0 \u00a0 \u00a0 \u00a0 \u00a0 \u00a0 \u00a0 KT Fredrik Rusk, fredrik.k.rusk(a)nord.no \u00a0 \u00a0 \u00a0 \u00a0 \u00a0 \u00a0 &hellip; <a href=\"https:\/\/blogs2.abo.fi\/tandem\/etusivu\/eluokkatandem-hanke\/hankeryhma\/\">Forts\u00e4tt l\u00e4sa <span class=\"meta-nav\">&rarr;<\/span><\/a><\/p>\n","protected":false},"author":409,"featured_media":0,"parent":234,"menu_order":0,"comment_status":"closed","ping_status":"closed","template":"","meta":{"footnotes":""},"class_list":["post-237","page","type-page","status-publish","hentry"],"_links":{"self":[{"href":"https:\/\/blogs2.abo.fi\/tandem\/wp-json\/wp\/v2\/pages\/237","targetHints":{"allow":["GET"]}}],"collection":[{"href":"https:\/\/blogs2.abo.fi\/tandem\/wp-json\/wp\/v2\/pages"}],"about":[{"href":"https:\/\/blogs2.abo.fi\/tandem\/wp-json\/wp\/v2\/types\/page"}],"author":[{"embeddable":true,"href":"https:\/\/blogs2.abo.fi\/tandem\/wp-json\/wp\/v2\/users\/409"}],"replies":[{"embeddable":true,"href":"https:\/\/blogs2.abo.fi\/tandem\/wp-json\/wp\/v2\/comments?post=237"}],"version-history":[{"count":4,"href":"https:\/\/blogs2.abo.fi\/tandem\/wp-json\/wp\/v2\/pages\/237\/revisions"}],"predecessor-version":[{"id":769,"href":"https:\/\/blogs2.abo.fi\/tandem\/wp-json\/wp\/v2\/pages\/237\/revisions\/769"}],"up":[{"embeddable":true,"href":"https:\/\/blogs2.abo.fi\/tandem\/wp-json\/wp\/v2\/pages\/234"}],"wp:attachment":[{"href":"https:\/\/blogs2.abo.fi\/tandem\/wp-json\/wp\/v2\/media?parent=237"}],"curies":[{"name":"wp","href":"https:\/\/api.w.org\/{rel}","templated":true}]}}