{"id":207,"date":"2018-06-26T10:58:19","date_gmt":"2018-06-26T10:58:19","guid":{"rendered":"http:\/\/blogs2.abo.fi\/tandem\/?page_id=207"},"modified":"2020-03-16T15:53:48","modified_gmt":"2020-03-16T15:53:48","slug":"kielisuihkutandem","status":"publish","type":"page","link":"https:\/\/blogs2.abo.fi\/tandem\/kielisuihkutandem\/","title":{"rendered":"Kielisuihkutandem"},"content":{"rendered":"<p>Hankkeen tavoitteena on empiiristen menetelmien avulla kehitt\u00e4\u00e4 tandempedagogiikkaa varhaiskasvatukseen, esiopetukseen ja vuosiluokille 1\u20126. Kohderyhm\u00e4\u00e4n kuuluvilla lapsilla ei v\u00e4ltt\u00e4m\u00e4tt\u00e4 ole lainkaan etuk\u00e4teistaitoja toisessa kotimaisessa kieless\u00e4 ja heit\u00e4 ohjaavat luokanopettajat sek\u00e4 varhaiskasvatuksen ja esiopetuksen opettajat, jotka eiv\u00e4t v\u00e4ltt\u00e4m\u00e4tt\u00e4 ole erikoistuneet kieltenoppimiseen ja -opetukseen. Vanhemmille oppilaille ja aikuisille kehitetyt tandemmallit eiv\u00e4t sovi suoraan sovellettavaksi nuorempien ik\u00e4luokkien opetukseen, koska lasten kielitaidon ja kehitysasteen vuoksi kyky itsen\u00e4iseen parity\u00f6skentelyyn ei ole samalla tasolla.<\/p>\n<p>Hankkeessa \u00c5bo Akademin tandempedagogiikkaan erikoistuneet tutkijat tekev\u00e4t yhteisty\u00f6t\u00e4 vaasalaisten koulujen luokanopettajien kanssa. Hanke toteutetaan toimintatutkimussuuntautuneena kehitysty\u00f6n\u00e4 tutkijoiden ja opettajien yhteisty\u00f6n\u00e4, jolloin opettajat kehitt\u00e4v\u00e4t omaa opetustaan ja samalla luovat malleja yhteisty\u00f6lle, toimivia ty\u00f6tapoja ja luokkahuonek\u00e4yt\u00e4nteit\u00e4.<\/p>\n<p>Hankkeen tavoitteena on luoda malleja tandempedagogiikan soveltamiseksi nuoremmille oppilaille, jotka eiv\u00e4t ole aiemmin opiskelleet toista kotimaista kielt\u00e4 ja joiden kielitaidot ovat yhteisty\u00f6n alkaessa v\u00e4h\u00e4iset. T\u00e4m\u00e4n kohderyhm\u00e4n kanssa keskipisteess\u00e4 on tutustuttaminen toiseen kotimaiseen kieleen leikillisten toimintatapojen kautta ja turvallisen ymp\u00e4rist\u00f6n luominen kieliryhmien kohtaamisia ja yhteisty\u00f6t\u00e4 varten. Luomalla yhteyksi\u00e4 kieliryhmien v\u00e4lille heti ensimm\u00e4isten kouluvuosien aikana luodaan hyv\u00e4 pohja positiivisille asenteille toista kieliryhm\u00e4\u00e4 sek\u00e4 sen kielt\u00e4 ja kulttuuria kohtaan. T\u00e4m\u00e4n voidaan jatkossa olettaa tukevan motivaatiota opiskella toista kotimaista kielt\u00e4, mik\u00e4 pitk\u00e4ll\u00e4 t\u00e4ht\u00e4imell\u00e4 parantaa kielitaitoa ja luo yhteisymm\u00e4rryst\u00e4 kieliryhmien v\u00e4lille.<\/p>\n<p>Kielisuihkutandem-hanketta rahoittavat <a href=\"https:\/\/www.kulturfonden.fi\/\">Svenska kulturfonden<\/a>,\u00a0<a href=\"https:\/\/vasa.aktiastiftelserna.fi\/fi\/\">Vaasan Aktias\u00e4\u00e4ti\u00f6<\/a> ja <a href=\"https:\/\/www.hss.fi\/fi\/etusivu\/\">Harry Schaumans stiftelse<\/a>.<\/p>\n","protected":false},"excerpt":{"rendered":"<p>Hankkeen tavoitteena on empiiristen menetelmien avulla kehitt\u00e4\u00e4 tandempedagogiikkaa varhaiskasvatukseen, esiopetukseen ja vuosiluokille 1\u20126. Kohderyhm\u00e4\u00e4n kuuluvilla lapsilla ei v\u00e4ltt\u00e4m\u00e4tt\u00e4 ole lainkaan etuk\u00e4teistaitoja toisessa kotimaisessa kieless\u00e4 ja heit\u00e4 ohjaavat luokanopettajat sek\u00e4 varhaiskasvatuksen ja esiopetuksen opettajat, jotka eiv\u00e4t v\u00e4ltt\u00e4m\u00e4tt\u00e4 ole erikoistuneet kieltenoppimiseen ja &hellip; <a href=\"https:\/\/blogs2.abo.fi\/tandem\/kielisuihkutandem\/\">Forts\u00e4tt l\u00e4sa <span class=\"meta-nav\">&rarr;<\/span><\/a><\/p>\n","protected":false},"author":409,"featured_media":0,"parent":0,"menu_order":0,"comment_status":"closed","ping_status":"closed","template":"","meta":{"footnotes":""},"class_list":["post-207","page","type-page","status-publish","hentry"],"_links":{"self":[{"href":"https:\/\/blogs2.abo.fi\/tandem\/wp-json\/wp\/v2\/pages\/207","targetHints":{"allow":["GET"]}}],"collection":[{"href":"https:\/\/blogs2.abo.fi\/tandem\/wp-json\/wp\/v2\/pages"}],"about":[{"href":"https:\/\/blogs2.abo.fi\/tandem\/wp-json\/wp\/v2\/types\/page"}],"author":[{"embeddable":true,"href":"https:\/\/blogs2.abo.fi\/tandem\/wp-json\/wp\/v2\/users\/409"}],"replies":[{"embeddable":true,"href":"https:\/\/blogs2.abo.fi\/tandem\/wp-json\/wp\/v2\/comments?post=207"}],"version-history":[{"count":7,"href":"https:\/\/blogs2.abo.fi\/tandem\/wp-json\/wp\/v2\/pages\/207\/revisions"}],"predecessor-version":[{"id":511,"href":"https:\/\/blogs2.abo.fi\/tandem\/wp-json\/wp\/v2\/pages\/207\/revisions\/511"}],"wp:attachment":[{"href":"https:\/\/blogs2.abo.fi\/tandem\/wp-json\/wp\/v2\/media?parent=207"}],"curies":[{"name":"wp","href":"https:\/\/api.w.org\/{rel}","templated":true}]}}