{"id":205,"date":"2018-06-26T10:57:53","date_gmt":"2018-06-26T10:57:53","guid":{"rendered":"http:\/\/blogs2.abo.fi\/tandem\/?page_id=205"},"modified":"2018-07-02T21:11:28","modified_gmt":"2018-07-02T21:11:28","slug":"eluokkatandem","status":"publish","type":"page","link":"https:\/\/blogs2.abo.fi\/tandem\/eluokkatandem\/","title":{"rendered":"Eluokkatandem"},"content":{"rendered":"<p><span class=\"wsw-02\">Eluokkatandem perustuu tietoon ja kokemukseen, jotka ovat syntyneet Luokkatandem-hankkeessa (2012-2015). Luokkatandem kielipedagogisena mallina toisen kotimaisen kielen opetuksessa perustuu fyysisiin kohtaamisiin. N\u00e4it\u00e4 kohtaamisia ei kuitenkaan kaikissa Suomen kouluissa voida j\u00e4rjest\u00e4\u00e4. T\u00e4st\u00e4 johtuen luokkatandemista tarvitaan my\u00f6s virtuaalinen muoto, eluokkatandem. Virtuaaliset oppimisymp\u00e4rist\u00f6t mahdollistavat tandemopetuksen my\u00f6s kouluille, jotka sijaitsevat vahvasti yksikielisill\u00e4 paikkakunnilla tai muuten kaukana yhteisty\u00f6kouluista. Eluokkatandemin tavoitteena onkin luokkatandem-mallin mahdollistaminen kaikille Suomen kouluille informaatio- ja viestint\u00e4tekniikkaa hy\u00f6dynt\u00e4en.<\/span><\/p>\n","protected":false},"excerpt":{"rendered":"<p>Eluokkatandem perustuu tietoon ja kokemukseen, jotka ovat syntyneet Luokkatandem-hankkeessa (2012-2015). Luokkatandem kielipedagogisena mallina toisen kotimaisen kielen opetuksessa perustuu fyysisiin kohtaamisiin. N\u00e4it\u00e4 kohtaamisia ei kuitenkaan kaikissa Suomen kouluissa voida j\u00e4rjest\u00e4\u00e4. T\u00e4st\u00e4 johtuen luokkatandemista tarvitaan my\u00f6s virtuaalinen muoto, eluokkatandem. Virtuaaliset oppimisymp\u00e4rist\u00f6t mahdollistavat &hellip; <a href=\"https:\/\/blogs2.abo.fi\/tandem\/eluokkatandem\/\">Forts\u00e4tt l\u00e4sa <span class=\"meta-nav\">&rarr;<\/span><\/a><\/p>\n","protected":false},"author":409,"featured_media":0,"parent":0,"menu_order":0,"comment_status":"closed","ping_status":"closed","template":"","meta":{"footnotes":""},"class_list":["post-205","page","type-page","status-publish","hentry"],"_links":{"self":[{"href":"https:\/\/blogs2.abo.fi\/tandem\/wp-json\/wp\/v2\/pages\/205","targetHints":{"allow":["GET"]}}],"collection":[{"href":"https:\/\/blogs2.abo.fi\/tandem\/wp-json\/wp\/v2\/pages"}],"about":[{"href":"https:\/\/blogs2.abo.fi\/tandem\/wp-json\/wp\/v2\/types\/page"}],"author":[{"embeddable":true,"href":"https:\/\/blogs2.abo.fi\/tandem\/wp-json\/wp\/v2\/users\/409"}],"replies":[{"embeddable":true,"href":"https:\/\/blogs2.abo.fi\/tandem\/wp-json\/wp\/v2\/comments?post=205"}],"version-history":[{"count":4,"href":"https:\/\/blogs2.abo.fi\/tandem\/wp-json\/wp\/v2\/pages\/205\/revisions"}],"predecessor-version":[{"id":303,"href":"https:\/\/blogs2.abo.fi\/tandem\/wp-json\/wp\/v2\/pages\/205\/revisions\/303"}],"wp:attachment":[{"href":"https:\/\/blogs2.abo.fi\/tandem\/wp-json\/wp\/v2\/media?parent=205"}],"curies":[{"name":"wp","href":"https:\/\/api.w.org\/{rel}","templated":true}]}}