{"id":135,"date":"2025-04-05T00:00:50","date_gmt":"2025-04-04T22:00:50","guid":{"rendered":"http:\/\/blogs2.abo.fi\/synaps\/?page_id=135"},"modified":"2025-05-14T13:24:25","modified_gmt":"2025-05-14T11:24:25","slug":"verksamhetsplan","status":"publish","type":"page","link":"https:\/\/blogs2.abo.fi\/synaps\/verksamhetsplan\/","title":{"rendered":"Verksamhet och tidigare seminarier"},"content":{"rendered":"<hr \/>\n<h1>L\u00c4S\u00c5RET 2024-2025<\/h1>\n<h2>MAJ 2025: Synapsseminarium om Oro f\u00f6r Framtiden<\/h2>\n<p>Tisadgen den 6.5 ordnades v\u00e5rens Synapsseminarium p\u00e5 \u00c5bo Akademi i Vasa kring temat Oro f\u00f6r Framtiden.<\/p>\n<p>Dagens program inneh\u00f6ll tre f\u00f6rel\u00e4sningar och en workshop. Presentationerna handlade om perfektionism och prestationskrav,\u00a0strategier f\u00f6r att hantera oro och stress och\u00a0samh\u00f6righet och grupptillh\u00f6righet. Det sista under dagen var workshops d\u00e4r studeranden kunde v\u00e4lja att delta i en av tre grupper: Sociala medier utan filter, Ett brev till dig sj\u00e4lv eller Avslappnings\u00f6vningar.<\/p>\n<p><a href=\"https:\/\/padlet.com\/melina_hermann\/synaps-seminarium-v-ren-2025-oro-f-r-framtiden-4n9p7q7k5ydzmjz9\">L\u00e4nk till seminariets Padlet-sida hittas h\u00e4r.<\/a><\/p>\n<p><img loading=\"lazy\" decoding=\"async\" class=\"alignnone wp-image-440 size-full\" src=\"http:\/\/blogs2.abo.fi\/synaps\/wp-content\/uploads\/sites\/119\/2025\/04\/Synapsseminarium-Flyer.png\" alt=\"\" width=\"1414\" height=\"2000\" srcset=\"https:\/\/blogs2.abo.fi\/synaps\/wp-content\/uploads\/sites\/119\/2025\/04\/Synapsseminarium-Flyer.png 1414w, https:\/\/blogs2.abo.fi\/synaps\/wp-content\/uploads\/sites\/119\/2025\/04\/Synapsseminarium-Flyer-212x300.png 212w, https:\/\/blogs2.abo.fi\/synaps\/wp-content\/uploads\/sites\/119\/2025\/04\/Synapsseminarium-Flyer-724x1024.png 724w, https:\/\/blogs2.abo.fi\/synaps\/wp-content\/uploads\/sites\/119\/2025\/04\/Synapsseminarium-Flyer-768x1086.png 768w, https:\/\/blogs2.abo.fi\/synaps\/wp-content\/uploads\/sites\/119\/2025\/04\/Synapsseminarium-Flyer-1086x1536.png 1086w\" sizes=\"auto, (max-width: 1414px) 100vw, 1414px\" \/><\/p>\n<p>&nbsp;<\/p>\n<hr \/>\n<h1>L\u00c4S\u00c5RET 2022-2023<\/h1>\n<h2>NOVEMBER 2022: Synapsseminarium om kommunikation och relationer<\/h2>\n<p>L\u00f6rdagen den 19.11 samlades gymnasie- och utvecklingspsykologistuderanden p\u00e5 \u00c5bo Akademi i Vasa f\u00f6r h\u00f6stens synapsseminarium. Tematiken f\u00f6r f\u00f6rel\u00e4sningarna var kommunikation och relationer.<\/p>\n<p>Magisterstuderanden inom utvecklingspsykologi h\u00f6ll i tr\u00e5darna f\u00f6r 3 intressanta f\u00f6rel\u00e4sningar om kommunikation, destruktiv och konstruktiv kommunikation samt kommunikation i relationer! Dessutom kom Tessi fr\u00e5n decibel och talade om sex och kommunikation. Dagen var fullsp\u00e4ckad med intressanta f\u00f6rel\u00e4sningar. Under dagen fick gymnasiestuderanden ta del av m\u00e5nga konkreta exempel p\u00e5 olika former av kommunikation och hur dessa kan se ut. Deltagarna fick \u00e4ven aktivera sig och ta del av praktiska exempel och \u00f6vningar.<\/p>\n<p><a href=\"https:\/\/padlet.com\/idadahl1\/xih6tv2otvwu4lqs\">l\u00e4nk till seminariets padlet-sida hittas h\u00e4r<\/a><\/p>\n<p><img loading=\"lazy\" decoding=\"async\" class=\"alignnone wp-image-322 size-full\" src=\"http:\/\/blogs2.abo.fi\/synaps\/wp-content\/uploads\/sites\/119\/2022\/10\/E0068E6B-CB97-404E-AC80-D494A3F64288_1_201_a.jpeg\" alt=\"\" width=\"762\" height=\"1083\" srcset=\"https:\/\/blogs2.abo.fi\/synaps\/wp-content\/uploads\/sites\/119\/2022\/10\/E0068E6B-CB97-404E-AC80-D494A3F64288_1_201_a.jpeg 762w, https:\/\/blogs2.abo.fi\/synaps\/wp-content\/uploads\/sites\/119\/2022\/10\/E0068E6B-CB97-404E-AC80-D494A3F64288_1_201_a-211x300.jpeg 211w, https:\/\/blogs2.abo.fi\/synaps\/wp-content\/uploads\/sites\/119\/2022\/10\/E0068E6B-CB97-404E-AC80-D494A3F64288_1_201_a-720x1024.jpeg 720w\" sizes=\"auto, (max-width: 762px) 100vw, 762px\" \/><\/p>\n<h1><\/h1>\n<hr \/>\n<h1>L\u00c4S\u00c5RET 2021-2022<\/h1>\n<h2>APRIL 2022: Synapsseminarium om ensamhet, sociala medier och digitala spel<\/h2>\n<p>L\u00f6rdagen den 23.4 samlades SYNAPS f\u00f6r l\u00e4s\u00e5rets andra virtuella seminarium. Denna g\u00e5ng diskuterades temat ensamhet utifr\u00e5n tv\u00e5 olika perspektiv: sociala medier och digitala spel.<\/p>\n<p>Deltagarna fick ta del av tre workshoppar som magisterstuderande i utvecklingspsykologi hade f\u00f6rberett. Nina ber\u00e4ttade allm\u00e4nt om ensamhet och vad det \u00e4r, Eva ber\u00e4ttade om ensamhet och sociala medier och Isabella ber\u00e4ttade om ensamhet och digitala spel. Seminariedagen avslutades med\u00a0en g\u00e4stf\u00f6rel\u00e4sning av Oscar Lehtinen, som ber\u00e4ttade om sina livserfarenheter, sitt arbete och hur man bem\u00f6ter ungas ensamhet.<\/p>\n<p><a href=\"https:\/\/padlet.com\/lilakaki\/f0w16bwamcn9fofg\">L\u00e4nk till seminariets Padlet-sida hittas h\u00e4r.<\/a><\/p>\n<p><img loading=\"lazy\" decoding=\"async\" class=\"alignnone wp-image-290 size-full\" src=\"http:\/\/blogs2.abo.fi\/synaps\/wp-content\/uploads\/sites\/119\/2022\/04\/Synapsflyer-med-anmalan.png\" alt=\"\" width=\"1587\" height=\"2245\" srcset=\"https:\/\/blogs2.abo.fi\/synaps\/wp-content\/uploads\/sites\/119\/2022\/04\/Synapsflyer-med-anmalan.png 1587w, https:\/\/blogs2.abo.fi\/synaps\/wp-content\/uploads\/sites\/119\/2022\/04\/Synapsflyer-med-anmalan-212x300.png 212w, https:\/\/blogs2.abo.fi\/synaps\/wp-content\/uploads\/sites\/119\/2022\/04\/Synapsflyer-med-anmalan-724x1024.png 724w, https:\/\/blogs2.abo.fi\/synaps\/wp-content\/uploads\/sites\/119\/2022\/04\/Synapsflyer-med-anmalan-768x1086.png 768w, https:\/\/blogs2.abo.fi\/synaps\/wp-content\/uploads\/sites\/119\/2022\/04\/Synapsflyer-med-anmalan-1086x1536.png 1086w, https:\/\/blogs2.abo.fi\/synaps\/wp-content\/uploads\/sites\/119\/2022\/04\/Synapsflyer-med-anmalan-1448x2048.png 1448w\" sizes=\"auto, (max-width: 1587px) 100vw, 1587px\" \/><\/p>\n<h2>NOVEMBER 2021: Synapsseminarium om \u00e5ngest<\/h2>\n<p>L\u00f6rdagen den 20.11 ordnade SYNAPS l\u00e4s\u00e5rets f\u00f6rsta seminarium. \u00c4ven denna g\u00e5ng arrangerades seminariet p\u00e5 distans. Huvudtemat f\u00f6r seminariet var \u00e5ngest och s\u00e4tt att hantera \u00e5ngest.<\/p>\n<p><span data-contrast=\"auto\">Under dagen fick deltagarna ta del av tre workshops\u00a0som magisterstuderande i utvecklingspsykologi hade f\u00f6rberett. Samtliga workshops tangerade olika aspekter av \u00e5ngest:\u00a01) Vad \u00e4r \u00e5ngest?\u00a02) Olika former av \u00e5ngest och\u00a03) Hur p\u00e5verkar \u00e5ngesten vardagen?\u00a0Mellan varje workshop fick deltagarna\u00a0\u00e4ven bekanta sig med\u00a0och l\u00f6sa\u00a0en\u00a0caseuppgift\u00a0om \u00e5ngest.\u00a0Seminariet avslutades med en g\u00e4stf\u00f6rel\u00e4sning av erfarenhetsexperten Nanette Westerg\u00e5rd, som\u00a0bland annat\u00a0ber\u00e4ttade om sina erfarenheter av\u00a0depression, PTSD och\u00a0panik\u00e5ngest.<\/span><span data-ccp-props=\"{&quot;201341983&quot;:0,&quot;335559739&quot;:160,&quot;335559740&quot;:259}\">\u00a0<\/span><\/p>\n<p><a href=\"https:\/\/padlet.com\/annaluund\/hfg22awnkv3ta2fo\">L\u00e4nk till seminariets Padlet-sida hittas h\u00e4r.<\/a><\/p>\n<p><img loading=\"lazy\" decoding=\"async\" class=\"alignnone wp-image-255 size-full\" src=\"http:\/\/blogs2.abo.fi\/synaps\/wp-content\/uploads\/sites\/119\/2022\/01\/Flyer-till-SYNAPS-seminareiet-2.0.png\" alt=\"\" width=\"1414\" height=\"2000\" srcset=\"https:\/\/blogs2.abo.fi\/synaps\/wp-content\/uploads\/sites\/119\/2022\/01\/Flyer-till-SYNAPS-seminareiet-2.0.png 1414w, https:\/\/blogs2.abo.fi\/synaps\/wp-content\/uploads\/sites\/119\/2022\/01\/Flyer-till-SYNAPS-seminareiet-2.0-212x300.png 212w, https:\/\/blogs2.abo.fi\/synaps\/wp-content\/uploads\/sites\/119\/2022\/01\/Flyer-till-SYNAPS-seminareiet-2.0-724x1024.png 724w, https:\/\/blogs2.abo.fi\/synaps\/wp-content\/uploads\/sites\/119\/2022\/01\/Flyer-till-SYNAPS-seminareiet-2.0-768x1086.png 768w, https:\/\/blogs2.abo.fi\/synaps\/wp-content\/uploads\/sites\/119\/2022\/01\/Flyer-till-SYNAPS-seminareiet-2.0-1086x1536.png 1086w\" sizes=\"auto, (max-width: 1414px) 100vw, 1414px\" \/><\/p>\n<h1><\/h1>\n<hr \/>\n<h1>L\u00c4S\u00c5RET 2020-2021<\/h1>\n<h2><strong>APRIL 2021: <\/strong><strong>Synapsseminarium i motivation<\/strong><\/h2>\n<p>17.4 samlades SYNAPS vid \u00c5bo Akademi och Vi7 i \u00d6sterbotten f\u00f6r ett virtuellt seminarie kring motivation med \u00e4mnen som Grit och Self-efficacy (upplevd sj\u00e4lvf\u00f6rm\u00e5ga) i skolmilj\u00f6n.<a href=\"https:\/\/padlet.com\/jolillkur\/ya9gbm4jjqbwjsf4\">L\u00e4nk till material och info kring seminariet<\/a><\/p>\n<p>Deltagarna fick bland annat ta del av en podcast om teorier kring motivation p\u00e5 f\u00f6rhand, bland annat Hertzbergs tv\u00e5faktorteori. Seminariet hade en f\u00f6rinspelad f\u00f6rel\u00e4sning kring motivation av studiepsykologen vid \u00c5bo Akademi. Deltagarna fick \u00e4ven diskutera fr\u00e5gor kring sin egen motivation och hur den kan f\u00f6rb\u00e4ttras.<\/p>\n<p><img loading=\"lazy\" decoding=\"async\" class=\"alignnone wp-image-239 size-full\" src=\"http:\/\/blogs2.abo.fi\/synaps\/wp-content\/uploads\/sites\/119\/2021\/08\/poster.png\" alt=\"\" width=\"2480\" height=\"3508\" srcset=\"https:\/\/blogs2.abo.fi\/synaps\/wp-content\/uploads\/sites\/119\/2021\/08\/poster.png 2480w, https:\/\/blogs2.abo.fi\/synaps\/wp-content\/uploads\/sites\/119\/2021\/08\/poster-212x300.png 212w, https:\/\/blogs2.abo.fi\/synaps\/wp-content\/uploads\/sites\/119\/2021\/08\/poster-724x1024.png 724w, https:\/\/blogs2.abo.fi\/synaps\/wp-content\/uploads\/sites\/119\/2021\/08\/poster-768x1086.png 768w, https:\/\/blogs2.abo.fi\/synaps\/wp-content\/uploads\/sites\/119\/2021\/08\/poster-1086x1536.png 1086w, https:\/\/blogs2.abo.fi\/synaps\/wp-content\/uploads\/sites\/119\/2021\/08\/poster-1448x2048.png 1448w\" sizes=\"auto, (max-width: 2480px) 100vw, 2480px\" \/><\/p>\n<h2>DECEMBER 2020: Synapsseminarium om kriser och sociala behov<\/h2>\n<p>L\u00f6rdagen den 5 december arrangerade Synaps sitt fj\u00e4rde seminarium, denna g\u00e5ng p\u00e5 temat kriser och sociala behov. Liksom senast s\u00e5 arrangerades seminariet p\u00e5 distans. Krisarbetare och -utbildare Anne-Charlotte Kjerulf delade med sig av sina erfarenheter, medan magisterstuderande i utvecklingspsykologi hade f\u00f6rberett b\u00e5de en podcast och en inbandad presentation och fungerade som v\u00e4rd f\u00f6r tillst\u00e4llningen, organiserade grupparbeten och svarade p\u00e5 fr\u00e5gor i chatten. <a href=\"https:\/\/padlet.com\/christoffersalo\/bi00lzbxf1zm8imh?fbclid=IwAR1MBePZObz2pUedslPQVRsl4VfWWDU7JBu18oWbe55EyQ3X2ekKWhlNNng\">L\u00e4nk till padlet med programpunkter h\u00e4r<\/a>.<\/p>\n<h1><img loading=\"lazy\" decoding=\"async\" class=\"alignnone wp-image-211 size-full\" src=\"http:\/\/blogs2.abo.fi\/synaps\/wp-content\/uploads\/sites\/119\/2020\/11\/Blue-Kids-Illustration-Preschool-Classroom-Poster.png\" alt=\"\" width=\"1587\" height=\"2245\" srcset=\"https:\/\/blogs2.abo.fi\/synaps\/wp-content\/uploads\/sites\/119\/2020\/11\/Blue-Kids-Illustration-Preschool-Classroom-Poster.png 1587w, https:\/\/blogs2.abo.fi\/synaps\/wp-content\/uploads\/sites\/119\/2020\/11\/Blue-Kids-Illustration-Preschool-Classroom-Poster-212x300.png 212w, https:\/\/blogs2.abo.fi\/synaps\/wp-content\/uploads\/sites\/119\/2020\/11\/Blue-Kids-Illustration-Preschool-Classroom-Poster-768x1086.png 768w, https:\/\/blogs2.abo.fi\/synaps\/wp-content\/uploads\/sites\/119\/2020\/11\/Blue-Kids-Illustration-Preschool-Classroom-Poster-724x1024.png 724w\" sizes=\"auto, (max-width: 1587px) 100vw, 1587px\" \/><\/h1>\n<h1><\/h1>\n<hr \/>\n<h1>L\u00c4S\u00c5RET 2019-2020<\/h1>\n<h2 class=\"col-12 col-lg-6 page-content\"><b>APRIL 2020: Psykologi-intresserade unga samlades p\u00e5 virtuellt seminarium om beroendemekanismer<\/b><\/h2>\n<p class=\"x_MsoNormal\">Projekt SYNAPS vid \u00c5bo Akademi och Vi7 i \u00d6sterbotten arrangerade sitt tredje tema-seminarium i \u00e4mnet psykologi f\u00f6r gymnasiestuderande. Till skillnad fr\u00e5n tidigare seminarier kom detta att ske helt virtuellt.<\/p>\n<p class=\"x_MsoNormal\">Seminariet med rubriken <i>\u201dDen onda cirkeln: n\u00e4r ett beteende blir skadligt\u201d <\/i>str\u00f6mmades via n\u00e4tet f\u00f6r ca 40 studerande runtom i \u00d6sterbotten som deltog och medverkade i realtid. Seminariet leddes av en grupp magisterstuderande i utvecklingspsykologi, som att bj\u00f6d p\u00e5 evidensbaserade workshoppar om var gr\u00e4nsen mellan sunt och skadligt beteende g\u00e5r i f\u00f6rh\u00e5llande till bl.a. tr\u00e4ning, digital teknik och pornografi.<\/p>\n<h2><a href=\"http:\/\/blogs2.abo.fi\/synaps\/wp-content\/uploads\/sites\/119\/2020\/03\/onda-cirkelnn\u00e4tet.png\"><img loading=\"lazy\" decoding=\"async\" class=\"alignnone size-full wp-image-170\" src=\"http:\/\/blogs2.abo.fi\/synaps\/wp-content\/uploads\/sites\/119\/2020\/03\/onda-cirkelnn\u00e4tet.png\" alt=\"\" width=\"1133\" height=\"819\" srcset=\"https:\/\/blogs2.abo.fi\/synaps\/wp-content\/uploads\/sites\/119\/2020\/03\/onda-cirkelnn\u00e4tet.png 1133w, https:\/\/blogs2.abo.fi\/synaps\/wp-content\/uploads\/sites\/119\/2020\/03\/onda-cirkelnn\u00e4tet-300x217.png 300w, https:\/\/blogs2.abo.fi\/synaps\/wp-content\/uploads\/sites\/119\/2020\/03\/onda-cirkelnn\u00e4tet-768x555.png 768w, https:\/\/blogs2.abo.fi\/synaps\/wp-content\/uploads\/sites\/119\/2020\/03\/onda-cirkelnn\u00e4tet-1024x740.png 1024w, https:\/\/blogs2.abo.fi\/synaps\/wp-content\/uploads\/sites\/119\/2020\/03\/onda-cirkelnn\u00e4tet-415x300.png 415w\" sizes=\"auto, (max-width: 1133px) 100vw, 1133px\" \/><\/a><\/h2>\n<h2>FEBRUARI 2020: Psykologi efter gymnasiet &#8211; en kurs f\u00f6r abiturenter<\/h2>\n<p><span data-contrast=\"none\">19-20.2 2019 arrangerades en repetitions- och universitetsf\u00f6rberedande kurs <\/span><span data-contrast=\"none\">i \u00e4mnet psykologi<\/span><span data-contrast=\"none\"> f\u00f6r Vi7:s abiturenter p\u00e5 Vasa \u00d6vningsskola .<\/span><\/p>\n<p><span data-contrast=\"none\">Ca 17 deltagare under kursens g\u00e5ng samlades f\u00f6r att fundera p\u00e5 varf\u00f6r forskning \u00e4r viktigt f\u00f6r psykologi som vetenskap samt i arbetslivet och bekanta sig med bl.a. myter och etiska fr\u00e5gest\u00e4llningar inom psykologi. Eftersom kursen fungerade som en bro mellan gymnasie- och universitetspsykologi f\u00f6rdjupade sig deltagarna\u00a0 p\u00e5 b\u00e5de nya och bekanta omr\u00e5den. <\/span><span data-ccp-props=\"{&quot;201341983&quot;:0,&quot;335551550&quot;:1,&quot;335551620&quot;:1,&quot;335559739&quot;:160,&quot;335559740&quot;:259}\" data-wac-het=\"1\">\u00a0<\/span><b><\/b><\/p>\n<p><b><span data-contrast=\"none\">L\u00e4rare och examinatorer f\u00f6r kursen var<\/span><\/b><span data-contrast=\"none\"> Charlotta <\/span><span data-contrast=\"none\">Ohls<\/span><span data-contrast=\"none\"> &amp; <\/span><span data-contrast=\"none\">Minja<\/span><span data-contrast=\"none\"> Sund\u00e9n, psykologistuderande vid \u00c5bo Akademi. <\/span><span data-ccp-props=\"{&quot;201341983&quot;:0,&quot;335551550&quot;:1,&quot;335551620&quot;:1,&quot;335559739&quot;:160,&quot;335559740&quot;:259}\" data-wac-het=\"1\">\u00a0<\/span><\/p>\n<p><a href=\"http:\/\/blogs2.abo.fi\/synaps\/wp-content\/uploads\/sites\/119\/2019\/12\/psykefgym.png\"><img loading=\"lazy\" decoding=\"async\" class=\"alignnone size-full wp-image-153\" src=\"http:\/\/blogs2.abo.fi\/synaps\/wp-content\/uploads\/sites\/119\/2019\/12\/psykefgym.png\" alt=\"\" width=\"524\" height=\"704\" srcset=\"https:\/\/blogs2.abo.fi\/synaps\/wp-content\/uploads\/sites\/119\/2019\/12\/psykefgym.png 524w, https:\/\/blogs2.abo.fi\/synaps\/wp-content\/uploads\/sites\/119\/2019\/12\/psykefgym-223x300.png 223w\" sizes=\"auto, (max-width: 524px) 100vw, 524px\" \/><\/a><\/p>\n<h2>NOVEMBER 2019: Gymnasiestuderande bes\u00f6kte \u00c5bo Akademi f\u00f6r att l\u00e4ra sig att hantera studiestress<\/h2>\n<p>L\u00f6rdagen den 30 november kl. 10.30\u201316.30 arrangerade projektet SYNAPS sitt andra seminarium i till\u00e4mpad psykologi f\u00f6r gymnasiestuderande. Under seminariet, som ordnas i Academill, Strandgatan 2, Vasa, deltog 40 studerande fr\u00e5n Kronoby i norr till Petalax i s\u00f6der. Temat f\u00f6r dagen var stress och stresshantering, med ett s\u00e4rskilt fokus p\u00e5 studier och framtid.<\/p>\n<p>Magisterstuderande i utvecklingspsykologi stod f\u00f6r programmet , som bestod av forskningspresentationer om bland annat samband mellan stress och sj\u00e4lvk\u00e4nsla, prestationskrav och psykiskt illam\u00e5ende, samt evidensbaserade tekniker f\u00f6r att f\u00f6rebygga och hantera stress. Deltagarna till\u00e4mpade dessa kunskaper i en gruppuppgift om att hantera stress inf\u00f6r en provvecka.<\/p>\n<p>Seminariet avslutades med en g\u00e4stf\u00f6rel\u00e4sning med <strong>Oscar Dam\u00e9n<\/strong> fr\u00e5n f\u00f6retaget Studiekompassen.<\/p>\n<p><a href=\"http:\/\/blogs2.abo.fi\/synaps\/wp-content\/uploads\/sites\/119\/2019\/11\/Stress.png\"><img loading=\"lazy\" decoding=\"async\" class=\"alignnone size-full wp-image-149\" src=\"http:\/\/blogs2.abo.fi\/synaps\/wp-content\/uploads\/sites\/119\/2019\/11\/Stress.png\" alt=\"\" width=\"670\" height=\"962\" srcset=\"https:\/\/blogs2.abo.fi\/synaps\/wp-content\/uploads\/sites\/119\/2019\/11\/Stress.png 670w, https:\/\/blogs2.abo.fi\/synaps\/wp-content\/uploads\/sites\/119\/2019\/11\/Stress-209x300.png 209w\" sizes=\"auto, (max-width: 670px) 100vw, 670px\" \/><\/a><\/p>\n<p>&nbsp;<\/p>\n<hr \/>\n<h1>PROJEKT-START V\u00c5REN 2019<\/h1>\n<p>Synaps inledde sin verksamhet genom att starta en projektgrupp, med uppdrag att planera Synaps verksamhet och pilotera ett temaseminarium.<\/p>\n<p>Projektgruppen planerade och genomf\u00f6rde en pilotering av ett sextimmars seminarium den 13 april 2019. L\u00e4s v\u00e5r rapport h\u00e4r:<a href=\"http:\/\/blogs2.abo.fi\/synaps\/wp-content\/uploads\/sites\/119\/2019\/08\/Rapport_\u00e4mnesbaserat-seminarium_synaps.pdf\"> Rapport_\u00e4mnesbaserat seminarium_synaps<\/a><\/p>\n<p><img loading=\"lazy\" decoding=\"async\" class=\"alignnone wp-image-114 size-full\" src=\"http:\/\/blogs2.abo.fi\/synaps\/wp-content\/uploads\/sites\/119\/2019\/04\/Program-v\u00e5rseminarium1.jpg\" alt=\"\" width=\"3300\" height=\"5100\" srcset=\"https:\/\/blogs2.abo.fi\/synaps\/wp-content\/uploads\/sites\/119\/2019\/04\/Program-v\u00e5rseminarium1.jpg 3300w, https:\/\/blogs2.abo.fi\/synaps\/wp-content\/uploads\/sites\/119\/2019\/04\/Program-v\u00e5rseminarium1-194x300.jpg 194w, https:\/\/blogs2.abo.fi\/synaps\/wp-content\/uploads\/sites\/119\/2019\/04\/Program-v\u00e5rseminarium1-768x1187.jpg 768w, https:\/\/blogs2.abo.fi\/synaps\/wp-content\/uploads\/sites\/119\/2019\/04\/Program-v\u00e5rseminarium1-663x1024.jpg 663w\" sizes=\"auto, (max-width: 3300px) 100vw, 3300px\" \/><\/p>\n<p>&nbsp;<\/p>\n","protected":false},"excerpt":{"rendered":"<p>L\u00c4S\u00c5RET 2024-2025 MAJ 2025: Synapsseminarium om Oro f\u00f6r Framtiden Tisadgen den 6.5 ordnades v\u00e5rens Synapsseminarium p\u00e5 \u00c5bo Akademi i Vasa kring temat Oro f\u00f6r Framtiden. Dagens program inneh\u00f6ll tre f\u00f6rel\u00e4sningar och en workshop. Presentationerna handlade om perfektionism och prestationskrav,\u00a0strategier f\u00f6r &hellip; <a href=\"https:\/\/blogs2.abo.fi\/synaps\/verksamhetsplan\/\">Forts\u00e4tt l\u00e4sa <span class=\"meta-nav\">&rarr;<\/span><\/a><\/p>\n","protected":false},"author":965,"featured_media":0,"parent":0,"menu_order":4,"comment_status":"closed","ping_status":"closed","template":"","meta":{"footnotes":""},"class_list":["post-135","page","type-page","status-publish","hentry"],"_links":{"self":[{"href":"https:\/\/blogs2.abo.fi\/synaps\/wp-json\/wp\/v2\/pages\/135","targetHints":{"allow":["GET"]}}],"collection":[{"href":"https:\/\/blogs2.abo.fi\/synaps\/wp-json\/wp\/v2\/pages"}],"about":[{"href":"https:\/\/blogs2.abo.fi\/synaps\/wp-json\/wp\/v2\/types\/page"}],"author":[{"embeddable":true,"href":"https:\/\/blogs2.abo.fi\/synaps\/wp-json\/wp\/v2\/users\/965"}],"replies":[{"embeddable":true,"href":"https:\/\/blogs2.abo.fi\/synaps\/wp-json\/wp\/v2\/comments?post=135"}],"version-history":[{"count":33,"href":"https:\/\/blogs2.abo.fi\/synaps\/wp-json\/wp\/v2\/pages\/135\/revisions"}],"predecessor-version":[{"id":458,"href":"https:\/\/blogs2.abo.fi\/synaps\/wp-json\/wp\/v2\/pages\/135\/revisions\/458"}],"wp:attachment":[{"href":"https:\/\/blogs2.abo.fi\/synaps\/wp-json\/wp\/v2\/media?parent=135"}],"curies":[{"name":"wp","href":"https:\/\/api.w.org\/{rel}","templated":true}]}}