{"id":23,"date":"2018-10-05T13:10:17","date_gmt":"2018-10-05T10:10:17","guid":{"rendered":"http:\/\/blogs2.abo.fi\/svenskansbeskrivning37\/?page_id=23"},"modified":"2019-06-27T12:48:23","modified_gmt":"2019-06-27T09:48:23","slug":"konferensvolymen","status":"publish","type":"page","link":"https:\/\/blogs2.abo.fi\/svenskansbeskrivning37\/konferensvolymen\/","title":{"rendered":"Konferensvolymen"},"content":{"rendered":"<p>Efter konferensen avser vi publicera ett urval av f\u00f6redragen i en konferensvolym.<\/p>\n<p>Tidsfrister och annan information r\u00f6rande konferensvolymen hittas h\u00e4r:<\/p>\n<p><a href=\"http:\/\/blogs2.abo.fi\/svenskansbeskrivning37\/wp-content\/uploads\/sites\/106\/2019\/06\/Manusanvisningar.pdf\">Manusanvisningar f\u00f6r bidrag till konferensvolymen<\/a><\/p>\n<p>&nbsp;<\/p>\n","protected":false},"excerpt":{"rendered":"<p>Efter konferensen avser vi publicera ett urval av f\u00f6redragen i en konferensvolym. Tidsfrister och annan information r\u00f6rande konferensvolymen hittas h\u00e4r: Manusanvisningar f\u00f6r bidrag till konferensvolymen &nbsp;<\/p>\n","protected":false},"author":426,"featured_media":0,"parent":0,"menu_order":0,"comment_status":"closed","ping_status":"closed","template":"","meta":{"footnotes":""},"class_list":["post-23","page","type-page","status-publish","hentry"],"_links":{"self":[{"href":"https:\/\/blogs2.abo.fi\/svenskansbeskrivning37\/wp-json\/wp\/v2\/pages\/23","targetHints":{"allow":["GET"]}}],"collection":[{"href":"https:\/\/blogs2.abo.fi\/svenskansbeskrivning37\/wp-json\/wp\/v2\/pages"}],"about":[{"href":"https:\/\/blogs2.abo.fi\/svenskansbeskrivning37\/wp-json\/wp\/v2\/types\/page"}],"author":[{"embeddable":true,"href":"https:\/\/blogs2.abo.fi\/svenskansbeskrivning37\/wp-json\/wp\/v2\/users\/426"}],"replies":[{"embeddable":true,"href":"https:\/\/blogs2.abo.fi\/svenskansbeskrivning37\/wp-json\/wp\/v2\/comments?post=23"}],"version-history":[{"count":4,"href":"https:\/\/blogs2.abo.fi\/svenskansbeskrivning37\/wp-json\/wp\/v2\/pages\/23\/revisions"}],"predecessor-version":[{"id":138,"href":"https:\/\/blogs2.abo.fi\/svenskansbeskrivning37\/wp-json\/wp\/v2\/pages\/23\/revisions\/138"}],"wp:attachment":[{"href":"https:\/\/blogs2.abo.fi\/svenskansbeskrivning37\/wp-json\/wp\/v2\/media?parent=23"}],"curies":[{"name":"wp","href":"https:\/\/api.w.org\/{rel}","templated":true}]}}