{"id":20,"date":"2018-10-05T13:05:13","date_gmt":"2018-10-05T10:05:13","guid":{"rendered":"http:\/\/blogs2.abo.fi\/svenskansbeskrivning37\/?page_id=20"},"modified":"2019-04-05T22:26:09","modified_gmt":"2019-04-05T19:26:09","slug":"anmalan","status":"publish","type":"page","link":"https:\/\/blogs2.abo.fi\/svenskansbeskrivning37\/anmalan\/","title":{"rendered":"Anm\u00e4lan"},"content":{"rendered":"<h3><strong>Anm\u00e4lan om deltagande i konferensen och betalning<\/strong><\/h3>\n<p><span style=\"color: #ff0000\"><span style=\"color: #ff6600\"><span style=\"color: #ff0000\">Anm\u00e4lan \u00e4r st\u00e4ngd.<\/span>\u00a0<\/span><\/span><\/p>\n<p>Du anm\u00e4ler dig som deltagare p\u00e5 konferensen via l\u00e4nken nedan. Du fyller f\u00f6rst i en anm\u00e4lningsblankett, varefter du betalar deltagaravgift och ev. middagsavgift i \u00c5bo Akademis n\u00e4tbutik. Du kan betala med kreditkort, n\u00e4tbank eller faktura (inom Finland, faktureringsavgift tillkommer).<\/p>\n<p><del><strong>TILL ANM\u00c4LAN<\/strong><\/del><\/p>\n<p><strong>\u00a0<\/strong><strong>Deltagaravgift<\/strong> (inkl. lunch tv\u00e5 dagar, kaffeserveringar och konferensmaterial):<\/p>\n<ul>\n<li>normalpris\u00a0120 \u20ac<\/li>\n<li>doktorander 85 \u20ac<\/li>\n<\/ul>\n<p><strong>Konferensmiddag <\/strong>torsdag 9.5 p\u00e5 restaurang <em>Hus Lindman:\u00a0<\/em><\/p>\n<ul>\n<li>45 \u20ac<\/li>\n<\/ul>\n<p>&nbsp;<\/p>\n<p>Annulleringsvillkor: Vid annullering debiteras 20 euro i annulleringsavgift. Vid annullering fr.o.m. 10.04.2019 sker ingen \u00e5terbetalning. Annullering g\u00f6rs per e-post till svebe37@abo.fi<\/p>\n<p>&nbsp;<\/p>\n<h3><strong>Anm\u00e4lan av f\u00f6redrag eller poster<\/strong><\/h3>\n<p>Sista dag f\u00f6r anm\u00e4lan av <strong>f\u00f6redrag eller poster var 1.2.2019<\/strong>.<\/p>\n<ul>\n<li>Abstrakt till f\u00f6redrag eller poster (max 250 ord exklusive referenser, sammanlagt h\u00f6gst en A4-sida) skickas som e-postbilaga till adressen <a href=\"mailto:svebe37@abo.fi\">svebe37@abo.fi<\/a>.<\/li>\n<\/ul>\n<p>Besked om antagning ges senast 28.2.2019.<\/p>\n<p>&nbsp;<\/p>\n<p>&nbsp;<\/p>\n<p>&nbsp;<\/p>\n","protected":false},"excerpt":{"rendered":"<p>Anm\u00e4lan om deltagande i konferensen och betalning Anm\u00e4lan \u00e4r st\u00e4ngd.\u00a0 Du anm\u00e4ler dig som deltagare p\u00e5 konferensen via l\u00e4nken nedan. Du fyller f\u00f6rst i en anm\u00e4lningsblankett, varefter du betalar deltagaravgift och ev. middagsavgift i \u00c5bo Akademis n\u00e4tbutik. Du kan betala &hellip; <a href=\"https:\/\/blogs2.abo.fi\/svenskansbeskrivning37\/anmalan\/\">Forts\u00e4tt l\u00e4sa <span class=\"meta-nav\">&rarr;<\/span><\/a><\/p>\n","protected":false},"author":426,"featured_media":0,"parent":0,"menu_order":0,"comment_status":"closed","ping_status":"closed","template":"","meta":{"footnotes":""},"class_list":["post-20","page","type-page","status-publish","hentry"],"_links":{"self":[{"href":"https:\/\/blogs2.abo.fi\/svenskansbeskrivning37\/wp-json\/wp\/v2\/pages\/20","targetHints":{"allow":["GET"]}}],"collection":[{"href":"https:\/\/blogs2.abo.fi\/svenskansbeskrivning37\/wp-json\/wp\/v2\/pages"}],"about":[{"href":"https:\/\/blogs2.abo.fi\/svenskansbeskrivning37\/wp-json\/wp\/v2\/types\/page"}],"author":[{"embeddable":true,"href":"https:\/\/blogs2.abo.fi\/svenskansbeskrivning37\/wp-json\/wp\/v2\/users\/426"}],"replies":[{"embeddable":true,"href":"https:\/\/blogs2.abo.fi\/svenskansbeskrivning37\/wp-json\/wp\/v2\/comments?post=20"}],"version-history":[{"count":16,"href":"https:\/\/blogs2.abo.fi\/svenskansbeskrivning37\/wp-json\/wp\/v2\/pages\/20\/revisions"}],"predecessor-version":[{"id":108,"href":"https:\/\/blogs2.abo.fi\/svenskansbeskrivning37\/wp-json\/wp\/v2\/pages\/20\/revisions\/108"}],"wp:attachment":[{"href":"https:\/\/blogs2.abo.fi\/svenskansbeskrivning37\/wp-json\/wp\/v2\/media?parent=20"}],"curies":[{"name":"wp","href":"https:\/\/api.w.org\/{rel}","templated":true}]}}