{"id":99,"date":"2021-08-16T09:17:26","date_gmt":"2021-08-16T09:17:26","guid":{"rendered":"https:\/\/blogs2.abo.fi\/studieorientering-fhpt\/?page_id=99"},"modified":"2025-06-26T09:06:56","modified_gmt":"2025-06-26T09:06:56","slug":"onsdagsprak","status":"publish","type":"page","link":"https:\/\/blogs2.abo.fi\/studieorientering-fhpt\/onsdagsprak\/","title":{"rendered":"Onsdag"},"content":{"rendered":"<figure class=\"wp-block-table\">\n<table>\n<tbody>\n<tr>\n<td>8.45 fram\u00e5t<\/td>\n<td><strong><span class=\"TextRun SCXW171310152 BCX9\" lang=\"SV-FI\" xml:lang=\"SV-FI\" data-contrast=\"auto\"><span class=\"NormalTextRun SCXW171310152 BCX9\">Genomg\u00e5ng av studieplaneringsverktyget <\/span><span class=\"NormalTextRun SpellingErrorV2Themed SCXW171310152 BCX9\">Peppi<\/span><span class=\"NormalTextRun SCXW171310152 BCX9\">, anm\u00e4lan till kurser<\/span><span class=\"NormalTextRun SCXW171310152 BCX9\"> \u2013 ta med egen dator!<br \/>\n<\/span><\/span><\/strong>Studiev\u00e4gledare Dennis Enberg<br \/>\nEngelska kl. 8.45-10.00<br \/>\nFinska och svenska kl. 10.30-11.45<br \/>\nFranska, tyska och ryska kl. 13.00-14.15<\/td>\n<td>Aud. M220 Kramer, Arken<\/td>\n<\/tr>\n<\/tbody>\n<\/table>\n<h4><\/h4>\n<h4 style=\"text-align: center\"><strong>Titta p\u00e5 Peppi-videorna h\u00e4runder innan studieplaneringstillf\u00e4llet<\/strong>.<\/h4>\n<p>&nbsp;<\/p>\n<figure class=\"wp-block-table\"><span style=\"font-size: 15px\">\n<!-- iframe plugin v.6.0 wordpress.org\/plugins\/iframe\/ -->\n<iframe loading=\"lazy\" src=\"https:\/\/panopto.abo.fi\/Panopto\/Pages\/Embed.aspx?id=910c04d1-f8ff-4780-b230-ad5700912292&#038;autoplay=false&#038;offerviewer=false&#038;showtitle=true&#038;showbrand=false&#038;start=0&#038;interactivity=none\" height=\"405\" width=\"720\" style=\"border: 1px solid #464646;\" 0=\"allowfullscreen\" allow=\"autoplay\" scrolling=\"yes\" class=\"iframe-class\" frameborder=\"0\"><\/iframe>\n <\/span><span style=\"font-size: 15px\">\n<!-- iframe plugin v.6.0 wordpress.org\/plugins\/iframe\/ -->\n<iframe loading=\"lazy\" src=\"https:\/\/panopto.abo.fi\/Panopto\/Pages\/Embed.aspx?id=abe25e06-9bf1-465b-b028-ad57009126ee&#038;autoplay=false&#038;offerviewer=false&#038;showtitle=true&#038;showbrand=false&#038;start=0&#038;interactivity=all\" height=\"405\" width=\"720\" style=\"border: 1px solid #464646;\" 0=\"allowfullscreen\" 1=\"allow=&quot;autoplay&quot;&gt;&lt;\/iframe\" scrolling=\"yes\" class=\"iframe-class\" frameborder=\"0\"><\/iframe>\n <\/span>\n<!-- iframe plugin v.6.0 wordpress.org\/plugins\/iframe\/ -->\n<iframe loading=\"lazy\" src=\"https:\/\/panopto.abo.fi\/Panopto\/Pages\/Embed.aspx?id=4b70779a-33d5-460a-a07b-ad5700a1238c&#038;autoplay=false&#038;offerviewer=false&#038;showtitle=true&#038;showbrand=false&#038;start=0&#038;interactivity=all\" height=\"405\" width=\"720\" style=\"border: 1px solid #464646;\" 0=\"allowfullscreen\" allow=\"autoplay\" scrolling=\"yes\" class=\"iframe-class\" frameborder=\"0\"><\/iframe>\n \n<!-- iframe plugin v.6.0 wordpress.org\/plugins\/iframe\/ -->\n<iframe loading=\"lazy\" src=\"https:\/\/panopto.abo.fi\/Panopto\/Pages\/Embed.aspx?id=10e21b23-e16e-401a-9ecb-ad57009129ea&#038;autoplay=false&#038;offerviewer=false&#038;showtitle=true&#038;showbrand=false&#038;start=0&#038;interactivity=all\" height=\"405\" width=\"720\" style=\"border: 1px solid #464646;\" 0=\"allowfullscreen\" allow=\"autoplay\" scrolling=\"yes\" class=\"iframe-class\" frameborder=\"0\"><\/iframe>\n<\/figure>\n<\/figure>\n","protected":false},"excerpt":{"rendered":"<p>8.45 fram\u00e5t Genomg\u00e5ng av studieplaneringsverktyget Peppi, anm\u00e4lan till kurser \u2013 ta med egen dator! Studiev\u00e4gledare Dennis Enberg Engelska kl. 8.45-10.00 Finska och svenska kl. 10.30-11.45 Franska, tyska och ryska kl. 13.00-14.15 Aud. M220 Kramer, Arken Titta p\u00e5 Peppi-videorna h\u00e4runder innan &hellip; <a href=\"https:\/\/blogs2.abo.fi\/studieorientering-fhpt\/onsdagsprak\/\">Forts\u00e4tt l\u00e4sa <span class=\"meta-nav\">&rarr;<\/span><\/a><\/p>\n","protected":false},"author":482,"featured_media":0,"parent":0,"menu_order":0,"comment_status":"closed","ping_status":"closed","template":"","meta":{"footnotes":""},"class_list":["post-99","page","type-page","status-publish","hentry"],"_links":{"self":[{"href":"https:\/\/blogs2.abo.fi\/studieorientering-fhpt\/wp-json\/wp\/v2\/pages\/99","targetHints":{"allow":["GET"]}}],"collection":[{"href":"https:\/\/blogs2.abo.fi\/studieorientering-fhpt\/wp-json\/wp\/v2\/pages"}],"about":[{"href":"https:\/\/blogs2.abo.fi\/studieorientering-fhpt\/wp-json\/wp\/v2\/types\/page"}],"author":[{"embeddable":true,"href":"https:\/\/blogs2.abo.fi\/studieorientering-fhpt\/wp-json\/wp\/v2\/users\/482"}],"replies":[{"embeddable":true,"href":"https:\/\/blogs2.abo.fi\/studieorientering-fhpt\/wp-json\/wp\/v2\/comments?post=99"}],"version-history":[{"count":34,"href":"https:\/\/blogs2.abo.fi\/studieorientering-fhpt\/wp-json\/wp\/v2\/pages\/99\/revisions"}],"predecessor-version":[{"id":1706,"href":"https:\/\/blogs2.abo.fi\/studieorientering-fhpt\/wp-json\/wp\/v2\/pages\/99\/revisions\/1706"}],"wp:attachment":[{"href":"https:\/\/blogs2.abo.fi\/studieorientering-fhpt\/wp-json\/wp\/v2\/media?parent=99"}],"curies":[{"name":"wp","href":"https:\/\/api.w.org\/{rel}","templated":true}]}}