{"id":95,"date":"2021-08-16T09:17:01","date_gmt":"2021-08-16T09:17:01","guid":{"rendered":"https:\/\/blogs2.abo.fi\/studieorientering-fhpt\/?page_id=95"},"modified":"2025-08-12T08:30:44","modified_gmt":"2025-08-12T08:30:44","slug":"mandagsprak","status":"publish","type":"page","link":"https:\/\/blogs2.abo.fi\/studieorientering-fhpt\/mandagsprak\/","title":{"rendered":"M\u00e5ndag"},"content":{"rendered":"<table style=\"height: 522px\" width=\"610\">\n<tbody>\n<tr>\n<td width=\"84\">10:00<\/td>\n<td width=\"418\"><strong><strong>Institutionens prefekt Jan Antfolks v\u00e4lkomsth\u00e4lsning<\/strong><\/strong><\/p>\n<p><strong>Tf rektor Gunilla Wid\u00e9ns v\u00e4lkomsth\u00e4lsning<\/strong><\/p>\n<p><strong>Allm\u00e4nt om studier och presentation av studiev\u00e4gledarna<\/strong><\/p>\n<p><strong>Information f\u00f6r studerande med specialbehov<\/strong><\/p>\n<p><strong>Indelning i tutorgrupper<\/strong><\/td>\n<td width=\"151\">Aud. A102 Armfelt, Arken<\/td>\n<\/tr>\n<tr>\n<td width=\"84\">12:00<\/td>\n<td style=\"text-align: center\" width=\"418\"><strong>Lunch med tutorerna<\/strong><\/td>\n<td width=\"151\"><\/td>\n<\/tr>\n<tr>\n<td width=\"84\">13:00-14:15<\/td>\n<td width=\"418\"><strong>Utbildningsprogrammet i spr\u00e5k \u2013 presentation och genomg\u00e5ng av examensstruktur\u00a0<\/strong><br \/>\nKandidatprogramansvariga (KPA) Saija Merke och studiev\u00e4gledare Dennis Enberg<\/td>\n<td width=\"151\">Aud. A102 Armfelt, Arken<\/td>\n<\/tr>\n<tr>\n<td width=\"84\">14:15-<\/td>\n<td width=\"418\"><strong><strong>Tutor- och egenl\u00e4rartr\u00e4ff<br \/>\n<\/strong><\/strong>Tyska: aud. L104 Goethe<br \/>\nFranska: aud. M134 Simone Weil<br \/>\nRyska: aud. M128 Saussure<br \/>\nSvenska: aud. M218 J\u00f6ns Budde<br \/>\nFinska: aud. L103 Humboldt<br \/>\nEngelska: aud. B301 Panorama<\/td>\n<td width=\"151\">Arken<\/td>\n<\/tr>\n<\/tbody>\n<\/table>\n","protected":false},"excerpt":{"rendered":"<p>10:00 Institutionens prefekt Jan Antfolks v\u00e4lkomsth\u00e4lsning Tf rektor Gunilla Wid\u00e9ns v\u00e4lkomsth\u00e4lsning Allm\u00e4nt om studier och presentation av studiev\u00e4gledarna Information f\u00f6r studerande med specialbehov Indelning i tutorgrupper Aud. A102 Armfelt, Arken 12:00 Lunch med tutorerna 13:00-14:15 Utbildningsprogrammet i spr\u00e5k \u2013 presentation &hellip; <a href=\"https:\/\/blogs2.abo.fi\/studieorientering-fhpt\/mandagsprak\/\">Forts\u00e4tt l\u00e4sa <span class=\"meta-nav\">&rarr;<\/span><\/a><\/p>\n","protected":false},"author":482,"featured_media":0,"parent":0,"menu_order":0,"comment_status":"closed","ping_status":"closed","template":"","meta":{"footnotes":""},"class_list":["post-95","page","type-page","status-publish","hentry"],"_links":{"self":[{"href":"https:\/\/blogs2.abo.fi\/studieorientering-fhpt\/wp-json\/wp\/v2\/pages\/95","targetHints":{"allow":["GET"]}}],"collection":[{"href":"https:\/\/blogs2.abo.fi\/studieorientering-fhpt\/wp-json\/wp\/v2\/pages"}],"about":[{"href":"https:\/\/blogs2.abo.fi\/studieorientering-fhpt\/wp-json\/wp\/v2\/types\/page"}],"author":[{"embeddable":true,"href":"https:\/\/blogs2.abo.fi\/studieorientering-fhpt\/wp-json\/wp\/v2\/users\/482"}],"replies":[{"embeddable":true,"href":"https:\/\/blogs2.abo.fi\/studieorientering-fhpt\/wp-json\/wp\/v2\/comments?post=95"}],"version-history":[{"count":48,"href":"https:\/\/blogs2.abo.fi\/studieorientering-fhpt\/wp-json\/wp\/v2\/pages\/95\/revisions"}],"predecessor-version":[{"id":1749,"href":"https:\/\/blogs2.abo.fi\/studieorientering-fhpt\/wp-json\/wp\/v2\/pages\/95\/revisions\/1749"}],"wp:attachment":[{"href":"https:\/\/blogs2.abo.fi\/studieorientering-fhpt\/wp-json\/wp\/v2\/media?parent=95"}],"curies":[{"name":"wp","href":"https:\/\/api.w.org\/{rel}","templated":true}]}}