{"id":77,"date":"2021-08-16T09:13:48","date_gmt":"2021-08-16T09:13:48","guid":{"rendered":"https:\/\/blogs2.abo.fi\/studieorientering-fhpt\/?page_id=77"},"modified":"2025-08-18T06:55:12","modified_gmt":"2025-08-18T06:55:12","slug":"mandagpsykologi","status":"publish","type":"page","link":"https:\/\/blogs2.abo.fi\/studieorientering-fhpt\/mandagpsykologi\/","title":{"rendered":"M\u00e5ndag"},"content":{"rendered":"<table style=\"height: 522px\" width=\"610\">\n<tbody>\n<tr>\n<td width=\"84\">10:00<\/td>\n<td width=\"418\"><strong><strong><strong>Institutionens prefekt Jan Antfolks v\u00e4lkomsth\u00e4lsning<\/strong><\/strong><\/strong><strong>Tf r<\/strong><strong style=\"font-family: inherit;font-size: inherit\"><strong>ektor Gunilla Wid\u00e9ns v\u00e4lkomsth\u00e4lsning<\/strong><\/strong><\/p>\n<p><strong>Allm\u00e4nt om studier och presentation av institutionens studiev\u00e4gledare<\/strong><\/p>\n<p><strong>Information f\u00f6r studerande med specialbehov<\/strong><\/p>\n<p><strong>Indelning i tutorgrupper<\/strong><\/td>\n<td width=\"151\">Aud. A102 Armfelt, Arken<\/td>\n<\/tr>\n<tr>\n<td width=\"84\">12:00<\/td>\n<td style=\"text-align: center\" width=\"418\"><strong>Lunch med tutorerna<\/strong><\/td>\n<td width=\"151\"><\/td>\n<\/tr>\n<tr>\n<td width=\"84\">13:00-14:15<\/td>\n<td width=\"418\"><strong>Utbildningsprogrammet i psykologi: presentation och genomg\u00e5ng av studiernas uppbyggnad<br \/>\n<\/strong>Egenl\u00e4rare Petra Gr\u00f6nholm-Nyman<\/td>\n<td width=\"151\">Aud. C201 K\u00e4llan, Arken<\/td>\n<\/tr>\n<\/tbody>\n<\/table>\n","protected":false},"excerpt":{"rendered":"<p>10:00 Institutionens prefekt Jan Antfolks v\u00e4lkomsth\u00e4lsningTf rektor Gunilla Wid\u00e9ns v\u00e4lkomsth\u00e4lsning Allm\u00e4nt om studier och presentation av institutionens studiev\u00e4gledare Information f\u00f6r studerande med specialbehov Indelning i tutorgrupper Aud. A102 Armfelt, Arken 12:00 Lunch med tutorerna 13:00-14:15 Utbildningsprogrammet i psykologi: presentation och &hellip; <a href=\"https:\/\/blogs2.abo.fi\/studieorientering-fhpt\/mandagpsykologi\/\">Forts\u00e4tt l\u00e4sa <span class=\"meta-nav\">&rarr;<\/span><\/a><\/p>\n","protected":false},"author":482,"featured_media":0,"parent":0,"menu_order":0,"comment_status":"closed","ping_status":"closed","template":"","meta":{"footnotes":""},"class_list":["post-77","page","type-page","status-publish","hentry"],"_links":{"self":[{"href":"https:\/\/blogs2.abo.fi\/studieorientering-fhpt\/wp-json\/wp\/v2\/pages\/77","targetHints":{"allow":["GET"]}}],"collection":[{"href":"https:\/\/blogs2.abo.fi\/studieorientering-fhpt\/wp-json\/wp\/v2\/pages"}],"about":[{"href":"https:\/\/blogs2.abo.fi\/studieorientering-fhpt\/wp-json\/wp\/v2\/types\/page"}],"author":[{"embeddable":true,"href":"https:\/\/blogs2.abo.fi\/studieorientering-fhpt\/wp-json\/wp\/v2\/users\/482"}],"replies":[{"embeddable":true,"href":"https:\/\/blogs2.abo.fi\/studieorientering-fhpt\/wp-json\/wp\/v2\/comments?post=77"}],"version-history":[{"count":43,"href":"https:\/\/blogs2.abo.fi\/studieorientering-fhpt\/wp-json\/wp\/v2\/pages\/77\/revisions"}],"predecessor-version":[{"id":1775,"href":"https:\/\/blogs2.abo.fi\/studieorientering-fhpt\/wp-json\/wp\/v2\/pages\/77\/revisions\/1775"}],"wp:attachment":[{"href":"https:\/\/blogs2.abo.fi\/studieorientering-fhpt\/wp-json\/wp\/v2\/media?parent=77"}],"curies":[{"name":"wp","href":"https:\/\/api.w.org\/{rel}","templated":true}]}}