{"id":74,"date":"2021-08-16T09:12:51","date_gmt":"2021-08-16T09:12:51","guid":{"rendered":"https:\/\/blogs2.abo.fi\/studieorientering-fhpt\/?page_id=74"},"modified":"2025-08-15T08:53:08","modified_gmt":"2025-08-15T08:53:08","slug":"viktiginfologopedi","status":"publish","type":"page","link":"https:\/\/blogs2.abo.fi\/studieorientering-fhpt\/viktiginfologopedi\/","title":{"rendered":"Viktig info"},"content":{"rendered":"<p>&nbsp;<\/p>\n<table>\n<tbody>\n<tr>\n<td>\n<h1>4.9.2025<\/h1>\n<\/td>\n<td><strong><a href=\"https:\/\/www.abo.fi\/evenemang\/inskription-abo-2024-2025\/\">Inskription<\/a><\/strong><\/td>\n<td>\u00c5bo domkyrka och Solennitetssalen<\/td>\n<\/tr>\n<\/tbody>\n<\/table>\n<h1>L\u00e4s\u00e5rsinfo<\/h1>\n<table>\n<tbody>\n<tr>\n<td width=\"95\">1.9.2025 14:00-15:15<\/td>\n<td width=\"387\">Infotillf\u00e4lle f\u00f6r logopedistuderande<\/td>\n<td width=\"119\">Aud. M128 Saussure, Arken<\/td>\n<\/tr>\n<\/tbody>\n<\/table>\n","protected":false},"excerpt":{"rendered":"<p>&nbsp; 4.9.2025 Inskription \u00c5bo domkyrka och Solennitetssalen L\u00e4s\u00e5rsinfo 1.9.2025 14:00-15:15 Infotillf\u00e4lle f\u00f6r logopedistuderande Aud. M128 Saussure, Arken<\/p>\n","protected":false},"author":482,"featured_media":0,"parent":0,"menu_order":0,"comment_status":"closed","ping_status":"closed","template":"","meta":{"footnotes":""},"class_list":["post-74","page","type-page","status-publish","hentry"],"_links":{"self":[{"href":"https:\/\/blogs2.abo.fi\/studieorientering-fhpt\/wp-json\/wp\/v2\/pages\/74","targetHints":{"allow":["GET"]}}],"collection":[{"href":"https:\/\/blogs2.abo.fi\/studieorientering-fhpt\/wp-json\/wp\/v2\/pages"}],"about":[{"href":"https:\/\/blogs2.abo.fi\/studieorientering-fhpt\/wp-json\/wp\/v2\/types\/page"}],"author":[{"embeddable":true,"href":"https:\/\/blogs2.abo.fi\/studieorientering-fhpt\/wp-json\/wp\/v2\/users\/482"}],"replies":[{"embeddable":true,"href":"https:\/\/blogs2.abo.fi\/studieorientering-fhpt\/wp-json\/wp\/v2\/comments?post=74"}],"version-history":[{"count":39,"href":"https:\/\/blogs2.abo.fi\/studieorientering-fhpt\/wp-json\/wp\/v2\/pages\/74\/revisions"}],"predecessor-version":[{"id":1769,"href":"https:\/\/blogs2.abo.fi\/studieorientering-fhpt\/wp-json\/wp\/v2\/pages\/74\/revisions\/1769"}],"wp:attachment":[{"href":"https:\/\/blogs2.abo.fi\/studieorientering-fhpt\/wp-json\/wp\/v2\/media?parent=74"}],"curies":[{"name":"wp","href":"https:\/\/api.w.org\/{rel}","templated":true}]}}