{"id":22,"date":"2021-08-16T08:35:50","date_gmt":"2021-08-16T08:35:50","guid":{"rendered":"https:\/\/blogs2.abo.fi\/studieorientering-fhpt\/?page_id=22"},"modified":"2025-08-25T08:06:35","modified_gmt":"2025-08-25T08:06:35","slug":"valkommen","status":"publish","type":"page","link":"https:\/\/blogs2.abo.fi\/studieorientering-fhpt\/","title":{"rendered":"V\u00e4lkommen till Institutionen f\u00f6r humanvetenskap vid \u00c5bo Akademi!"},"content":{"rendered":"<p style=\"text-align: justify\">Studierna inleds med studieorientering <strong>vecka 35, den 25 till 29 augusti 2025<\/strong>.\u00a0<strong>Orienteringen b\u00f6rjar med samling klockan 10.00 m\u00e5ndagen den 25 augusti i auditorium Armfelt i Arken p\u00e5 Fabriksgatan 2 (<a href=\"https:\/\/www.abo.fi\/wp-content\/uploads\/2018\/09\/Arkenkarta.pdf\">h\u00e4r <\/a>hittar du en karta med alla f\u00f6rel\u00e4sningssalar i Arken).<br \/>\n<\/strong><\/p>\n<p style=\"text-align: justify\">P\u00e5 den h\u00e4r bloggen hittar du schemat som just ditt utbildningsprogram f\u00f6ljer under varje dag av orienteringsveckan. Under utbildningsprogrammets namn hittar du varje dags program och du hittar ocks\u00e5 viktig information inf\u00f6r resten av h\u00f6sten under rubriken \u201dViktig info\u201d. Under rubriken &#8221;Material&#8221; hittar en l\u00e4nk till intrasidan &#8221;Gulis vid humanvetenskaperna&#8221; d\u00e4r orienteringsveckans f\u00f6rel\u00e4sningar upp.<\/p>\n","protected":false},"excerpt":{"rendered":"<p>Studierna inleds med studieorientering vecka 35, den 25 till 29 augusti 2025.\u00a0Orienteringen b\u00f6rjar med samling klockan 10.00 m\u00e5ndagen den 25 augusti i auditorium Armfelt i Arken p\u00e5 Fabriksgatan 2 (h\u00e4r hittar du en karta med alla f\u00f6rel\u00e4sningssalar i Arken). P\u00e5 &hellip; <a href=\"https:\/\/blogs2.abo.fi\/studieorientering-fhpt\/\">Forts\u00e4tt l\u00e4sa <span class=\"meta-nav\">&rarr;<\/span><\/a><\/p>\n","protected":false},"author":482,"featured_media":0,"parent":0,"menu_order":0,"comment_status":"closed","ping_status":"closed","template":"","meta":{"footnotes":""},"class_list":["post-22","page","type-page","status-publish","hentry"],"_links":{"self":[{"href":"https:\/\/blogs2.abo.fi\/studieorientering-fhpt\/wp-json\/wp\/v2\/pages\/22","targetHints":{"allow":["GET"]}}],"collection":[{"href":"https:\/\/blogs2.abo.fi\/studieorientering-fhpt\/wp-json\/wp\/v2\/pages"}],"about":[{"href":"https:\/\/blogs2.abo.fi\/studieorientering-fhpt\/wp-json\/wp\/v2\/types\/page"}],"author":[{"embeddable":true,"href":"https:\/\/blogs2.abo.fi\/studieorientering-fhpt\/wp-json\/wp\/v2\/users\/482"}],"replies":[{"embeddable":true,"href":"https:\/\/blogs2.abo.fi\/studieorientering-fhpt\/wp-json\/wp\/v2\/comments?post=22"}],"version-history":[{"count":27,"href":"https:\/\/blogs2.abo.fi\/studieorientering-fhpt\/wp-json\/wp\/v2\/pages\/22\/revisions"}],"predecessor-version":[{"id":1780,"href":"https:\/\/blogs2.abo.fi\/studieorientering-fhpt\/wp-json\/wp\/v2\/pages\/22\/revisions\/1780"}],"wp:attachment":[{"href":"https:\/\/blogs2.abo.fi\/studieorientering-fhpt\/wp-json\/wp\/v2\/media?parent=22"}],"curies":[{"name":"wp","href":"https:\/\/api.w.org\/{rel}","templated":true}]}}