{"id":121,"date":"2021-08-16T09:21:05","date_gmt":"2021-08-16T09:21:05","guid":{"rendered":"https:\/\/blogs2.abo.fi\/studieorientering-fhpt\/?page_id=121"},"modified":"2025-08-25T11:25:36","modified_gmt":"2025-08-25T11:25:36","slug":"fredagteologi","status":"publish","type":"page","link":"https:\/\/blogs2.abo.fi\/studieorientering-fhpt\/fredagteologi\/","title":{"rendered":"Fredag"},"content":{"rendered":"\n<p><strong>PLATS: Auditorium Armfelt A102, Arken, Fabriksgatan 4<br><\/strong><br><strong>Tillg\u00e4nglighet:<\/strong> huvuding\u00e5ngen har automatiserad d\u00f6rr men inte auditoriet, till\u00e4ggsramper beh\u00f6vs f\u00f6r vissa rullstolar, tillg\u00e4nglig och k\u00f6nsneutral toalett<\/p>\n\n\n\n<p><strong>Kontakt g\u00e4llande tillg\u00e4nglighet:<\/strong><br>Koordinator f\u00f6r studiesociala \u00e4renden: petra.lindblad@abo.fi<br>Fastighetsservice: faseabo@abo.fi<\/p>\n\n\n<table style=\"font-size: 15px;height: 344px\" width=\"618\">\n<tbody>\n<tr>\n<td width=\"104\">9:00-9:20<\/td>\n<td width=\"378\"><strong>Obligatoriska och valfria spr\u00e5kkurser vid \u00c5A<\/strong><\/td>\n<td width=\"119\">\u00a0<\/td>\n<\/tr>\n<tr>\n<td width=\"104\">9:30-10:15<\/td>\n<td style=\"text-align: left\" width=\"378\"><strong>ICT-service och \u00c5bo Akademis digitala milj\u00f6er<\/strong><\/td>\n<td width=\"119\">\u00a0<\/td>\n<\/tr>\n<tr>\n<td width=\"104\">10:15-10:35<\/td>\n<td style=\"text-align: center\" width=\"378\"><strong>Paus<\/strong><\/td>\n<td width=\"119\">\u00a0<\/td>\n<\/tr>\n<tr>\n<td width=\"104\">10:35-10:55<\/td>\n<td width=\"378\"><strong>Finansiera dina studier och stipendier<\/strong><\/td>\n<td width=\"119\">\u00a0<\/td>\n<\/tr>\n<tr>\n<td width=\"104\">\u00a0<\/td>\n<td style=\"text-align: center\" width=\"378\"><strong>Lunch<br \/><\/strong><\/td>\n<td width=\"119\">\u00a0<\/td>\n<\/tr>\n<tr>\n<td width=\"104\">Eftermiddag<\/td>\n<td width=\"378\"><strong>Bes\u00f6k p\u00e5 <a href=\"_wp_link_placeholder\" data-wplink-edit=\"true\">Study in Turku-m\u00e4ssan<\/a><\/strong> p\u00e5 ICT-city och EDU-city, Joukahainengatan 3, m\u00e4ssan \u00e4r \u00f6ppen till 15.00<\/td>\n<td width=\"119\">\u00a0<\/td>\n<\/tr>\n<\/tbody>\n<\/table>","protected":false},"excerpt":{"rendered":"<p>PLATS: Auditorium Armfelt A102, Arken, Fabriksgatan 4Tillg\u00e4nglighet: huvuding\u00e5ngen har automatiserad d\u00f6rr men inte auditoriet, till\u00e4ggsramper beh\u00f6vs f\u00f6r vissa rullstolar, tillg\u00e4nglig och k\u00f6nsneutral toalett Kontakt g\u00e4llande tillg\u00e4nglighet:Koordinator f\u00f6r studiesociala \u00e4renden: petra.lindblad@abo.fiFastighetsservice: faseabo@abo.fi 9:00-9:20 Obligatoriska och valfria spr\u00e5kkurser vid \u00c5A \u00a0 9:30-10:15 &hellip; <a href=\"https:\/\/blogs2.abo.fi\/studieorientering-fhpt\/fredagteologi\/\">Forts\u00e4tt l\u00e4sa <span class=\"meta-nav\">&rarr;<\/span><\/a><\/p>\n","protected":false},"author":482,"featured_media":0,"parent":0,"menu_order":0,"comment_status":"closed","ping_status":"closed","template":"","meta":{"footnotes":""},"class_list":["post-121","page","type-page","status-publish","hentry"],"_links":{"self":[{"href":"https:\/\/blogs2.abo.fi\/studieorientering-fhpt\/wp-json\/wp\/v2\/pages\/121","targetHints":{"allow":["GET"]}}],"collection":[{"href":"https:\/\/blogs2.abo.fi\/studieorientering-fhpt\/wp-json\/wp\/v2\/pages"}],"about":[{"href":"https:\/\/blogs2.abo.fi\/studieorientering-fhpt\/wp-json\/wp\/v2\/types\/page"}],"author":[{"embeddable":true,"href":"https:\/\/blogs2.abo.fi\/studieorientering-fhpt\/wp-json\/wp\/v2\/users\/482"}],"replies":[{"embeddable":true,"href":"https:\/\/blogs2.abo.fi\/studieorientering-fhpt\/wp-json\/wp\/v2\/comments?post=121"}],"version-history":[{"count":23,"href":"https:\/\/blogs2.abo.fi\/studieorientering-fhpt\/wp-json\/wp\/v2\/pages\/121\/revisions"}],"predecessor-version":[{"id":1795,"href":"https:\/\/blogs2.abo.fi\/studieorientering-fhpt\/wp-json\/wp\/v2\/pages\/121\/revisions\/1795"}],"wp:attachment":[{"href":"https:\/\/blogs2.abo.fi\/studieorientering-fhpt\/wp-json\/wp\/v2\/media?parent=121"}],"curies":[{"name":"wp","href":"https:\/\/api.w.org\/{rel}","templated":true}]}}