{"id":79,"date":"2020-01-06T13:11:23","date_gmt":"2020-01-06T13:11:23","guid":{"rendered":"http:\/\/blogs2.abo.fi\/studieinformation\/?page_id=79"},"modified":"2022-11-10T10:11:22","modified_gmt":"2022-11-10T10:11:22","slug":"avslutningsvis-engelska","status":"publish","type":"page","link":"https:\/\/blogs2.abo.fi\/studieinformation\/avslutningsvis-engelska\/","title":{"rendered":"Avslutningsvis"},"content":{"rendered":"<p><a href=\"http:\/\/blogs2.abo.fi\/studieinformation\/arbetslivet-engelska\/\"><img loading=\"lazy\" decoding=\"async\" class=\"alignnone wp-image-264\" src=\"http:\/\/blogs2.abo.fi\/studieinformation\/wp-content\/uploads\/sites\/145\/2020\/01\/aiga_left_arrow-300x251.jpg\" alt=\"\" width=\"33\" height=\"28\" \/><\/a><\/p>\n<p>Du har redan f\u00e5tt en hel del information, men innan du l\u00e4mnar SIV s\u00e5 vill vi \u00e4nnu lyfta fram ett par viktiga punkter.\u00a0<span lang=\"SV\">Studiepsykologen ber\u00e4ttar vad det l\u00f6nar sig att t\u00e4nka p\u00e5 rent konkret d\u00e5 du v\u00e4ljer vad du vill studera.<\/span><\/p>\n<p style=\"text-align: center\">\n<!-- iframe plugin v.6.0 wordpress.org\/plugins\/iframe\/ -->\n<iframe loading=\"lazy\" src=\"https:\/\/panopto.abo.fi\/Panopto\/Pages\/Embed.aspx?id=c33bdf6e-43af-48c9-a94d-af0700e8aafb&#038;autoplay=false&#038;offerviewer=false&#038;showtitle=false&#038;showbrand=false&#038;captions=false&#038;interactivity=none\" height=\"405\" width=\"720\" style=\"border: 0px solid #464646;\" 0=\"allowfullscreen\" 1=\"allow=&quot;autoplay&quot;&gt;\" scrolling=\"yes\" class=\"iframe-class\" frameborder=\"0\"><\/iframe>\n<\/p>\n<p><em>Varf\u00f6r just spr\u00e5k?<br \/>\n<\/em>Det finns m\u00e5nga goda sk\u00e4l till att studera ett spr\u00e5k. Ta reda p\u00e5 varf\u00f6r det l\u00f6nar sig att bli spr\u00e5kexpert!<\/p>\n<p style=\"text-align: center\">\n<!-- iframe plugin v.6.0 wordpress.org\/plugins\/iframe\/ -->\n<iframe loading=\"lazy\" src=\"https:\/\/panopto.abo.fi\/Panopto\/Pages\/Embed.aspx?id=18635113-ffd1-43b0-857c-af480096e1f5&#038;autoplay=false&#038;offerviewer=false&#038;showtitle=false&#038;showbrand=false&#038;captions=false&#038;interactivity=none\" height=\"405\" width=\"720\" style=\"border: 0px solid #464646;\" 0=\"allowfullscreen\" 1=\"allow=&quot;autoplay&quot;&gt;\" scrolling=\"yes\" class=\"iframe-class\" frameborder=\"0\"><\/iframe>\n<\/p>\n<p style=\"text-align: center\">\n<!-- iframe plugin v.6.0 wordpress.org\/plugins\/iframe\/ -->\n<iframe loading=\"lazy\" src=\"https:\/\/panopto.abo.fi\/Panopto\/Pages\/Embed.aspx?id=b1ef3568-5b14-489f-899a-af480096c03f&#038;autoplay=false&#038;offerviewer=false&#038;showtitle=false&#038;showbrand=false&#038;captions=false&#038;interactivity=none\" height=\"405\" width=\"720\" style=\"border: 0px solid #464646;\" 0=\"allowfullscreen\" 1=\"allow=&quot;autoplay&quot;&gt;\" scrolling=\"yes\" class=\"iframe-class\" frameborder=\"0\"><\/iframe>\n<\/p>\n<p style=\"text-align: center\">\n<!-- iframe plugin v.6.0 wordpress.org\/plugins\/iframe\/ -->\n<iframe loading=\"lazy\" src=\"https:\/\/panopto.abo.fi\/Panopto\/Pages\/Embed.aspx?id=556f862b-1c36-4dbf-b048-af1700977a9c&#038;autoplay=false&#038;offerviewer=false&#038;showtitle=false&#038;showbrand=false&#038;captions=false&#038;interactivity=none\" height=\"405\" width=\"720\" style=\"border: 0px solid #464646;\" 0=\"allowfullscreen\" 1=\"allow=&quot;autoplay&quot;&gt;\" scrolling=\"yes\" class=\"iframe-class\" frameborder=\"0\"><\/iframe>\n<\/p>\n<p style=\"text-align: center\">\n<!-- iframe plugin v.6.0 wordpress.org\/plugins\/iframe\/ -->\n<iframe loading=\"lazy\" src=\"https:\/\/panopto.abo.fi\/Panopto\/Pages\/Embed.aspx?id=1013ba0e-2f02-4069-a55a-af1700d284cc&#038;autoplay=false&#038;offerviewer=false&#038;showtitle=false&#038;showbrand=false&#038;captions=false&#038;interactivity=none\" height=\"405\" width=\"720\" style=\"border: 0px solid #464646;\" 0=\"allowfullscreen\" 1=\"allow=&quot;autoplay&quot;&gt;\" scrolling=\"yes\" class=\"iframe-class\" frameborder=\"0\"><\/iframe>\n<\/p>\n<p style=\"text-align: center\">\n<!-- iframe plugin v.6.0 wordpress.org\/plugins\/iframe\/ -->\n<iframe loading=\"lazy\" src=\"https:\/\/panopto.abo.fi\/Panopto\/Pages\/Embed.aspx?id=cba1c8a1-3292-4fd6-b692-af0f00d6479e&#038;autoplay=false&#038;offerviewer=false&#038;showtitle=false&#038;showbrand=false&#038;captions=false&#038;interactivity=none\" height=\"405\" width=\"720\" style=\"border: 0px solid #464646;\" 0=\"allowfullscreen\" 1=\"allow=&quot;autoplay&quot;&gt;\" scrolling=\"yes\" class=\"iframe-class\" frameborder=\"0\"><\/iframe>\n<\/p>\n<p><em>Studiehacks<br \/>\n<\/em>N\u00e4r du b\u00f6rjar studera vid \u00c5A inleder du ett helt nytt kapitel i ditt liv. D\u00e5 kan det inte skada med ett par goda tips. M\u00e5nga ber\u00f6r ett specifikt \u00e4mne, men eftersom studierna i de olika spr\u00e5ken till viss del liknar varandra s\u00e5 kan det vara bra att ta en titt p\u00e5 allihopa.<\/p>\n<p style=\"text-align: center\">\n<!-- iframe plugin v.6.0 wordpress.org\/plugins\/iframe\/ -->\n<iframe loading=\"lazy\" src=\"https:\/\/panopto.abo.fi\/Panopto\/Pages\/Embed.aspx?id=42e147cb-d57e-48ac-828b-af0f00d6479e&#038;autoplay=false&#038;offerviewer=false&#038;showtitle=false&#038;showbrand=false&#038;captions=false&#038;interactivity=none\" height=\"405\" width=\"720\" style=\"border: 0px solid #464646;\" 0=\"allowfullscreen\" 1=\"allow=&quot;autoplay&quot;&gt;\" scrolling=\"yes\" class=\"iframe-class\" frameborder=\"0\"><\/iframe>\n<\/p>\n<p style=\"text-align: center\">\n<!-- iframe plugin v.6.0 wordpress.org\/plugins\/iframe\/ -->\n<iframe loading=\"lazy\" src=\"https:\/\/panopto.abo.fi\/Panopto\/Pages\/Embed.aspx?id=12fd3572-8a45-48e1-a6cb-af1700c2dd2d&#038;autoplay=false&#038;offerviewer=false&#038;showtitle=false&#038;showbrand=false&#038;captions=false&#038;interactivity=none\" height=\"405\" width=\"720\" style=\"border: 0px solid #464646;\" 0=\"allowfullscreen\" 1=\"allow=&quot;autoplay&quot;&gt;\" scrolling=\"yes\" class=\"iframe-class\" frameborder=\"0\"><\/iframe>\n<\/p>\n<p style=\"text-align: center\">\n<!-- iframe plugin v.6.0 wordpress.org\/plugins\/iframe\/ -->\n<iframe loading=\"lazy\" src=\"https:\/\/panopto.abo.fi\/Panopto\/Pages\/Embed.aspx?id=9791a804-4bb0-4618-985e-af0800b94934&#038;autoplay=false&#038;offerviewer=false&#038;showtitle=false&#038;showbrand=false&#038;captions=false&#038;interactivity=none\" height=\"405\" width=\"720\" style=\"border: 0px solid #464646;\" 0=\"allowfullscreen\" 1=\"allow=&quot;autoplay&quot;&gt;\" scrolling=\"yes\" class=\"iframe-class\" frameborder=\"0\"><\/iframe>\n<\/p>\n<p><em><span lang=\"SV\">Hur blir det om du valde fel?<br \/>\n<\/span><\/em>Oroa dig inte, studiepsykologen ber\u00e4ttar vad du kan g\u00f6ra ifall du m\u00e4rker att det du b\u00f6rjade studera inte \u00e4r f\u00f6r dig \u2013 och varf\u00f6r det inte \u00e4r v\u00e4rldens underg\u00e5ng!<\/p>\n<p style=\"text-align: center\"><span lang=\"SV\">\n<!-- iframe plugin v.6.0 wordpress.org\/plugins\/iframe\/ -->\n<iframe loading=\"lazy\" src=\"https:\/\/panopto.abo.fi\/Panopto\/Pages\/Embed.aspx?id=443a82ba-3c13-4df9-a453-af0700e8ab00&#038;autoplay=false&#038;offerviewer=false&#038;showtitle=false&#038;showbrand=false&#038;captions=false&#038;interactivity=none\" height=\"405\" width=\"720\" style=\"border: 0px solid #464646;\" 0=\"allowfullscreen\" 1=\"allow=&quot;autoplay&quot;&gt;\" scrolling=\"yes\" class=\"iframe-class\" frameborder=\"0\"><\/iframe>\n<\/span><\/p>\n<p><a href=\"http:\/\/blogs2.abo.fi\/studieinformation\/arbetslivet-engelska\/\"><img loading=\"lazy\" decoding=\"async\" class=\"alignnone wp-image-264\" src=\"http:\/\/blogs2.abo.fi\/studieinformation\/wp-content\/uploads\/sites\/145\/2020\/01\/aiga_left_arrow-300x251.jpg\" alt=\"\" width=\"33\" height=\"28\" \/><\/a><\/p>\n","protected":false},"excerpt":{"rendered":"<p>Du har redan f\u00e5tt en hel del information, men innan du l\u00e4mnar SIV s\u00e5 vill vi \u00e4nnu lyfta fram ett par viktiga punkter.\u00a0Studiepsykologen ber\u00e4ttar vad det l\u00f6nar sig att t\u00e4nka p\u00e5 rent konkret d\u00e5 du v\u00e4ljer vad du vill studera. Varf\u00f6r just spr\u00e5k? Det finns m\u00e5nga goda sk\u00e4l till att studera ett spr\u00e5k. Ta reda &hellip; <a href=\"https:\/\/blogs2.abo.fi\/studieinformation\/avslutningsvis-engelska\/\" class=\"more-link\">Forts\u00e4tt l\u00e4sa<span class=\"screen-reader-text\"> \u201dAvslutningsvis\u201d<\/span><\/a><\/p>\n","protected":false},"author":482,"featured_media":0,"parent":0,"menu_order":0,"comment_status":"closed","ping_status":"closed","template":"","meta":{"footnotes":""},"class_list":["post-79","page","type-page","status-publish","hentry"],"_links":{"self":[{"href":"https:\/\/blogs2.abo.fi\/studieinformation\/wp-json\/wp\/v2\/pages\/79","targetHints":{"allow":["GET"]}}],"collection":[{"href":"https:\/\/blogs2.abo.fi\/studieinformation\/wp-json\/wp\/v2\/pages"}],"about":[{"href":"https:\/\/blogs2.abo.fi\/studieinformation\/wp-json\/wp\/v2\/types\/page"}],"author":[{"embeddable":true,"href":"https:\/\/blogs2.abo.fi\/studieinformation\/wp-json\/wp\/v2\/users\/482"}],"replies":[{"embeddable":true,"href":"https:\/\/blogs2.abo.fi\/studieinformation\/wp-json\/wp\/v2\/comments?post=79"}],"version-history":[{"count":20,"href":"https:\/\/blogs2.abo.fi\/studieinformation\/wp-json\/wp\/v2\/pages\/79\/revisions"}],"predecessor-version":[{"id":747,"href":"https:\/\/blogs2.abo.fi\/studieinformation\/wp-json\/wp\/v2\/pages\/79\/revisions\/747"}],"wp:attachment":[{"href":"https:\/\/blogs2.abo.fi\/studieinformation\/wp-json\/wp\/v2\/media?parent=79"}],"curies":[{"name":"wp","href":"https:\/\/api.w.org\/{rel}","templated":true}]}}