{"id":15,"date":"2018-02-02T15:04:59","date_gmt":"2018-02-02T13:04:59","guid":{"rendered":"http:\/\/blogs2.abo.fi\/stipendier\/?page_id=15"},"modified":"2019-02-07T14:37:46","modified_gmt":"2019-02-07T12:37:46","slug":"hem","status":"publish","type":"page","link":"https:\/\/blogs2.abo.fi\/stipendier\/","title":{"rendered":"Stipendier vid \u00c5bo Akademi"},"content":{"rendered":"<p><a href=\"http:\/\/www.stiftelsenabo.fi\/\" target=\"_blank\" rel=\"noopener\"><img loading=\"lazy\" decoding=\"async\" class=\"alignleft wp-image-44\" src=\"http:\/\/blogs2.abo.fi\/stipendier\/wp-content\/uploads\/sites\/82\/2018\/02\/S\u00c5A-logo-med-text-300x241.jpg\" alt=\"\" width=\"171\" height=\"139\" \/><\/a>Stiftelsen f\u00f6r \u00c5bo Akademi f\u00f6rvaltar fonder vars stipendier kan s\u00f6kas via \u00c5bo Akademi. P\u00e5 dessa sidor ledigf\u00f6rklaras de stipendier som \u00e4r \u00f6ppna att s\u00f6kas av personer som inte har direkt \u00c5A-anknytning, men i \u00f6vrigt uppfyller de krav som fonden stipulerat. Stipendier utdelas fr\u00e5n f\u00f6ljande fonder (l\u00e4nkar i menyn ovan):<\/p>\n<ul>\n<li>Eugen Schaumans fond<a href=\"http:\/\/www.abo.fi\" target=\"_blank\" rel=\"noopener\"><img loading=\"lazy\" decoding=\"async\" class=\"alignright wp-image-46\" src=\"http:\/\/blogs2.abo.fi\/stipendier\/wp-content\/uploads\/sites\/82\/2018\/02\/AA_logo_sv-288x300.jpg\" alt=\"\" width=\"137\" height=\"143\" srcset=\"https:\/\/blogs2.abo.fi\/stipendier\/wp-content\/uploads\/sites\/82\/2018\/02\/AA_logo_sv-288x300.jpg 288w, https:\/\/blogs2.abo.fi\/stipendier\/wp-content\/uploads\/sites\/82\/2018\/02\/AA_logo_sv-768x800.jpg 768w, https:\/\/blogs2.abo.fi\/stipendier\/wp-content\/uploads\/sites\/82\/2018\/02\/AA_logo_sv.jpg 782w\" sizes=\"auto, (max-width: 137px) 100vw, 137px\" \/><\/a><\/li>\n<li>Weikko Wilhelm Peltonens fond<\/li>\n<li>Med.lic. Bror August Henricssons stipendiefond<\/li>\n<\/ul>\n","protected":false},"excerpt":{"rendered":"<p>Stiftelsen f\u00f6r \u00c5bo Akademi f\u00f6rvaltar fonder vars stipendier kan s\u00f6kas via \u00c5bo Akademi. P\u00e5 dessa sidor ledigf\u00f6rklaras de stipendier som \u00e4r \u00f6ppna att s\u00f6kas av personer som inte har direkt \u00c5A-anknytning, men i \u00f6vrigt uppfyller de krav som fonden stipulerat. &hellip; <a href=\"https:\/\/blogs2.abo.fi\/stipendier\/\">Forts\u00e4tt l\u00e4sa <span class=\"meta-nav\">&rarr;<\/span><\/a><\/p>\n","protected":false},"author":392,"featured_media":0,"parent":0,"menu_order":0,"comment_status":"closed","ping_status":"closed","template":"","meta":{"footnotes":""},"class_list":["post-15","page","type-page","status-publish","hentry"],"_links":{"self":[{"href":"https:\/\/blogs2.abo.fi\/stipendier\/wp-json\/wp\/v2\/pages\/15","targetHints":{"allow":["GET"]}}],"collection":[{"href":"https:\/\/blogs2.abo.fi\/stipendier\/wp-json\/wp\/v2\/pages"}],"about":[{"href":"https:\/\/blogs2.abo.fi\/stipendier\/wp-json\/wp\/v2\/types\/page"}],"author":[{"embeddable":true,"href":"https:\/\/blogs2.abo.fi\/stipendier\/wp-json\/wp\/v2\/users\/392"}],"replies":[{"embeddable":true,"href":"https:\/\/blogs2.abo.fi\/stipendier\/wp-json\/wp\/v2\/comments?post=15"}],"version-history":[{"count":14,"href":"https:\/\/blogs2.abo.fi\/stipendier\/wp-json\/wp\/v2\/pages\/15\/revisions"}],"predecessor-version":[{"id":66,"href":"https:\/\/blogs2.abo.fi\/stipendier\/wp-json\/wp\/v2\/pages\/15\/revisions\/66"}],"wp:attachment":[{"href":"https:\/\/blogs2.abo.fi\/stipendier\/wp-json\/wp\/v2\/media?parent=15"}],"curies":[{"name":"wp","href":"https:\/\/api.w.org\/{rel}","templated":true}]}}