{"id":370,"date":"2021-04-09T08:28:11","date_gmt":"2021-04-09T08:28:11","guid":{"rendered":"http:\/\/blogs2.abo.fi\/statsvetardagarna2021\/?page_id=370"},"modified":"2021-04-09T08:50:44","modified_gmt":"2021-04-09T08:50:44","slug":"anmalningen","status":"publish","type":"page","link":"https:\/\/blogs2.abo.fi\/statsvetardagarna2021\/anmalningen\/","title":{"rendered":"Anm\u00e4lningen"},"content":{"rendered":"<p><a href=\"https:\/\/crm.abo.fi\/Events\/984\/Apply\">Registrera dig f\u00f6r Statsvetardagarna 2021. <\/a>\u00a0Deadlinen f\u00f6r anm\u00e4lningarna \u00e4r 2.5.2021.<\/p>\n<div>\n<p><span data-contrast=\"auto\">Deltagande<\/span><span data-contrast=\"auto\">\u00a0<\/span><span data-contrast=\"auto\">i<\/span><span data-contrast=\"auto\">\u00a0<\/span><span data-contrast=\"auto\">Statsvetardagarna<\/span><span data-contrast=\"auto\">\u00a0<\/span><span data-contrast=\"auto\">\u00e4r<\/span><span data-contrast=\"auto\">\u00a0gratis\u00a0f\u00f6r:<\/span><span data-ccp-props=\"{&quot;201341983&quot;:0,&quot;335559739&quot;:160,&quot;335559740&quot;:259}\">\u00a0<\/span><\/p>\n<ul>\n<li data-leveltext=\"-\" data-font=\"Calibri\" data-listid=\"2\" data-aria-posinset=\"1\" data-aria-level=\"1\"><span data-contrast=\"auto\">Statsvetenskapliga f\u00f6reningens medlemmar\u00a0<\/span><span data-ccp-props=\"{&quot;134233279&quot;:true,&quot;201341983&quot;:0,&quot;335559739&quot;:160,&quot;335559740&quot;:259}\"> (medlemsavgiften m\u00e5ste vara betalt senast 2.5.)<\/span><\/li>\n<li data-leveltext=\"-\" data-font=\"Calibri\" data-listid=\"2\" data-aria-posinset=\"2\" data-aria-level=\"1\"><span data-contrast=\"auto\">Arbetsgruppsledare<\/span><span data-ccp-props=\"{&quot;134233279&quot;:true,&quot;201341983&quot;:0,&quot;335559739&quot;:160,&quot;335559740&quot;:259}\">\u00a0<\/span><\/li>\n<li data-leveltext=\"-\" data-font=\"Calibri\" data-listid=\"2\" data-aria-posinset=\"3\" data-aria-level=\"1\"><span data-contrast=\"auto\">kandidat-\u00a0<\/span><span data-contrast=\"auto\">och<\/span><span data-contrast=\"auto\">\u00a0<\/span><span data-contrast=\"auto\">magisterstudenter<\/span><span data-ccp-props=\"{&quot;134233279&quot;:true,&quot;201341983&quot;:0,&quot;335559739&quot;:160,&quot;335559740&quot;:259}\">\u00a0<\/span><\/li>\n<li data-leveltext=\"-\" data-font=\"Calibri\" data-listid=\"2\" data-aria-posinset=\"4\" data-aria-level=\"1\"><span data-contrast=\"auto\">Nordiska administrativa f\u00f6rbundets finska avdelningens medlemmar<\/span><span data-ccp-props=\"{&quot;134233279&quot;:true,&quot;201341983&quot;:0,&quot;335559739&quot;:160,&quot;335559740&quot;:259}\">\u00a0<\/span><\/li>\n<\/ul>\n<p><span data-contrast=\"auto\">I andra<\/span><span data-contrast=\"auto\">\u00a0fall,\u00a0deltagaravgifterna\u00a0\u00e4r\u00a0f\u00f6ljande:\u00a0<\/span><span data-ccp-props=\"{&quot;201341983&quot;:0,&quot;335559739&quot;:160,&quot;335559740&quot;:259}\">\u00a0<\/span><\/p>\n<p><span data-contrast=\"auto\">Allm\u00e4n<\/span><span data-contrast=\"auto\">\u00a0<\/span><span data-contrast=\"auto\">deltagaravgift<\/span><span data-contrast=\"auto\">\u00a0100 euro<\/span><span data-ccp-props=\"{&quot;201341983&quot;:0,&quot;335559739&quot;:160,&quot;335559740&quot;:259}\"><br \/>\n<\/span><span data-contrast=\"auto\">Deltagaravgift<\/span><span data-contrast=\"auto\">\u00a0<\/span><span data-contrast=\"auto\">f\u00f6r<\/span><span data-contrast=\"auto\">\u00a0doktorander\u00a080 euro<\/span><span data-ccp-props=\"{&quot;201341983&quot;:0,&quot;335559739&quot;:160,&quot;335559740&quot;:259}\">\u00a0<\/span><\/p>\n<\/div>\n<div>\n<p>Deltagaravgifterna betalas in p\u00e5 FI62 4730 0010 5451 83 (Obs! Nytt kontonummer).<br \/>\n<span style=\"font-size: 1rem\">Mottagare: Valtiotieteellinen yhdistys ry<br \/>\n<\/span>Referens: 52621<\/p>\n<p>Registreringen \u00e4r bindande och \u00e5terbetalas inte.<\/p>\n<\/div>\n","protected":false},"excerpt":{"rendered":"<p>Registrera dig f\u00f6r Statsvetardagarna 2021. \u00a0Deadlinen f\u00f6r anm\u00e4lningarna \u00e4r 2.5.2021. Deltagande\u00a0i\u00a0Statsvetardagarna\u00a0\u00e4r\u00a0gratis\u00a0f\u00f6r:\u00a0 Statsvetenskapliga f\u00f6reningens medlemmar\u00a0 (medlemsavgiften m\u00e5ste vara betalt senast 2.5.) Arbetsgruppsledare\u00a0 kandidat-\u00a0och\u00a0magisterstudenter\u00a0 Nordiska administrativa f\u00f6rbundets finska avdelningens medlemmar\u00a0 I andra\u00a0fall,\u00a0deltagaravgifterna\u00a0\u00e4r\u00a0f\u00f6ljande:\u00a0\u00a0 Allm\u00e4n\u00a0deltagaravgift\u00a0100 euro Deltagaravgift\u00a0f\u00f6r\u00a0doktorander\u00a080 euro\u00a0 Deltagaravgifterna betalas in p\u00e5 FI62 4730 0010 5451 83 (Obs! Nytt kontonummer). Mottagare: Valtiotieteellinen yhdistys ry Referens: 52621 Registreringen \u00e4r bindande &hellip; <\/p>\n<p class=\"link-more\"><a href=\"https:\/\/blogs2.abo.fi\/statsvetardagarna2021\/anmalningen\/\" class=\"more-link\">Forts\u00e4tt l\u00e4sa<span class=\"screen-reader-text\"> \u201dAnm\u00e4lningen\u201d<\/span><\/a><\/p>\n","protected":false},"author":573,"featured_media":0,"parent":0,"menu_order":0,"comment_status":"closed","ping_status":"closed","template":"","meta":{"footnotes":""},"class_list":["post-370","page","type-page","status-publish","hentry"],"_links":{"self":[{"href":"https:\/\/blogs2.abo.fi\/statsvetardagarna2021\/wp-json\/wp\/v2\/pages\/370","targetHints":{"allow":["GET"]}}],"collection":[{"href":"https:\/\/blogs2.abo.fi\/statsvetardagarna2021\/wp-json\/wp\/v2\/pages"}],"about":[{"href":"https:\/\/blogs2.abo.fi\/statsvetardagarna2021\/wp-json\/wp\/v2\/types\/page"}],"author":[{"embeddable":true,"href":"https:\/\/blogs2.abo.fi\/statsvetardagarna2021\/wp-json\/wp\/v2\/users\/573"}],"replies":[{"embeddable":true,"href":"https:\/\/blogs2.abo.fi\/statsvetardagarna2021\/wp-json\/wp\/v2\/comments?post=370"}],"version-history":[{"count":2,"href":"https:\/\/blogs2.abo.fi\/statsvetardagarna2021\/wp-json\/wp\/v2\/pages\/370\/revisions"}],"predecessor-version":[{"id":378,"href":"https:\/\/blogs2.abo.fi\/statsvetardagarna2021\/wp-json\/wp\/v2\/pages\/370\/revisions\/378"}],"wp:attachment":[{"href":"https:\/\/blogs2.abo.fi\/statsvetardagarna2021\/wp-json\/wp\/v2\/media?parent=370"}],"curies":[{"name":"wp","href":"https:\/\/api.w.org\/{rel}","templated":true}]}}