{"id":188,"date":"2021-01-22T10:31:19","date_gmt":"2021-01-22T10:31:19","guid":{"rendered":"http:\/\/blogs2.abo.fi\/statsvetardagarna2021\/?page_id=188"},"modified":"2021-05-06T08:09:38","modified_gmt":"2021-05-06T08:09:38","slug":"ohjelma","status":"publish","type":"page","link":"https:\/\/blogs2.abo.fi\/statsvetardagarna2021\/ohjelma\/","title":{"rendered":"Ohjelma"},"content":{"rendered":"<p><strong>Maanantai 10.5.2021<\/strong><\/p>\n<p>10.00 &#8211; 15.00 <a href=\"https:\/\/blogs2.abo.fi\/statsvetardagarna2021\/monday-may-10th-early-scholars-workshop\/\">Early Scholars\u2019 Workshop<\/a><\/p>\n<p>16.00 &#8211; <a href=\"https:\/\/blogs2.abo.fi\/statsvetardagarna2021\/avajaissanat\/\">Avajaissanat<\/a> ja <a href=\"http:\/\/blogs2.abo.fi\/statsvetardagarna2021\/key-note-the-two-faces-of-trust-aka-the-cautionary-tale-of-little-red-riding-hood-bypippa-norris\/\">Keynote -luento<\/a><\/p>\n<p><strong>Tiistai 11.5.2021<\/strong><\/p>\n<p>9.30 &#8211; 10.30 <a href=\"https:\/\/blogs2.abo.fi\/statsvetardagarna2021\/gradupalkinto-ja-politiikka-lehden-toimituksen-esittely\/\">Politiikka-lehden toimituksen esittely ja gradupalkinto<\/a><\/p>\n<p>11 &#8211; 12.30 <a href=\"https:\/\/vty.fi\/en\/pro-et-contra-goes-public-launch-event-of-new-book-series\/\">Pro et Contra Goes Public &#8211; Launch event of new book series<\/a><\/p>\n<p>14.00 &#8211; 17.00 <a href=\"http:\/\/blogs2.abo.fi\/statsvetardagarna2021\/tyoryhmat-tiistai\/\">Ty\u00f6ryhm\u00e4t<\/a><\/p>\n<p>19.00 <a href=\"https:\/\/blogs2.abo.fi\/statsvetardagarna2021\/statsvetenskapliga-foreningens-kvallsprogram-vtyn-iltaohjelma-fpsa-evening-programme\/\">VTY:n iltaohjelma<\/a><\/p>\n<p><strong>Keskiviikko 12.5.2021<\/strong><\/p>\n<p>9.00 &#8211; 12.00 <a href=\"http:\/\/blogs2.abo.fi\/statsvetardagarna2021\/tyoryhmat-keskiviikko\/\">Ty\u00f6ryhm\u00e4t<\/a><\/p>\n<p>13.00 &#8211; 14.30 <a href=\"http:\/\/blogs2.abo.fi\/statsvetardagarna2021\/beyond-the-politiikasta-fi-liberal-peace-theory-democracy-and-security-in-a-posthumanist-perspective\/\">Politiikasta.fi -paneeli<\/a><\/p>\n<p>&nbsp;<\/p>\n","protected":false},"excerpt":{"rendered":"<p>Maanantai 10.5.2021 10.00 &#8211; 15.00 Early Scholars\u2019 Workshop 16.00 &#8211; Avajaissanat ja Keynote -luento Tiistai 11.5.2021 9.30 &#8211; 10.30 Politiikka-lehden toimituksen esittely ja gradupalkinto 11 &#8211; 12.30 Pro et Contra Goes Public &#8211; Launch event of new book series 14.00 &#8211; 17.00 Ty\u00f6ryhm\u00e4t 19.00 VTY:n iltaohjelma Keskiviikko 12.5.2021 9.00 &#8211; 12.00 Ty\u00f6ryhm\u00e4t 13.00 &#8211; 14.30 &hellip; <\/p>\n<p class=\"link-more\"><a href=\"https:\/\/blogs2.abo.fi\/statsvetardagarna2021\/ohjelma\/\" class=\"more-link\">Forts\u00e4tt l\u00e4sa<span class=\"screen-reader-text\"> \u201dOhjelma\u201d<\/span><\/a><\/p>\n","protected":false},"author":573,"featured_media":0,"parent":0,"menu_order":0,"comment_status":"closed","ping_status":"closed","template":"","meta":{"footnotes":""},"class_list":["post-188","page","type-page","status-publish","hentry"],"_links":{"self":[{"href":"https:\/\/blogs2.abo.fi\/statsvetardagarna2021\/wp-json\/wp\/v2\/pages\/188","targetHints":{"allow":["GET"]}}],"collection":[{"href":"https:\/\/blogs2.abo.fi\/statsvetardagarna2021\/wp-json\/wp\/v2\/pages"}],"about":[{"href":"https:\/\/blogs2.abo.fi\/statsvetardagarna2021\/wp-json\/wp\/v2\/types\/page"}],"author":[{"embeddable":true,"href":"https:\/\/blogs2.abo.fi\/statsvetardagarna2021\/wp-json\/wp\/v2\/users\/573"}],"replies":[{"embeddable":true,"href":"https:\/\/blogs2.abo.fi\/statsvetardagarna2021\/wp-json\/wp\/v2\/comments?post=188"}],"version-history":[{"count":14,"href":"https:\/\/blogs2.abo.fi\/statsvetardagarna2021\/wp-json\/wp\/v2\/pages\/188\/revisions"}],"predecessor-version":[{"id":702,"href":"https:\/\/blogs2.abo.fi\/statsvetardagarna2021\/wp-json\/wp\/v2\/pages\/188\/revisions\/702"}],"wp:attachment":[{"href":"https:\/\/blogs2.abo.fi\/statsvetardagarna2021\/wp-json\/wp\/v2\/media?parent=188"}],"curies":[{"name":"wp","href":"https:\/\/api.w.org\/{rel}","templated":true}]}}