{"id":522,"date":"2021-11-02T10:59:10","date_gmt":"2021-11-02T08:59:10","guid":{"rendered":"https:\/\/blogs2.abo.fi\/sprakresurs\/?page_id=522"},"modified":"2023-06-13T12:26:00","modified_gmt":"2023-06-13T09:26:00","slug":"mofi-banken","status":"publish","type":"page","link":"https:\/\/blogs2.abo.fi\/sprakresurs\/modersmalsinriktad-undervisning\/mofi-banken\/","title":{"rendered":"Mofi-banken"},"content":{"rendered":"<p><span class=\"TextRun SCXW164439711 BCX0\" lang=\"SV-FI\" xml:lang=\"SV-FI\" data-contrast=\"none\"><span class=\"NormalTextRun SCXW164439711 BCX0\">Inom projektet\u00a0<\/span><span class=\"NormalTextRun SpellingErrorV2 SCXW164439711 BCX0\">Mofi<\/span><span class=\"NormalTextRun SCXW164439711 BCX0\">\u00a02.0 har projektgruppen<\/span><span class=\"NormalTextRun SCXW164439711 BCX0\">\u00a0och ett tiotal l\u00e4rare i olika regioner i Svenskfinland tillsam<\/span><span class=\"NormalTextRun SCXW164439711 BCX0\">mans bildat ett tutorl\u00e4rarteam som under utvecklingsarbetets g\u00e5ng tr\u00e4ffats regel<\/span><span class=\"NormalTextRun SCXW164439711 BCX0\">bundet f\u00f6r att inspirera varandra, utbyta erfarenheter, bidra med material och id\u00e9er. Tutorl\u00e4rarna har i sin tur samarbetat med lokala l\u00e4rargrupper p\u00e5 ca 3\u20135 l\u00e4rare i sin egen skola\/kommun\/n\u00e4rregion. L\u00e4rarnas bidrag under utvecklingsarbetets g\u00e5ng har dokumenterats. En del av bidragen finns med i handboken<\/span><span class=\"NormalTextRun SCXW164439711 BCX0\">\u00a0<\/span><\/span><a href=\"https:\/\/blogs2.abo.fi\/sprakresurs\/modersmalsinriktad-finska\/handboken-mofi-stigen-en-handbok-for-mofi-larare-i-1-9\/\"><em><span class=\"TextRun SCXW164439711 BCX0\" lang=\"SV-FI\" xml:lang=\"SV-FI\" data-contrast=\"none\"><span class=\"NormalTextRun SpellingErrorV2 SCXW164439711 BCX0\">Mofi<\/span><span class=\"NormalTextRun SCXW164439711 BCX0\">-stigen<\/span><\/span><\/em><\/a><span class=\"TextRun SCXW164439711 BCX0\" lang=\"SV-FI\" xml:lang=\"SV-FI\" data-contrast=\"none\"><span class=\"NormalTextRun SCXW164439711 BCX0\">, medan andra bidrag har samlats\u00a0<\/span><span class=\"NormalTextRun SCXW164439711 BCX0\">h\u00e4r i den<\/span><span class=\"NormalTextRun SCXW164439711 BCX0\">\u00a0digital<\/span><span class=\"NormalTextRun SCXW164439711 BCX0\">a<\/span><span class=\"NormalTextRun SCXW164439711 BCX0\">\u00a0materialbank<\/span><span class=\"NormalTextRun SCXW164439711 BCX0\">en<\/span><span class=\"NormalTextRun SCXW164439711 BCX0\">,\u00a0<\/span><span class=\"NormalTextRun SpellingErrorV2 SCXW164439711 BCX0\">Mofi<\/span><span class=\"NormalTextRun SCXW164439711 BCX0\">-banken<\/span><span class=\"NormalTextRun SCXW164439711 BCX0\">.<\/span><\/span><\/p>\n<p>Kompetensutvecklingssatsningen Mofi-n\u00e4tverkets \u00e4mnes\u00f6verskridande undervisningssekvenser med material finns \u00e4ven i Mofi-banken.<\/p>\n","protected":false},"excerpt":{"rendered":"<p>Inom projektet\u00a0Mofi\u00a02.0 har projektgruppen\u00a0och ett tiotal l\u00e4rare i olika regioner i Svenskfinland tillsammans bildat ett tutorl\u00e4rarteam som under utvecklingsarbetets g\u00e5ng tr\u00e4ffats regelbundet f\u00f6r att inspirera varandra, utbyta erfarenheter, bidra med material och id\u00e9er. Tutorl\u00e4rarna har i sin tur samarbetat med lokala l\u00e4rargrupper p\u00e5 ca 3\u20135 l\u00e4rare i sin egen skola\/kommun\/n\u00e4rregion. L\u00e4rarnas bidrag under utvecklingsarbetets g\u00e5ng &hellip; <a href=\"https:\/\/blogs2.abo.fi\/sprakresurs\/modersmalsinriktad-undervisning\/mofi-banken\/\" class=\"more-link\">Forts\u00e4tt l\u00e4sa <span class=\"screen-reader-text\">Mofi-banken<\/span><\/a><\/p>\n","protected":false},"author":409,"featured_media":0,"parent":31,"menu_order":2,"comment_status":"closed","ping_status":"closed","template":"","meta":{"footnotes":""},"class_list":["post-522","page","type-page","status-publish","hentry"],"_links":{"self":[{"href":"https:\/\/blogs2.abo.fi\/sprakresurs\/wp-json\/wp\/v2\/pages\/522","targetHints":{"allow":["GET"]}}],"collection":[{"href":"https:\/\/blogs2.abo.fi\/sprakresurs\/wp-json\/wp\/v2\/pages"}],"about":[{"href":"https:\/\/blogs2.abo.fi\/sprakresurs\/wp-json\/wp\/v2\/types\/page"}],"author":[{"embeddable":true,"href":"https:\/\/blogs2.abo.fi\/sprakresurs\/wp-json\/wp\/v2\/users\/409"}],"replies":[{"embeddable":true,"href":"https:\/\/blogs2.abo.fi\/sprakresurs\/wp-json\/wp\/v2\/comments?post=522"}],"version-history":[{"count":6,"href":"https:\/\/blogs2.abo.fi\/sprakresurs\/wp-json\/wp\/v2\/pages\/522\/revisions"}],"predecessor-version":[{"id":844,"href":"https:\/\/blogs2.abo.fi\/sprakresurs\/wp-json\/wp\/v2\/pages\/522\/revisions\/844"}],"up":[{"embeddable":true,"href":"https:\/\/blogs2.abo.fi\/sprakresurs\/wp-json\/wp\/v2\/pages\/31"}],"wp:attachment":[{"href":"https:\/\/blogs2.abo.fi\/sprakresurs\/wp-json\/wp\/v2\/media?parent=522"}],"curies":[{"name":"wp","href":"https:\/\/api.w.org\/{rel}","templated":true}]}}